{"id":947,"date":"2023-02-04T12:43:28","date_gmt":"2023-02-04T15:43:28","guid":{"rendered":"https:\/\/fatordental.com.br\/?post_type=product&#038;p=947"},"modified":"2023-02-04T12:43:28","modified_gmt":"2023-02-04T15:43:28","slug":"oxido-de-zinco-biodinamica","status":"publish","type":"product","link":"https:\/\/fatordental.com.br\/index.php\/produto\/oxido-de-zinco-biodinamica\/","title":{"rendered":"\u00d3xido de Zinco &#8211; Biodin\u00e2mica"},"content":{"rendered":"<p class=\"value\"><strong>Embalagem com 50g.<\/strong><\/p>\n<p>&nbsp;<\/p>\n<ul>\n<li><strong>DETALHES<\/strong><\/li>\n<\/ul>\n<p>&#8211; Conta com \u00f3timo vedamento marginal.<br \/>\n&#8211; Confeccionado com mat\u00e9ria-prima de qualidade para maior teor de pureza.<br \/>\n&#8211; Apresenta efeito isolante.<br \/>\n&#8211; Efeito an\u00f3dino e contra\u00e7\u00e3o m\u00ednima.<br \/>\n&#8211; pH praticamente neutro.<br \/>\n&#8211; Produto de uso exclusivo por Cirurgi\u00f5es Dentistas.<br \/>\n&#8211; Composi\u00e7\u00e3o: \u00d3xido de Zinco (99 a 100,5%).<br \/>\n&#8211; P\u00f3 que deve ser misturado ao <strong><a href=\"https:\/\/www.dentalcremer.com.br\/eugenol-biodinamica-214734.html\" target=\"_blank\" rel=\"noopener\">Eugenol<\/a>\u00a0<\/strong>(vendido separadamente), utilizado principalmente como restaurador tempor\u00e1rio e forramento.<br \/>\n&#8211; Contraindicado para pessoas com relatada sensibilidade ao produto.<br \/>\n&#8211; Certifica\u00e7\u00e3o: ISO 9001\/2000, ISO 13485\/2003, CE 0120.<br \/>\n&#8211; Registro ANVISA: 10298550062.<\/p>\n<p>&nbsp;<\/p>\n<ul>\n<li><strong>APLICA\u00c7\u00c3O<\/strong><\/li>\n<\/ul>\n<p>O\u00a0<strong>\u00d3xido de Zinco<\/strong>\u00a0\u00e9 um restaurador tempor\u00e1rio da\u00a0<a href=\"https:\/\/www.dentalcremer.com.br\/super-loja\/biodinamica.html\" target=\"_blank\" rel=\"noopener\"><strong>Biodin\u00e2mica<\/strong>\u00a0<\/a>fabricado com mat\u00e9ria-prima de alta qualidade para proporcionar aos profissionais um material com amplo teor de pureza. Entre suas indica\u00e7\u00f5es de uso, est\u00e3o:<\/p>\n<p>* Agente de restaura\u00e7\u00e3o provis\u00f3ria.<br \/>\n* Agente de forramento de cavidade.<br \/>\n* Agente para cimenta\u00e7\u00e3o provis\u00f3ria ou permanente.<br \/>\n* Agente para obtura\u00e7\u00e3o de canais radiculares ou como cimento cir\u00fargico.<\/p>\n<h2><strong>Quais as vantagens em utilizar o \u00d3xido de Zinco da Biodin\u00e2mica?<\/strong><\/h2>\n<p>O material apresenta um bom vedamento marginal e \u00f3tima adapta\u00e7\u00e3o ap\u00f3s inser\u00e7\u00e3o na cavidade, fatores que oferecem aos Cirurgi\u00f5es Dentistas um bom manuseio.<\/p>\n<h2><strong>Quais as orienta\u00e7\u00f5es de uso do \u00d3xido de Zinco da Biodin\u00e2mica?<\/strong><\/h2>\n<p>* Para restaura\u00e7\u00f5es tempor\u00e1rias, a mistura deve ser realizada para obten\u00e7\u00e3o de uma pasta consistente que n\u00e3o fique aderida \u00e0 placa ou \u00e0 esp\u00e1tula.<br \/>\n* Para cavidades profundas com efeito an\u00f3dino, a pasta deve ser cremosa, possibilitando o contato do Eugenol com a dentina.<br \/>\nSobre esta pasta deve-se colocar uma nova camada mais consistente.<br \/>\n* Para cimenta\u00e7\u00e3o e obtura\u00e7\u00e3o de canais radiculares a mistura deve conter uma pasta mais cremosa.<br \/>\n* Para cimento cir\u00fargico a pasta deve ser bem consistente, permitindo sua manipula\u00e7\u00e3o com os dedos.<\/p>\n","protected":false},"excerpt":{"rendered":"<p>Embalagem com 50g. &nbsp; DETALHES &#8211; Conta com \u00f3timo vedamento marginal. &#8211; Confeccionado com mat\u00e9ria-prima de qualidade para maior teor de pureza. &#8211; Apresenta efeito isolante. &#8211; Efeito an\u00f3dino e [&hellip;]<\/p>\n","protected":false},"featured_media":948,"template":"","meta":[],"product_brand":[],"product_cat":[40,44],"product_tag":[],"class_list":{"0":"post-947","1":"product","2":"type-product","3":"status-publish","4":"has-post-thumbnail","6":"product_cat-cimentos","7":"product_cat-restaurador-provisorio","9":"first","10":"instock","11":"shipping-taxable","12":"product-type-simple"},"yoast_head":"<!-- This site is optimized with the Yoast SEO plugin v26.8 - https:\/\/yoast.com\/product\/yoast-seo-wordpress\/ -->\n<title>\u00d3xido de Zinco - Biodin\u00e2mica - Fator Dental<\/title>\n<meta name=\"robots\" content=\"index, follow, max-snippet:-1, max-image-preview:large, max-video-preview:-1\" \/>\n<link rel=\"canonical\" href=\"https:\/\/fatordental.com.br\/index.php\/produto\/oxido-de-zinco-biodinamica\/\" \/>\n<meta property=\"og:locale\" content=\"pt_BR\" \/>\n<meta property=\"og:type\" content=\"article\" \/>\n<meta property=\"og:title\" content=\"\u00d3xido de Zinco - Biodin\u00e2mica - Fator Dental\" \/>\n<meta property=\"og:description\" content=\"Embalagem com 50g. &nbsp; DETALHES &#8211; Conta com \u00f3timo vedamento marginal. &#8211; Confeccionado com mat\u00e9ria-prima de qualidade para maior teor de pureza. &#8211; Apresenta efeito isolante. &#8211; Efeito an\u00f3dino e [&hellip;]\" \/>\n<meta property=\"og:url\" content=\"https:\/\/fatordental.com.br\/index.php\/produto\/oxido-de-zinco-biodinamica\/\" \/>\n<meta property=\"og:site_name\" content=\"Fator Dental\" \/>\n<meta property=\"og:image\" content=\"https:\/\/fatordental.com.br\/wp-content\/uploads\/2023\/02\/oxido-de-zinco-biodinamica.jpg\" \/>\n\t<meta property=\"og:image:width\" content=\"800\" \/>\n\t<meta property=\"og:image:height\" content=\"800\" \/>\n\t<meta property=\"og:image:type\" content=\"image\/jpeg\" \/>\n<meta name=\"twitter:card\" content=\"summary_large_image\" \/>\n<meta name=\"twitter:label1\" content=\"Est. tempo de leitura\" \/>\n\t<meta name=\"twitter:data1\" content=\"2 minutos\" \/>\n<script type=\"application\/ld+json\" class=\"yoast-schema-graph\">{\"@context\":\"https:\/\/schema.org\",\"@graph\":[{\"@type\":\"WebPage\",\"@id\":\"https:\/\/fatordental.com.br\/index.php\/produto\/oxido-de-zinco-biodinamica\/\",\"url\":\"https:\/\/fatordental.com.br\/index.php\/produto\/oxido-de-zinco-biodinamica\/\",\"name\":\"\u00d3xido de Zinco - Biodin\u00e2mica - Fator Dental\",\"isPartOf\":{\"@id\":\"https:\/\/fatordental.com.br\/#website\"},\"primaryImageOfPage\":{\"@id\":\"https:\/\/fatordental.com.br\/index.php\/produto\/oxido-de-zinco-biodinamica\/#primaryimage\"},\"image\":{\"@id\":\"https:\/\/fatordental.com.br\/index.php\/produto\/oxido-de-zinco-biodinamica\/#primaryimage\"},\"thumbnailUrl\":\"https:\/\/fatordental.com.br\/wp-content\/uploads\/2023\/02\/oxido-de-zinco-biodinamica.jpg\",\"datePublished\":\"2023-02-04T15:43:28+00:00\",\"breadcrumb\":{\"@id\":\"https:\/\/fatordental.com.br\/index.php\/produto\/oxido-de-zinco-biodinamica\/#breadcrumb\"},\"inLanguage\":\"pt-BR\",\"potentialAction\":[{\"@type\":\"ReadAction\",\"target\":[\"https:\/\/fatordental.com.br\/index.php\/produto\/oxido-de-zinco-biodinamica\/\"]}]},{\"@type\":\"ImageObject\",\"inLanguage\":\"pt-BR\",\"@id\":\"https:\/\/fatordental.com.br\/index.php\/produto\/oxido-de-zinco-biodinamica\/#primaryimage\",\"url\":\"https:\/\/fatordental.com.br\/wp-content\/uploads\/2023\/02\/oxido-de-zinco-biodinamica.jpg\",\"contentUrl\":\"https:\/\/fatordental.com.br\/wp-content\/uploads\/2023\/02\/oxido-de-zinco-biodinamica.jpg\",\"width\":800,\"height\":800},{\"@type\":\"BreadcrumbList\",\"@id\":\"https:\/\/fatordental.com.br\/index.php\/produto\/oxido-de-zinco-biodinamica\/#breadcrumb\",\"itemListElement\":[{\"@type\":\"ListItem\",\"position\":1,\"name\":\"In\u00edcio\",\"item\":\"https:\/\/fatordental.com.br\/\"},{\"@type\":\"ListItem\",\"position\":2,\"name\":\"Produtos\",\"item\":\"https:\/\/fatordental.com.br\/index.php\/produtos\/\"},{\"@type\":\"ListItem\",\"position\":3,\"name\":\"\u00d3xido de Zinco &#8211; Biodin\u00e2mica\"}]},{\"@type\":\"WebSite\",\"@id\":\"https:\/\/fatordental.com.br\/#website\",\"url\":\"https:\/\/fatordental.com.br\/\",\"name\":\"Fator Dental\",\"description\":\"Produtos Ondontol\u00f3gicos\",\"publisher\":{\"@id\":\"https:\/\/fatordental.com.br\/#organization\"},\"potentialAction\":[{\"@type\":\"SearchAction\",\"target\":{\"@type\":\"EntryPoint\",\"urlTemplate\":\"https:\/\/fatordental.com.br\/?s={search_term_string}\"},\"query-input\":{\"@type\":\"PropertyValueSpecification\",\"valueRequired\":true,\"valueName\":\"search_term_string\"}}],\"inLanguage\":\"pt-BR\"},{\"@type\":\"Organization\",\"@id\":\"https:\/\/fatordental.com.br\/#organization\",\"name\":\"Fator Dental\",\"url\":\"https:\/\/fatordental.com.br\/\",\"logo\":{\"@type\":\"ImageObject\",\"inLanguage\":\"pt-BR\",\"@id\":\"https:\/\/fatordental.com.br\/#\/schema\/logo\/image\/\",\"url\":\"https:\/\/fatordental.com.br\/wp-content\/uploads\/2023\/02\/logo_fator.png\",\"contentUrl\":\"https:\/\/fatordental.com.br\/wp-content\/uploads\/2023\/02\/logo_fator.png\",\"width\":400,\"height\":256,\"caption\":\"Fator Dental\"},\"image\":{\"@id\":\"https:\/\/fatordental.com.br\/#\/schema\/logo\/image\/\"},\"sameAs\":[\"https:\/\/www.instagram.com\/fatordental\/\"]}]}<\/script>\n<!-- \/ Yoast SEO plugin. -->","yoast_head_json":{"title":"\u00d3xido de Zinco - Biodin\u00e2mica - Fator Dental","robots":{"index":"index","follow":"follow","max-snippet":"max-snippet:-1","max-image-preview":"max-image-preview:large","max-video-preview":"max-video-preview:-1"},"canonical":"https:\/\/fatordental.com.br\/index.php\/produto\/oxido-de-zinco-biodinamica\/","og_locale":"pt_BR","og_type":"article","og_title":"\u00d3xido de Zinco - Biodin\u00e2mica - Fator Dental","og_description":"Embalagem com 50g. &nbsp; DETALHES &#8211; Conta com \u00f3timo vedamento marginal. &#8211; Confeccionado com mat\u00e9ria-prima de qualidade para maior teor de pureza. &#8211; Apresenta efeito isolante. &#8211; Efeito an\u00f3dino e [&hellip;]","og_url":"https:\/\/fatordental.com.br\/index.php\/produto\/oxido-de-zinco-biodinamica\/","og_site_name":"Fator Dental","og_image":[{"width":800,"height":800,"url":"https:\/\/fatordental.com.br\/wp-content\/uploads\/2023\/02\/oxido-de-zinco-biodinamica.jpg","type":"image\/jpeg"}],"twitter_card":"summary_large_image","twitter_misc":{"Est. tempo de leitura":"2 minutos"},"schema":{"@context":"https:\/\/schema.org","@graph":[{"@type":"WebPage","@id":"https:\/\/fatordental.com.br\/index.php\/produto\/oxido-de-zinco-biodinamica\/","url":"https:\/\/fatordental.com.br\/index.php\/produto\/oxido-de-zinco-biodinamica\/","name":"\u00d3xido de Zinco - Biodin\u00e2mica - Fator Dental","isPartOf":{"@id":"https:\/\/fatordental.com.br\/#website"},"primaryImageOfPage":{"@id":"https:\/\/fatordental.com.br\/index.php\/produto\/oxido-de-zinco-biodinamica\/#primaryimage"},"image":{"@id":"https:\/\/fatordental.com.br\/index.php\/produto\/oxido-de-zinco-biodinamica\/#primaryimage"},"thumbnailUrl":"https:\/\/fatordental.com.br\/wp-content\/uploads\/2023\/02\/oxido-de-zinco-biodinamica.jpg","datePublished":"2023-02-04T15:43:28+00:00","breadcrumb":{"@id":"https:\/\/fatordental.com.br\/index.php\/produto\/oxido-de-zinco-biodinamica\/#breadcrumb"},"inLanguage":"pt-BR","potentialAction":[{"@type":"ReadAction","target":["https:\/\/fatordental.com.br\/index.php\/produto\/oxido-de-zinco-biodinamica\/"]}]},{"@type":"ImageObject","inLanguage":"pt-BR","@id":"https:\/\/fatordental.com.br\/index.php\/produto\/oxido-de-zinco-biodinamica\/#primaryimage","url":"https:\/\/fatordental.com.br\/wp-content\/uploads\/2023\/02\/oxido-de-zinco-biodinamica.jpg","contentUrl":"https:\/\/fatordental.com.br\/wp-content\/uploads\/2023\/02\/oxido-de-zinco-biodinamica.jpg","width":800,"height":800},{"@type":"BreadcrumbList","@id":"https:\/\/fatordental.com.br\/index.php\/produto\/oxido-de-zinco-biodinamica\/#breadcrumb","itemListElement":[{"@type":"ListItem","position":1,"name":"In\u00edcio","item":"https:\/\/fatordental.com.br\/"},{"@type":"ListItem","position":2,"name":"Produtos","item":"https:\/\/fatordental.com.br\/index.php\/produtos\/"},{"@type":"ListItem","position":3,"name":"\u00d3xido de Zinco &#8211; Biodin\u00e2mica"}]},{"@type":"WebSite","@id":"https:\/\/fatordental.com.br\/#website","url":"https:\/\/fatordental.com.br\/","name":"Fator Dental","description":"Produtos Ondontol\u00f3gicos","publisher":{"@id":"https:\/\/fatordental.com.br\/#organization"},"potentialAction":[{"@type":"SearchAction","target":{"@type":"EntryPoint","urlTemplate":"https:\/\/fatordental.com.br\/?s={search_term_string}"},"query-input":{"@type":"PropertyValueSpecification","valueRequired":true,"valueName":"search_term_string"}}],"inLanguage":"pt-BR"},{"@type":"Organization","@id":"https:\/\/fatordental.com.br\/#organization","name":"Fator Dental","url":"https:\/\/fatordental.com.br\/","logo":{"@type":"ImageObject","inLanguage":"pt-BR","@id":"https:\/\/fatordental.com.br\/#\/schema\/logo\/image\/","url":"https:\/\/fatordental.com.br\/wp-content\/uploads\/2023\/02\/logo_fator.png","contentUrl":"https:\/\/fatordental.com.br\/wp-content\/uploads\/2023\/02\/logo_fator.png","width":400,"height":256,"caption":"Fator Dental"},"image":{"@id":"https:\/\/fatordental.com.br\/#\/schema\/logo\/image\/"},"sameAs":["https:\/\/www.instagram.com\/fatordental\/"]}]}},"_links":{"self":[{"href":"https:\/\/fatordental.com.br\/index.php\/wp-json\/wp\/v2\/product\/947","targetHints":{"allow":["GET"]}}],"collection":[{"href":"https:\/\/fatordental.com.br\/index.php\/wp-json\/wp\/v2\/product"}],"about":[{"href":"https:\/\/fatordental.com.br\/index.php\/wp-json\/wp\/v2\/types\/product"}],"wp:featuredmedia":[{"embeddable":true,"href":"https:\/\/fatordental.com.br\/index.php\/wp-json\/wp\/v2\/media\/948"}],"wp:attachment":[{"href":"https:\/\/fatordental.com.br\/index.php\/wp-json\/wp\/v2\/media?parent=947"}],"wp:term":[{"taxonomy":"product_brand","embeddable":true,"href":"https:\/\/fatordental.com.br\/index.php\/wp-json\/wp\/v2\/product_brand?post=947"},{"taxonomy":"product_cat","embeddable":true,"href":"https:\/\/fatordental.com.br\/index.php\/wp-json\/wp\/v2\/product_cat?post=947"},{"taxonomy":"product_tag","embeddable":true,"href":"https:\/\/fatordental.com.br\/index.php\/wp-json\/wp\/v2\/product_tag?post=947"}],"curies":[{"name":"wp","href":"https:\/\/api.w.org\/{rel}","templated":true}]}}