{"id":886,"date":"2023-01-22T17:32:23","date_gmt":"2023-01-22T20:32:23","guid":{"rendered":"https:\/\/fatordental.com.br\/?post_type=product&#038;p=886"},"modified":"2023-01-22T17:32:23","modified_gmt":"2023-01-22T20:32:23","slug":"silicone-de-condensacao-perfil-vigodent","status":"publish","type":"product","link":"https:\/\/fatordental.com.br\/index.php\/produto\/silicone-de-condensacao-perfil-vigodent\/","title":{"rendered":"Silicone de Condensa\u00e7\u00e3o Perfil &#8211; Vigodent"},"content":{"rendered":"<p class=\"value\"><strong>Kit com 1 pote de Perfil Denso com 1Kg + 1 bisnaga de Base de Perfil Fluido com 120g + 1 bisnaga de Catalisador Perfil Cub com 50g.<\/strong><\/p>\n<p>&nbsp;<\/p>\n<ul>\n<li><strong>DETALHES<\/strong><\/li>\n<\/ul>\n<p>&#8211; Conta com sabor\/aroma de menta.<br \/>\n&#8211; Facilitado manuseio.<br \/>\n&#8211; Pensado para proporcionar maior conforto ao paciente, pois conta com aroma agrad\u00e1vel e provoca pouca saliva\u00e7\u00e3o.<br \/>\n&#8211; Alta recupera\u00e7\u00e3o el\u00e1stica.<br \/>\n&#8211; Baixa deformidade.<br \/>\n&#8211; Armazenar em local seco e protegido da luz e do calor.<br \/>\n&#8211; Ap\u00f3s o uso, manter a embalagem fechada.<br \/>\n&#8211; Composi\u00e7\u00e3o:<br \/>\n* Perfil denso: Polidimetilsiloxano, \u00d3leo mineral, carga Inorg\u00e2nica e Aroma.<br \/>\n* Perfil fluido: Polidimetilsiloxano, Carga Inorg\u00e2nica, Pigmento e Aroma.<br \/>\n* Perfil Cub: Endurecedor para Silicone de Condensa\u00e7\u00e3o, Bis dioctilestanano, Vaselina, Di\u00f3xido de Sil\u00edcio e Pigmento.<br \/>\n&#8211; Registro ANVISA: 10068870120.<\/p>\n<p>&nbsp;<\/p>\n<ul>\n<li><strong>APLICA\u00c7\u00c3O<\/strong><\/li>\n<\/ul>\n<p>O\u00a0<strong>Silicone de Condensa\u00e7\u00e3o Perfil<\/strong>\u00a0da\u00a0<strong>Vigodent<\/strong>\u00a0\u00e9 um material de impress\u00e3o odontol\u00f3gico com aroma de menta, indicado para t\u00e9cnicas de dupla moldagem, t\u00e9cnica de moldagem simult\u00e2nea, t\u00e9cnica com anel de cobre, impress\u00f5es para modelos de estudo, modelos de Ortodontia, matrizes, isolamento protetor dos dentes durante a colora\u00e7\u00e3o da pr\u00f3tese em mufla.<\/p>\n<p>De f\u00e1cil manuseio, o\u00a0<strong>Perfil<\/strong>\u00a0conta com alta recupera\u00e7\u00e3o el\u00e1stica e baixa deformidade, al\u00e9m de proporcionar maior conforto ao paciente por provocar pouca saliva\u00e7\u00e3o.<\/p>\n","protected":false},"excerpt":{"rendered":"<p>Kit com 1 pote de Perfil Denso com 1Kg + 1 bisnaga de Base de Perfil Fluido com 120g + 1 bisnaga de Catalisador Perfil Cub com 50g. &nbsp; DETALHES [&hellip;]<\/p>\n","protected":false},"featured_media":887,"template":"","meta":[],"product_brand":[],"product_cat":[31,98],"product_tag":[],"class_list":{"0":"post-886","1":"product","2":"type-product","3":"status-publish","4":"has-post-thumbnail","6":"product_cat-moldagem-e-modelo","7":"product_cat-silicone-de-condensacao","9":"first","10":"instock","11":"shipping-taxable","12":"product-type-simple"},"yoast_head":"<!-- This site is optimized with the Yoast SEO plugin v26.8 - https:\/\/yoast.com\/product\/yoast-seo-wordpress\/ -->\n<title>Silicone de Condensa\u00e7\u00e3o Perfil - Vigodent - Fator Dental<\/title>\n<meta name=\"robots\" content=\"index, follow, max-snippet:-1, max-image-preview:large, max-video-preview:-1\" \/>\n<link rel=\"canonical\" href=\"https:\/\/fatordental.com.br\/index.php\/produto\/silicone-de-condensacao-perfil-vigodent\/\" \/>\n<meta property=\"og:locale\" content=\"pt_BR\" \/>\n<meta property=\"og:type\" content=\"article\" \/>\n<meta property=\"og:title\" content=\"Silicone de Condensa\u00e7\u00e3o Perfil - Vigodent - Fator Dental\" \/>\n<meta property=\"og:description\" content=\"Kit com 1 pote de Perfil Denso com 1Kg + 1 bisnaga de Base de Perfil Fluido com 120g + 1 bisnaga de Catalisador Perfil Cub com 50g. &nbsp; DETALHES [&hellip;]\" \/>\n<meta property=\"og:url\" content=\"https:\/\/fatordental.com.br\/index.php\/produto\/silicone-de-condensacao-perfil-vigodent\/\" \/>\n<meta property=\"og:site_name\" content=\"Fator Dental\" \/>\n<meta property=\"og:image\" content=\"https:\/\/fatordental.com.br\/wp-content\/uploads\/2023\/01\/silicone-de-condensac-o-perfil-coltene.jpg\" \/>\n\t<meta property=\"og:image:width\" content=\"800\" \/>\n\t<meta property=\"og:image:height\" content=\"800\" \/>\n\t<meta property=\"og:image:type\" content=\"image\/jpeg\" \/>\n<meta name=\"twitter:card\" content=\"summary_large_image\" \/>\n<meta name=\"twitter:label1\" content=\"Est. tempo de leitura\" \/>\n\t<meta name=\"twitter:data1\" content=\"2 minutos\" \/>\n<script type=\"application\/ld+json\" class=\"yoast-schema-graph\">{\"@context\":\"https:\/\/schema.org\",\"@graph\":[{\"@type\":\"WebPage\",\"@id\":\"https:\/\/fatordental.com.br\/index.php\/produto\/silicone-de-condensacao-perfil-vigodent\/\",\"url\":\"https:\/\/fatordental.com.br\/index.php\/produto\/silicone-de-condensacao-perfil-vigodent\/\",\"name\":\"Silicone de Condensa\u00e7\u00e3o Perfil - Vigodent - Fator Dental\",\"isPartOf\":{\"@id\":\"https:\/\/fatordental.com.br\/#website\"},\"primaryImageOfPage\":{\"@id\":\"https:\/\/fatordental.com.br\/index.php\/produto\/silicone-de-condensacao-perfil-vigodent\/#primaryimage\"},\"image\":{\"@id\":\"https:\/\/fatordental.com.br\/index.php\/produto\/silicone-de-condensacao-perfil-vigodent\/#primaryimage\"},\"thumbnailUrl\":\"https:\/\/fatordental.com.br\/wp-content\/uploads\/2023\/01\/silicone-de-condensac-o-perfil-coltene.jpg\",\"datePublished\":\"2023-01-22T20:32:23+00:00\",\"breadcrumb\":{\"@id\":\"https:\/\/fatordental.com.br\/index.php\/produto\/silicone-de-condensacao-perfil-vigodent\/#breadcrumb\"},\"inLanguage\":\"pt-BR\",\"potentialAction\":[{\"@type\":\"ReadAction\",\"target\":[\"https:\/\/fatordental.com.br\/index.php\/produto\/silicone-de-condensacao-perfil-vigodent\/\"]}]},{\"@type\":\"ImageObject\",\"inLanguage\":\"pt-BR\",\"@id\":\"https:\/\/fatordental.com.br\/index.php\/produto\/silicone-de-condensacao-perfil-vigodent\/#primaryimage\",\"url\":\"https:\/\/fatordental.com.br\/wp-content\/uploads\/2023\/01\/silicone-de-condensac-o-perfil-coltene.jpg\",\"contentUrl\":\"https:\/\/fatordental.com.br\/wp-content\/uploads\/2023\/01\/silicone-de-condensac-o-perfil-coltene.jpg\",\"width\":800,\"height\":800},{\"@type\":\"BreadcrumbList\",\"@id\":\"https:\/\/fatordental.com.br\/index.php\/produto\/silicone-de-condensacao-perfil-vigodent\/#breadcrumb\",\"itemListElement\":[{\"@type\":\"ListItem\",\"position\":1,\"name\":\"In\u00edcio\",\"item\":\"https:\/\/fatordental.com.br\/\"},{\"@type\":\"ListItem\",\"position\":2,\"name\":\"Produtos\",\"item\":\"https:\/\/fatordental.com.br\/index.php\/produtos\/\"},{\"@type\":\"ListItem\",\"position\":3,\"name\":\"Silicone de Condensa\u00e7\u00e3o Perfil &#8211; Vigodent\"}]},{\"@type\":\"WebSite\",\"@id\":\"https:\/\/fatordental.com.br\/#website\",\"url\":\"https:\/\/fatordental.com.br\/\",\"name\":\"Fator Dental\",\"description\":\"Produtos Ondontol\u00f3gicos\",\"publisher\":{\"@id\":\"https:\/\/fatordental.com.br\/#organization\"},\"potentialAction\":[{\"@type\":\"SearchAction\",\"target\":{\"@type\":\"EntryPoint\",\"urlTemplate\":\"https:\/\/fatordental.com.br\/?s={search_term_string}\"},\"query-input\":{\"@type\":\"PropertyValueSpecification\",\"valueRequired\":true,\"valueName\":\"search_term_string\"}}],\"inLanguage\":\"pt-BR\"},{\"@type\":\"Organization\",\"@id\":\"https:\/\/fatordental.com.br\/#organization\",\"name\":\"Fator Dental\",\"url\":\"https:\/\/fatordental.com.br\/\",\"logo\":{\"@type\":\"ImageObject\",\"inLanguage\":\"pt-BR\",\"@id\":\"https:\/\/fatordental.com.br\/#\/schema\/logo\/image\/\",\"url\":\"https:\/\/fatordental.com.br\/wp-content\/uploads\/2023\/02\/logo_fator.png\",\"contentUrl\":\"https:\/\/fatordental.com.br\/wp-content\/uploads\/2023\/02\/logo_fator.png\",\"width\":400,\"height\":256,\"caption\":\"Fator Dental\"},\"image\":{\"@id\":\"https:\/\/fatordental.com.br\/#\/schema\/logo\/image\/\"},\"sameAs\":[\"https:\/\/www.instagram.com\/fatordental\/\"]}]}<\/script>\n<!-- \/ Yoast SEO plugin. -->","yoast_head_json":{"title":"Silicone de Condensa\u00e7\u00e3o Perfil - Vigodent - Fator Dental","robots":{"index":"index","follow":"follow","max-snippet":"max-snippet:-1","max-image-preview":"max-image-preview:large","max-video-preview":"max-video-preview:-1"},"canonical":"https:\/\/fatordental.com.br\/index.php\/produto\/silicone-de-condensacao-perfil-vigodent\/","og_locale":"pt_BR","og_type":"article","og_title":"Silicone de Condensa\u00e7\u00e3o Perfil - Vigodent - Fator Dental","og_description":"Kit com 1 pote de Perfil Denso com 1Kg + 1 bisnaga de Base de Perfil Fluido com 120g + 1 bisnaga de Catalisador Perfil Cub com 50g. &nbsp; DETALHES [&hellip;]","og_url":"https:\/\/fatordental.com.br\/index.php\/produto\/silicone-de-condensacao-perfil-vigodent\/","og_site_name":"Fator Dental","og_image":[{"width":800,"height":800,"url":"https:\/\/fatordental.com.br\/wp-content\/uploads\/2023\/01\/silicone-de-condensac-o-perfil-coltene.jpg","type":"image\/jpeg"}],"twitter_card":"summary_large_image","twitter_misc":{"Est. tempo de leitura":"2 minutos"},"schema":{"@context":"https:\/\/schema.org","@graph":[{"@type":"WebPage","@id":"https:\/\/fatordental.com.br\/index.php\/produto\/silicone-de-condensacao-perfil-vigodent\/","url":"https:\/\/fatordental.com.br\/index.php\/produto\/silicone-de-condensacao-perfil-vigodent\/","name":"Silicone de Condensa\u00e7\u00e3o Perfil - Vigodent - Fator Dental","isPartOf":{"@id":"https:\/\/fatordental.com.br\/#website"},"primaryImageOfPage":{"@id":"https:\/\/fatordental.com.br\/index.php\/produto\/silicone-de-condensacao-perfil-vigodent\/#primaryimage"},"image":{"@id":"https:\/\/fatordental.com.br\/index.php\/produto\/silicone-de-condensacao-perfil-vigodent\/#primaryimage"},"thumbnailUrl":"https:\/\/fatordental.com.br\/wp-content\/uploads\/2023\/01\/silicone-de-condensac-o-perfil-coltene.jpg","datePublished":"2023-01-22T20:32:23+00:00","breadcrumb":{"@id":"https:\/\/fatordental.com.br\/index.php\/produto\/silicone-de-condensacao-perfil-vigodent\/#breadcrumb"},"inLanguage":"pt-BR","potentialAction":[{"@type":"ReadAction","target":["https:\/\/fatordental.com.br\/index.php\/produto\/silicone-de-condensacao-perfil-vigodent\/"]}]},{"@type":"ImageObject","inLanguage":"pt-BR","@id":"https:\/\/fatordental.com.br\/index.php\/produto\/silicone-de-condensacao-perfil-vigodent\/#primaryimage","url":"https:\/\/fatordental.com.br\/wp-content\/uploads\/2023\/01\/silicone-de-condensac-o-perfil-coltene.jpg","contentUrl":"https:\/\/fatordental.com.br\/wp-content\/uploads\/2023\/01\/silicone-de-condensac-o-perfil-coltene.jpg","width":800,"height":800},{"@type":"BreadcrumbList","@id":"https:\/\/fatordental.com.br\/index.php\/produto\/silicone-de-condensacao-perfil-vigodent\/#breadcrumb","itemListElement":[{"@type":"ListItem","position":1,"name":"In\u00edcio","item":"https:\/\/fatordental.com.br\/"},{"@type":"ListItem","position":2,"name":"Produtos","item":"https:\/\/fatordental.com.br\/index.php\/produtos\/"},{"@type":"ListItem","position":3,"name":"Silicone de Condensa\u00e7\u00e3o Perfil &#8211; Vigodent"}]},{"@type":"WebSite","@id":"https:\/\/fatordental.com.br\/#website","url":"https:\/\/fatordental.com.br\/","name":"Fator Dental","description":"Produtos Ondontol\u00f3gicos","publisher":{"@id":"https:\/\/fatordental.com.br\/#organization"},"potentialAction":[{"@type":"SearchAction","target":{"@type":"EntryPoint","urlTemplate":"https:\/\/fatordental.com.br\/?s={search_term_string}"},"query-input":{"@type":"PropertyValueSpecification","valueRequired":true,"valueName":"search_term_string"}}],"inLanguage":"pt-BR"},{"@type":"Organization","@id":"https:\/\/fatordental.com.br\/#organization","name":"Fator Dental","url":"https:\/\/fatordental.com.br\/","logo":{"@type":"ImageObject","inLanguage":"pt-BR","@id":"https:\/\/fatordental.com.br\/#\/schema\/logo\/image\/","url":"https:\/\/fatordental.com.br\/wp-content\/uploads\/2023\/02\/logo_fator.png","contentUrl":"https:\/\/fatordental.com.br\/wp-content\/uploads\/2023\/02\/logo_fator.png","width":400,"height":256,"caption":"Fator Dental"},"image":{"@id":"https:\/\/fatordental.com.br\/#\/schema\/logo\/image\/"},"sameAs":["https:\/\/www.instagram.com\/fatordental\/"]}]}},"_links":{"self":[{"href":"https:\/\/fatordental.com.br\/index.php\/wp-json\/wp\/v2\/product\/886","targetHints":{"allow":["GET"]}}],"collection":[{"href":"https:\/\/fatordental.com.br\/index.php\/wp-json\/wp\/v2\/product"}],"about":[{"href":"https:\/\/fatordental.com.br\/index.php\/wp-json\/wp\/v2\/types\/product"}],"wp:featuredmedia":[{"embeddable":true,"href":"https:\/\/fatordental.com.br\/index.php\/wp-json\/wp\/v2\/media\/887"}],"wp:attachment":[{"href":"https:\/\/fatordental.com.br\/index.php\/wp-json\/wp\/v2\/media?parent=886"}],"wp:term":[{"taxonomy":"product_brand","embeddable":true,"href":"https:\/\/fatordental.com.br\/index.php\/wp-json\/wp\/v2\/product_brand?post=886"},{"taxonomy":"product_cat","embeddable":true,"href":"https:\/\/fatordental.com.br\/index.php\/wp-json\/wp\/v2\/product_cat?post=886"},{"taxonomy":"product_tag","embeddable":true,"href":"https:\/\/fatordental.com.br\/index.php\/wp-json\/wp\/v2\/product_tag?post=886"}],"curies":[{"name":"wp","href":"https:\/\/api.w.org\/{rel}","templated":true}]}}