{"id":820,"date":"2023-01-07T16:57:16","date_gmt":"2023-01-07T19:57:16","guid":{"rendered":"https:\/\/fatordental.com.br\/?post_type=product&#038;p=820"},"modified":"2023-01-07T16:57:17","modified_gmt":"2023-01-07T19:57:17","slug":"esponja-hemostatica-hemospon-maquira","status":"publish","type":"product","link":"https:\/\/fatordental.com.br\/index.php\/produto\/esponja-hemostatica-hemospon-maquira\/","title":{"rendered":"Esponja Hemost\u00e1tica Hemospon &#8211; Maquira"},"content":{"rendered":"<p class=\"value\"><strong>Embalagem com 10 unidades.<\/strong><\/p>\n<p>&nbsp;<\/p>\n<ul>\n<li><strong>DETALHES<\/strong><\/li>\n<\/ul>\n<p><span class=\"TextRun BCX0 SCXW119557900\" lang=\"PT-BR\" xml:lang=\"PT-BR\" data-contrast=\"auto\"><span class=\"NormalTextRun BCX0 SCXW119557900\" data-ccp-charstyle=\"eop\" data-ccp-charstyle-defn=\"{&quot;ObjectId&quot;:&quot;68c42423-e0dc-4e9d-85b6-033af283fb38|25&quot;,&quot;ClassId&quot;:1073872969,&quot;Properties&quot;:[469775450,&quot;eop&quot;,201340122,&quot;1&quot;,134233614,&quot;true&quot;,469778129,&quot;eop&quot;,335572020,&quot;1&quot;,469778324,&quot;Default Paragraph Font&quot;]}\">&#8211; <\/span><span class=\"NormalTextRun BCX0 SCXW119557900\" data-ccp-charstyle=\"eop\">Produzida com 100% de col\u00e1geno porcino liofilizado<\/span><span class=\"NormalTextRun BCX0 SCXW119557900\" data-ccp-charstyle=\"eop\">.<\/span><\/span><span class=\"LineBreakBlob BlobObject DragDrop BCX0 SCXW119557900\"><span class=\"BCX0 SCXW119557900\">\u00a0<\/span><br class=\"BCX0 SCXW119557900\" \/><\/span><span class=\"TextRun BCX0 SCXW119557900\" lang=\"PT-BR\" xml:lang=\"PT-BR\" data-contrast=\"auto\"><span class=\"NormalTextRun BCX0 SCXW119557900\" data-ccp-charstyle=\"eop\">&#8211; Permite boa visualiza\u00e7\u00e3o do campo cir\u00fargico ao profissional.<\/span><\/span><span class=\"LineBreakBlob BlobObject DragDrop BCX0 SCXW119557900\"><span class=\"BCX0 SCXW119557900\">\u00a0<\/span><br class=\"BCX0 SCXW119557900\" \/><\/span><span class=\"TextRun BCX0 SCXW119557900\" lang=\"PT-BR\" xml:lang=\"PT-BR\" data-contrast=\"auto\"><span class=\"NormalTextRun BCX0 SCXW119557900\" data-ccp-charstyle=\"eop\">&#8211; Conta com absor\u00e7\u00e3o de 40-50 vezes seu pr\u00f3prio peso em sangue total.<\/span><\/span><span class=\"LineBreakBlob BlobObject DragDrop BCX0 SCXW119557900\"><span class=\"BCX0 SCXW119557900\">\u00a0<\/span><br class=\"BCX0 SCXW119557900\" \/><\/span><span class=\"TextRun BCX0 SCXW119557900\" lang=\"PT-BR\" xml:lang=\"PT-BR\" data-contrast=\"auto\"><span class=\"NormalTextRun BCX0 SCXW119557900\" data-ccp-charstyle=\"eop\">&#8211; <\/span><span class=\"NormalTextRun BCX0 SCXW119557900\" data-ccp-charstyle=\"eop\">\u00c9 completamente reabsorvido pelo organismo em 15 dias<\/span><span class=\"NormalTextRun BCX0 SCXW119557900\" data-ccp-charstyle=\"eop\">.<\/span><\/span><span class=\"LineBreakBlob BlobObject DragDrop BCX0 SCXW119557900\"><span class=\"BCX0 SCXW119557900\">\u00a0<\/span><br class=\"BCX0 SCXW119557900\" \/><\/span><span class=\"TextRun BCX0 SCXW119557900\" lang=\"PT-BR\" xml:lang=\"PT-BR\" data-contrast=\"auto\"><span class=\"NormalTextRun BCX0 SCXW119557900\" data-ccp-charstyle=\"eop\">&#8211; Material at\u00f3xico e n\u00e3o <\/span><span class=\"NormalTextRun BCX0 SCXW119557900\" data-ccp-charstyle=\"eop\">pirog\u00eanico<\/span><span class=\"NormalTextRun BCX0 SCXW119557900\" data-ccp-charstyle=\"eop\">.<\/span><\/span><span class=\"LineBreakBlob BlobObject DragDrop BCX0 SCXW119557900\"><span class=\"BCX0 SCXW119557900\">\u00a0<\/span><br class=\"BCX0 SCXW119557900\" \/><\/span><span class=\"TextRun BCX0 SCXW119557900\" lang=\"PT-BR\" xml:lang=\"PT-BR\" data-contrast=\"auto\"><span class=\"NormalTextRun BCX0 SCXW119557900\" data-ccp-charstyle=\"eop\">&#8211; <\/span><span class=\"NormalTextRun BCX0 SCXW119557900\" data-ccp-charstyle=\"eop\">Esterilizada por raios gama<\/span><span class=\"NormalTextRun BCX0 SCXW119557900\" data-ccp-charstyle=\"eop\">.<\/span><\/span><span class=\"LineBreakBlob BlobObject DragDrop BCX0 SCXW119557900\"><span class=\"BCX0 SCXW119557900\">\u00a0<\/span><br class=\"BCX0 SCXW119557900\" \/><\/span><span class=\"TextRun BCX0 SCXW119557900\" lang=\"PT-BR\" xml:lang=\"PT-BR\" data-contrast=\"auto\"><span class=\"NormalTextRun BCX0 SCXW119557900\" data-ccp-charstyle=\"eop\">&#8211; Proporciona a p<\/span><span class=\"NormalTextRun BCX0 SCXW119557900\" data-ccp-charstyle=\"eop\">rote\u00e7\u00e3o do leito da ferida cir\u00fargica<\/span><span class=\"NormalTextRun BCX0 SCXW119557900\" data-ccp-charstyle=\"eop\">.<\/span><\/span><span class=\"LineBreakBlob BlobObject DragDrop BCX0 SCXW119557900\"><span class=\"BCX0 SCXW119557900\">\u00a0<\/span><br class=\"BCX0 SCXW119557900\" \/><\/span><span class=\"TextRun BCX0 SCXW119557900\" lang=\"PT-BR\" xml:lang=\"PT-BR\" data-contrast=\"auto\"><span class=\"NormalTextRun BCX0 SCXW119557900\" data-ccp-charstyle=\"eop\">&#8211; Material leve com peso aproximado de 10mg.<br \/>\n<\/span><\/span><span class=\"TextRun BCX0 SCXW119557900\" lang=\"PT-BR\" xml:lang=\"PT-BR\" data-contrast=\"auto\"><span class=\"NormalTextRun BCX0 SCXW119557900\" data-ccp-charstyle=\"eop\"><span class=\"NormalTextRun CommentStart CommentHighlightPipeRest CommentHighlightRest BCX0 SCXW119557900\" data-ccp-charstyle=\"eop\">&#8211; <\/span><span class=\"NormalTextRun CommentHighlightRest BCX0 SCXW119557900\" data-ccp-charstyle=\"eop\">Dimens\u00f5es: 1&#215;1<\/span>\u00a0<span class=\"NormalTextRun CommentHighlightRest BCX0 SCXW119557900\" data-ccp-charstyle=\"eop\">cm.<br \/>\n&#8211; Registro ANVISA: 80322400100.<\/span><\/span><\/span><\/p>\n<p>&nbsp;<\/p>\n<ul>\n<li><strong>APLICA\u00c7\u00c3O<\/strong><\/li>\n<\/ul>\n<p><span class=\"TextRun SCXW243791950 BCX0\" lang=\"PT-BR\" xml:lang=\"PT-BR\" data-contrast=\"auto\"><span class=\"NormalTextRun SCXW243791950 BCX0\" data-ccp-charstyle=\"scxw169691941\" data-ccp-charstyle-defn=\"{&quot;ObjectId&quot;:&quot;68c42423-e0dc-4e9d-85b6-033af283fb38|26&quot;,&quot;ClassId&quot;:1073872969,&quot;Properties&quot;:[469775450,&quot;scxw169691941&quot;,201340122,&quot;1&quot;,134233614,&quot;true&quot;,469778129,&quot;scxw169691941&quot;,335572020,&quot;1&quot;,469778324,&quot;Default Paragraph Font&quot;]}\">A<\/span>\u00a0<\/span><strong><span class=\"TextRun SCXW243791950 BCX0\" lang=\"PT-BR\" xml:lang=\"PT-BR\" data-contrast=\"auto\"><span class=\"NormalTextRun SCXW243791950 BCX0\" data-ccp-charstyle=\"scxw169691941\">Esponja Hemost\u00e1tica\u00a0<\/span><span class=\"NormalTextRun SpellingErrorV2 SCXW243791950 BCX0\" data-ccp-charstyle=\"scxw169691941\">Hemospon<\/span>\u00a0<\/span><\/strong><span class=\"TextRun SCXW243791950 BCX0\" lang=\"PT-BR\" xml:lang=\"PT-BR\" data-contrast=\"auto\"><span class=\"NormalTextRun SCXW243791950 BCX0\" data-ccp-charstyle=\"scxw169691941\">da\u00a0<\/span><\/span><strong><a class=\"Hyperlink SCXW243791950 BCX0\" href=\"https:\/\/www.dentalcremer.com.br\/super-loja\/maquira.html\" target=\"_blank\" rel=\"noopener noreferrer\"><span class=\"TextRun Underlined SCXW243791950 BCX0\" lang=\"PT-BR\" xml:lang=\"PT-BR\" data-contrast=\"none\"><span class=\"NormalTextRun SCXW243791950 BCX0\" data-ccp-charstyle=\"Hyperlink\">Maquira<\/span><\/span><\/a><\/strong><span class=\"TextRun SCXW243791950 BCX0\" lang=\"PT-BR\" xml:lang=\"PT-BR\" data-contrast=\"auto\">\u00a0<span class=\"NormalTextRun ContextualSpellingAndGrammarErrorV2 SCXW243791950 BCX0\" data-ccp-charstyle=\"scxw169691941\">\u00e9<\/span><span class=\"NormalTextRun SCXW243791950 BCX0\" data-ccp-charstyle=\"scxw169691941\">\u00a0uma esponja produzida com col\u00e1geno (gelatina)\u00a0<\/span><span class=\"NormalTextRun SCXW243791950 BCX0\" data-ccp-charstyle=\"scxw169691941\">porcino liofilizado<\/span><span class=\"NormalTextRun SCXW243791950 BCX0\" data-ccp-charstyle=\"scxw169691941\">, indicada para uso durante os procedimentos cir\u00fargicos odontol\u00f3gicos, como:<\/span><\/span><\/p>\n<p><span class=\"TextRun SCXW243791950 BCX0\" lang=\"PT-BR\" xml:lang=\"PT-BR\" data-contrast=\"auto\"><span class=\"NormalTextRun SCXW243791950 BCX0\" data-ccp-charstyle=\"scxw169691941\"><span class=\"TextRun SCXW132981681 BCX0\" lang=\"PT-BR\" xml:lang=\"PT-BR\" data-contrast=\"auto\"><span class=\"NormalTextRun SCXW132981681 BCX0\" data-ccp-charstyle=\"scxw169691941\" data-ccp-charstyle-defn=\"{&quot;ObjectId&quot;:&quot;68c42423-e0dc-4e9d-85b6-033af283fb38|26&quot;,&quot;ClassId&quot;:1073872969,&quot;Properties&quot;:[469775450,&quot;scxw169691941&quot;,201340122,&quot;1&quot;,134233614,&quot;true&quot;,469778129,&quot;scxw169691941&quot;,335572020,&quot;1&quot;,469778324,&quot;Default Paragraph Font&quot;]}\">* Extra\u00e7\u00e3o dental convencional;<\/span><\/span><span class=\"LineBreakBlob BlobObject DragDrop SCXW132981681 BCX0\"><br class=\"SCXW132981681 BCX0\" \/><\/span><span class=\"TextRun SCXW132981681 BCX0\" lang=\"PT-BR\" xml:lang=\"PT-BR\" data-contrast=\"auto\"><span class=\"NormalTextRun SCXW132981681 BCX0\" data-ccp-charstyle=\"scxw169691941\">* Remo\u00e7\u00e3o de dentes inclusos ou impactados;<\/span><\/span><span class=\"LineBreakBlob BlobObject DragDrop SCXW132981681 BCX0\"><br class=\"SCXW132981681 BCX0\" \/><\/span><span class=\"TextRun SCXW132981681 BCX0\" lang=\"PT-BR\" xml:lang=\"PT-BR\" data-contrast=\"auto\"><span class=\"NormalTextRun SCXW132981681 BCX0\" data-ccp-charstyle=\"scxw169691941\">*\u00a0<\/span><span class=\"NormalTextRun SCXW132981681 BCX0\" data-ccp-charstyle=\"scxw169691941\">R<\/span><span class=\"NormalTextRun SCXW132981681 BCX0\" data-ccp-charstyle=\"scxw169691941\">emo\u00e7\u00e3o de cistos e tumores;<\/span><\/span><span class=\"LineBreakBlob BlobObject DragDrop SCXW132981681 BCX0\"><br class=\"SCXW132981681 BCX0\" \/><\/span><span class=\"TextRun SCXW132981681 BCX0\" lang=\"PT-BR\" xml:lang=\"PT-BR\" data-contrast=\"auto\"><span class=\"NormalTextRun SCXW132981681 BCX0\" data-ccp-charstyle=\"scxw169691941\">* Bi\u00f3psias;<\/span><\/span><span class=\"LineBreakBlob BlobObject DragDrop SCXW132981681 BCX0\"><br class=\"SCXW132981681 BCX0\" \/><\/span><span class=\"TextRun SCXW132981681 BCX0\" lang=\"PT-BR\" xml:lang=\"PT-BR\" data-contrast=\"auto\"><span class=\"NormalTextRun SCXW132981681 BCX0\" data-ccp-charstyle=\"scxw169691941\">* O<\/span><span class=\"NormalTextRun SCXW132981681 BCX0\" data-ccp-charstyle=\"scxw169691941\">bten\u00e7\u00e3o de hemostasia local<\/span><span class=\"NormalTextRun SCXW132981681 BCX0\" data-ccp-charstyle=\"scxw169691941\">,\u00a0<\/span><span class=\"NormalTextRun SCXW132981681 BCX0\" data-ccp-charstyle=\"scxw169691941\">principalmente<\/span>\u00a0<span class=\"NormalTextRun SCXW132981681 BCX0\" data-ccp-charstyle=\"scxw169691941\">quando o controle do sangramento<\/span>\u00a0<span class=\"NormalTextRun SCXW132981681 BCX0\" data-ccp-charstyle=\"scxw169691941\">por ligadura ou procedimentos<\/span>\u00a0<span class=\"NormalTextRun SCXW132981681 BCX0\" data-ccp-charstyle=\"scxw169691941\">convencionais \u00e9\u00a0<\/span><span class=\"NormalTextRun SCXW132981681 BCX0\" data-ccp-charstyle=\"scxw169691941\">impratic\u00e1vel ou\u00a0<\/span><span class=\"NormalTextRun SCXW132981681 BCX0\" data-ccp-charstyle=\"scxw169691941\">ineficaz;<\/span><\/span><span class=\"LineBreakBlob BlobObject DragDrop SCXW132981681 BCX0\"><br class=\"SCXW132981681 BCX0\" \/><\/span><span class=\"TextRun SCXW132981681 BCX0\" lang=\"PT-BR\" xml:lang=\"PT-BR\" data-contrast=\"auto\"><span class=\"NormalTextRun SCXW132981681 BCX0\" data-ccp-charstyle=\"scxw169691941\">* Entre outros.<\/span><\/span><span class=\"EOP SCXW132981681 BCX0\" data-ccp-props=\"{&quot;134233117&quot;:true,&quot;134233118&quot;:true,&quot;201341983&quot;:0,&quot;335559740&quot;:240}\">\u00a0<\/span><\/span><\/span><\/p>\n<p><span class=\"TextRun SCXW243791950 BCX0\" lang=\"PT-BR\" xml:lang=\"PT-BR\" data-contrast=\"auto\"><span class=\"NormalTextRun SCXW243791950 BCX0\" data-ccp-charstyle=\"scxw169691941\"><span class=\"EOP SCXW132981681 BCX0\" data-ccp-props=\"{&quot;134233117&quot;:true,&quot;134233118&quot;:true,&quot;201341983&quot;:0,&quot;335559740&quot;:240}\"><span class=\"TextRun SCXW178495793 BCX0\" lang=\"PT-BR\" xml:lang=\"PT-BR\" data-contrast=\"auto\"><span class=\"NormalTextRun SCXW178495793 BCX0\" data-ccp-charstyle=\"scxw169691941\" data-ccp-charstyle-defn=\"{&quot;ObjectId&quot;:&quot;68c42423-e0dc-4e9d-85b6-033af283fb38|26&quot;,&quot;ClassId&quot;:1073872969,&quot;Properties&quot;:[469775450,&quot;scxw169691941&quot;,201340122,&quot;1&quot;,134233614,&quot;true&quot;,469778129,&quot;scxw169691941&quot;,335572020,&quot;1&quot;,469778324,&quot;Default Paragraph Font&quot;]}\">Com grande poder hemost\u00e1tico e cicatrizante, seu uso substitu\u00ed o algod\u00e3o e acelera o processo de cicatriza\u00e7\u00e3o para prevenir complica\u00e7\u00f5es p\u00f3s-operat\u00f3rias.<\/span><\/span><\/span><\/span><\/span><\/p>\n","protected":false},"excerpt":{"rendered":"<p>Embalagem com 10 unidades. &nbsp; DETALHES &#8211; Produzida com 100% de col\u00e1geno porcino liofilizado.\u00a0&#8211; Permite boa visualiza\u00e7\u00e3o do campo cir\u00fargico ao profissional.\u00a0&#8211; Conta com absor\u00e7\u00e3o de 40-50 vezes seu pr\u00f3prio [&hellip;]<\/p>\n","protected":false},"featured_media":821,"template":"","meta":[],"product_brand":[],"product_cat":[39,101],"product_tag":[],"class_list":{"0":"post-820","1":"product","2":"type-product","3":"status-publish","4":"has-post-thumbnail","6":"product_cat-cirurgia-e-periodontia","7":"product_cat-hemostatico","9":"first","10":"instock","11":"shipping-taxable","12":"product-type-simple"},"yoast_head":"<!-- This site is optimized with the Yoast SEO plugin v26.8 - https:\/\/yoast.com\/product\/yoast-seo-wordpress\/ -->\n<title>Esponja Hemost\u00e1tica Hemospon - Maquira - Fator Dental<\/title>\n<meta name=\"robots\" content=\"index, follow, max-snippet:-1, max-image-preview:large, max-video-preview:-1\" \/>\n<link rel=\"canonical\" href=\"https:\/\/fatordental.com.br\/index.php\/produto\/esponja-hemostatica-hemospon-maquira\/\" \/>\n<meta property=\"og:locale\" content=\"pt_BR\" \/>\n<meta property=\"og:type\" content=\"article\" \/>\n<meta property=\"og:title\" content=\"Esponja Hemost\u00e1tica Hemospon - Maquira - Fator Dental\" \/>\n<meta property=\"og:description\" content=\"Embalagem com 10 unidades. &nbsp; DETALHES &#8211; Produzida com 100% de col\u00e1geno porcino liofilizado.\u00a0&#8211; Permite boa visualiza\u00e7\u00e3o do campo cir\u00fargico ao profissional.\u00a0&#8211; Conta com absor\u00e7\u00e3o de 40-50 vezes seu pr\u00f3prio [&hellip;]\" \/>\n<meta property=\"og:url\" content=\"https:\/\/fatordental.com.br\/index.php\/produto\/esponja-hemostatica-hemospon-maquira\/\" \/>\n<meta property=\"og:site_name\" content=\"Fator Dental\" \/>\n<meta property=\"article:modified_time\" content=\"2023-01-07T19:57:17+00:00\" \/>\n<meta property=\"og:image\" content=\"https:\/\/fatordental.com.br\/wp-content\/uploads\/2023\/01\/esponja-hemostatica-hemospon-maquira-.jpg\" \/>\n\t<meta property=\"og:image:width\" content=\"800\" \/>\n\t<meta property=\"og:image:height\" content=\"800\" \/>\n\t<meta property=\"og:image:type\" content=\"image\/jpeg\" \/>\n<meta name=\"twitter:card\" content=\"summary_large_image\" \/>\n<meta name=\"twitter:label1\" content=\"Est. tempo de leitura\" \/>\n\t<meta name=\"twitter:data1\" content=\"1 minuto\" \/>\n<script type=\"application\/ld+json\" class=\"yoast-schema-graph\">{\"@context\":\"https:\/\/schema.org\",\"@graph\":[{\"@type\":\"WebPage\",\"@id\":\"https:\/\/fatordental.com.br\/index.php\/produto\/esponja-hemostatica-hemospon-maquira\/\",\"url\":\"https:\/\/fatordental.com.br\/index.php\/produto\/esponja-hemostatica-hemospon-maquira\/\",\"name\":\"Esponja Hemost\u00e1tica Hemospon - Maquira - Fator Dental\",\"isPartOf\":{\"@id\":\"https:\/\/fatordental.com.br\/#website\"},\"primaryImageOfPage\":{\"@id\":\"https:\/\/fatordental.com.br\/index.php\/produto\/esponja-hemostatica-hemospon-maquira\/#primaryimage\"},\"image\":{\"@id\":\"https:\/\/fatordental.com.br\/index.php\/produto\/esponja-hemostatica-hemospon-maquira\/#primaryimage\"},\"thumbnailUrl\":\"https:\/\/fatordental.com.br\/wp-content\/uploads\/2023\/01\/esponja-hemostatica-hemospon-maquira-.jpg\",\"datePublished\":\"2023-01-07T19:57:16+00:00\",\"dateModified\":\"2023-01-07T19:57:17+00:00\",\"breadcrumb\":{\"@id\":\"https:\/\/fatordental.com.br\/index.php\/produto\/esponja-hemostatica-hemospon-maquira\/#breadcrumb\"},\"inLanguage\":\"pt-BR\",\"potentialAction\":[{\"@type\":\"ReadAction\",\"target\":[\"https:\/\/fatordental.com.br\/index.php\/produto\/esponja-hemostatica-hemospon-maquira\/\"]}]},{\"@type\":\"ImageObject\",\"inLanguage\":\"pt-BR\",\"@id\":\"https:\/\/fatordental.com.br\/index.php\/produto\/esponja-hemostatica-hemospon-maquira\/#primaryimage\",\"url\":\"https:\/\/fatordental.com.br\/wp-content\/uploads\/2023\/01\/esponja-hemostatica-hemospon-maquira-.jpg\",\"contentUrl\":\"https:\/\/fatordental.com.br\/wp-content\/uploads\/2023\/01\/esponja-hemostatica-hemospon-maquira-.jpg\",\"width\":800,\"height\":800},{\"@type\":\"BreadcrumbList\",\"@id\":\"https:\/\/fatordental.com.br\/index.php\/produto\/esponja-hemostatica-hemospon-maquira\/#breadcrumb\",\"itemListElement\":[{\"@type\":\"ListItem\",\"position\":1,\"name\":\"In\u00edcio\",\"item\":\"https:\/\/fatordental.com.br\/\"},{\"@type\":\"ListItem\",\"position\":2,\"name\":\"Produtos\",\"item\":\"https:\/\/fatordental.com.br\/index.php\/produtos\/\"},{\"@type\":\"ListItem\",\"position\":3,\"name\":\"Esponja Hemost\u00e1tica Hemospon &#8211; Maquira\"}]},{\"@type\":\"WebSite\",\"@id\":\"https:\/\/fatordental.com.br\/#website\",\"url\":\"https:\/\/fatordental.com.br\/\",\"name\":\"Fator Dental\",\"description\":\"Produtos Ondontol\u00f3gicos\",\"publisher\":{\"@id\":\"https:\/\/fatordental.com.br\/#organization\"},\"potentialAction\":[{\"@type\":\"SearchAction\",\"target\":{\"@type\":\"EntryPoint\",\"urlTemplate\":\"https:\/\/fatordental.com.br\/?s={search_term_string}\"},\"query-input\":{\"@type\":\"PropertyValueSpecification\",\"valueRequired\":true,\"valueName\":\"search_term_string\"}}],\"inLanguage\":\"pt-BR\"},{\"@type\":\"Organization\",\"@id\":\"https:\/\/fatordental.com.br\/#organization\",\"name\":\"Fator Dental\",\"url\":\"https:\/\/fatordental.com.br\/\",\"logo\":{\"@type\":\"ImageObject\",\"inLanguage\":\"pt-BR\",\"@id\":\"https:\/\/fatordental.com.br\/#\/schema\/logo\/image\/\",\"url\":\"https:\/\/fatordental.com.br\/wp-content\/uploads\/2023\/02\/logo_fator.png\",\"contentUrl\":\"https:\/\/fatordental.com.br\/wp-content\/uploads\/2023\/02\/logo_fator.png\",\"width\":400,\"height\":256,\"caption\":\"Fator Dental\"},\"image\":{\"@id\":\"https:\/\/fatordental.com.br\/#\/schema\/logo\/image\/\"},\"sameAs\":[\"https:\/\/www.instagram.com\/fatordental\/\"]}]}<\/script>\n<!-- \/ Yoast SEO plugin. -->","yoast_head_json":{"title":"Esponja Hemost\u00e1tica Hemospon - Maquira - Fator Dental","robots":{"index":"index","follow":"follow","max-snippet":"max-snippet:-1","max-image-preview":"max-image-preview:large","max-video-preview":"max-video-preview:-1"},"canonical":"https:\/\/fatordental.com.br\/index.php\/produto\/esponja-hemostatica-hemospon-maquira\/","og_locale":"pt_BR","og_type":"article","og_title":"Esponja Hemost\u00e1tica Hemospon - Maquira - Fator Dental","og_description":"Embalagem com 10 unidades. &nbsp; DETALHES &#8211; Produzida com 100% de col\u00e1geno porcino liofilizado.\u00a0&#8211; Permite boa visualiza\u00e7\u00e3o do campo cir\u00fargico ao profissional.\u00a0&#8211; Conta com absor\u00e7\u00e3o de 40-50 vezes seu pr\u00f3prio [&hellip;]","og_url":"https:\/\/fatordental.com.br\/index.php\/produto\/esponja-hemostatica-hemospon-maquira\/","og_site_name":"Fator Dental","article_modified_time":"2023-01-07T19:57:17+00:00","og_image":[{"width":800,"height":800,"url":"https:\/\/fatordental.com.br\/wp-content\/uploads\/2023\/01\/esponja-hemostatica-hemospon-maquira-.jpg","type":"image\/jpeg"}],"twitter_card":"summary_large_image","twitter_misc":{"Est. tempo de leitura":"1 minuto"},"schema":{"@context":"https:\/\/schema.org","@graph":[{"@type":"WebPage","@id":"https:\/\/fatordental.com.br\/index.php\/produto\/esponja-hemostatica-hemospon-maquira\/","url":"https:\/\/fatordental.com.br\/index.php\/produto\/esponja-hemostatica-hemospon-maquira\/","name":"Esponja Hemost\u00e1tica Hemospon - Maquira - Fator Dental","isPartOf":{"@id":"https:\/\/fatordental.com.br\/#website"},"primaryImageOfPage":{"@id":"https:\/\/fatordental.com.br\/index.php\/produto\/esponja-hemostatica-hemospon-maquira\/#primaryimage"},"image":{"@id":"https:\/\/fatordental.com.br\/index.php\/produto\/esponja-hemostatica-hemospon-maquira\/#primaryimage"},"thumbnailUrl":"https:\/\/fatordental.com.br\/wp-content\/uploads\/2023\/01\/esponja-hemostatica-hemospon-maquira-.jpg","datePublished":"2023-01-07T19:57:16+00:00","dateModified":"2023-01-07T19:57:17+00:00","breadcrumb":{"@id":"https:\/\/fatordental.com.br\/index.php\/produto\/esponja-hemostatica-hemospon-maquira\/#breadcrumb"},"inLanguage":"pt-BR","potentialAction":[{"@type":"ReadAction","target":["https:\/\/fatordental.com.br\/index.php\/produto\/esponja-hemostatica-hemospon-maquira\/"]}]},{"@type":"ImageObject","inLanguage":"pt-BR","@id":"https:\/\/fatordental.com.br\/index.php\/produto\/esponja-hemostatica-hemospon-maquira\/#primaryimage","url":"https:\/\/fatordental.com.br\/wp-content\/uploads\/2023\/01\/esponja-hemostatica-hemospon-maquira-.jpg","contentUrl":"https:\/\/fatordental.com.br\/wp-content\/uploads\/2023\/01\/esponja-hemostatica-hemospon-maquira-.jpg","width":800,"height":800},{"@type":"BreadcrumbList","@id":"https:\/\/fatordental.com.br\/index.php\/produto\/esponja-hemostatica-hemospon-maquira\/#breadcrumb","itemListElement":[{"@type":"ListItem","position":1,"name":"In\u00edcio","item":"https:\/\/fatordental.com.br\/"},{"@type":"ListItem","position":2,"name":"Produtos","item":"https:\/\/fatordental.com.br\/index.php\/produtos\/"},{"@type":"ListItem","position":3,"name":"Esponja Hemost\u00e1tica Hemospon &#8211; Maquira"}]},{"@type":"WebSite","@id":"https:\/\/fatordental.com.br\/#website","url":"https:\/\/fatordental.com.br\/","name":"Fator Dental","description":"Produtos Ondontol\u00f3gicos","publisher":{"@id":"https:\/\/fatordental.com.br\/#organization"},"potentialAction":[{"@type":"SearchAction","target":{"@type":"EntryPoint","urlTemplate":"https:\/\/fatordental.com.br\/?s={search_term_string}"},"query-input":{"@type":"PropertyValueSpecification","valueRequired":true,"valueName":"search_term_string"}}],"inLanguage":"pt-BR"},{"@type":"Organization","@id":"https:\/\/fatordental.com.br\/#organization","name":"Fator Dental","url":"https:\/\/fatordental.com.br\/","logo":{"@type":"ImageObject","inLanguage":"pt-BR","@id":"https:\/\/fatordental.com.br\/#\/schema\/logo\/image\/","url":"https:\/\/fatordental.com.br\/wp-content\/uploads\/2023\/02\/logo_fator.png","contentUrl":"https:\/\/fatordental.com.br\/wp-content\/uploads\/2023\/02\/logo_fator.png","width":400,"height":256,"caption":"Fator Dental"},"image":{"@id":"https:\/\/fatordental.com.br\/#\/schema\/logo\/image\/"},"sameAs":["https:\/\/www.instagram.com\/fatordental\/"]}]}},"_links":{"self":[{"href":"https:\/\/fatordental.com.br\/index.php\/wp-json\/wp\/v2\/product\/820","targetHints":{"allow":["GET"]}}],"collection":[{"href":"https:\/\/fatordental.com.br\/index.php\/wp-json\/wp\/v2\/product"}],"about":[{"href":"https:\/\/fatordental.com.br\/index.php\/wp-json\/wp\/v2\/types\/product"}],"wp:featuredmedia":[{"embeddable":true,"href":"https:\/\/fatordental.com.br\/index.php\/wp-json\/wp\/v2\/media\/821"}],"wp:attachment":[{"href":"https:\/\/fatordental.com.br\/index.php\/wp-json\/wp\/v2\/media?parent=820"}],"wp:term":[{"taxonomy":"product_brand","embeddable":true,"href":"https:\/\/fatordental.com.br\/index.php\/wp-json\/wp\/v2\/product_brand?post=820"},{"taxonomy":"product_cat","embeddable":true,"href":"https:\/\/fatordental.com.br\/index.php\/wp-json\/wp\/v2\/product_cat?post=820"},{"taxonomy":"product_tag","embeddable":true,"href":"https:\/\/fatordental.com.br\/index.php\/wp-json\/wp\/v2\/product_tag?post=820"}],"curies":[{"name":"wp","href":"https:\/\/api.w.org\/{rel}","templated":true}]}}