{"id":746,"date":"2022-12-28T19:20:03","date_gmt":"2022-12-28T22:20:03","guid":{"rendered":"https:\/\/fatordental.com.br\/?post_type=product&#038;p=746"},"modified":"2023-02-21T16:42:32","modified_gmt":"2023-02-21T19:42:32","slug":"condicionador-acido-fluoridrico-acid-f-5-2i","status":"publish","type":"product","link":"https:\/\/fatordental.com.br\/index.php\/produto\/condicionador-acido-fluoridrico-acid-f-5-2i\/","title":{"rendered":"Condicionador \u00c1cido Fluor\u00eddrico Acid F 5% &#8211; 2i"},"content":{"rendered":"<p><strong>Embalagem c\/ 1 seringa de 2,5ml e 1 ponteira de aplica\u00e7\u00e3o.<\/strong><\/p>\n<ul>\n<li><strong>DETALHES<\/strong><\/li>\n<\/ul>\n<p>&#8211; O<strong> Condicionador \u00c1cido Fluor\u00eddrico Acid F 5% da 2I <\/strong>\u00e9 um gel \u00e0 base de clor\u00eddrico.\u00a0 \u00a0 \u00a0 \u00a0 \u00a0 \u00a0 \u00a0 \u00a0 \u00a0 \u00a0 \u00a0 \u00a0 \u00a0 \u00a0 \u00a0 \u00a0 \u00a0 \u00a0 \u00a0 \u00a0 &#8211; Compat\u00edvel com \u00e1gua, o que permite uma f\u00e1cil remo\u00e7\u00e3o, possui corante vermelho facilitando o controle durante a aplica\u00e7\u00e3o e uma alta viscosidade, o que elimina a chance de escorrer do local aplicado.\u00a0 \u00a0 \u00a0 \u00a0 \u00a0 \u00a0 \u00a0 \u00a0 \u00a0 \u00a0 \u00a0 \u00a0 \u00a0 \u00a0 \u00a0 \u00a0 \u00a0 \u00a0 \u00a0 \u00a0 \u00a0 \u00a0 \u00a0 \u00a0 \u00a0 \u00a0 \u00a0&#8211; Tem indica\u00e7\u00e3o principal para condicionamento \u00e1cido de porcelanas, proporcionando maior for\u00e7a de uni\u00e3o entre a porcelana e a restaura\u00e7\u00e3o.<\/p>\n<p>&nbsp;<\/p>\n<p>&nbsp;<\/p>\n","protected":false},"excerpt":{"rendered":"<p>Embalagem c\/ 1 seringa de 2,5ml e 1 ponteira de aplica\u00e7\u00e3o. DETALHES &#8211; O Condicionador \u00c1cido Fluor\u00eddrico Acid F 5% da 2I \u00e9 um gel \u00e0 base de clor\u00eddrico.\u00a0 \u00a0 [&hellip;]<\/p>\n","protected":false},"featured_media":1107,"template":"","meta":[],"product_brand":[],"product_cat":[37,51],"product_tag":[],"class_list":{"0":"post-746","1":"product","2":"type-product","3":"status-publish","4":"has-post-thumbnail","6":"product_cat-condicionador-acido","7":"product_cat-dentistica-e-estetica","9":"first","10":"instock","11":"shipping-taxable","12":"product-type-simple"},"yoast_head":"<!-- This site is optimized with the Yoast SEO plugin v26.8 - https:\/\/yoast.com\/product\/yoast-seo-wordpress\/ -->\n<title>Condicionador \u00c1cido Fluor\u00eddrico Acid F 5% - 2i - Fator Dental<\/title>\n<meta name=\"robots\" content=\"index, follow, max-snippet:-1, max-image-preview:large, max-video-preview:-1\" \/>\n<link rel=\"canonical\" href=\"https:\/\/fatordental.com.br\/index.php\/produto\/condicionador-acido-fluoridrico-acid-f-5-2i\/\" \/>\n<meta property=\"og:locale\" content=\"pt_BR\" \/>\n<meta property=\"og:type\" content=\"article\" \/>\n<meta property=\"og:title\" content=\"Condicionador \u00c1cido Fluor\u00eddrico Acid F 5% - 2i - Fator Dental\" \/>\n<meta property=\"og:description\" content=\"Embalagem c\/ 1 seringa de 2,5ml e 1 ponteira de aplica\u00e7\u00e3o. DETALHES &#8211; O Condicionador \u00c1cido Fluor\u00eddrico Acid F 5% da 2I \u00e9 um gel \u00e0 base de clor\u00eddrico.\u00a0 \u00a0 [&hellip;]\" \/>\n<meta property=\"og:url\" content=\"https:\/\/fatordental.com.br\/index.php\/produto\/condicionador-acido-fluoridrico-acid-f-5-2i\/\" \/>\n<meta property=\"og:site_name\" content=\"Fator Dental\" \/>\n<meta property=\"article:modified_time\" content=\"2023-02-21T19:42:32+00:00\" \/>\n<meta property=\"og:image\" content=\"https:\/\/fatordental.com.br\/wp-content\/uploads\/2022\/12\/WhatsApp-Image-2022-12-28-at-18.31.22-1.jpeg\" \/>\n\t<meta property=\"og:image:width\" content=\"800\" \/>\n\t<meta property=\"og:image:height\" content=\"800\" \/>\n\t<meta property=\"og:image:type\" content=\"image\/jpeg\" \/>\n<meta name=\"twitter:card\" content=\"summary_large_image\" \/>\n<meta name=\"twitter:label1\" content=\"Est. tempo de leitura\" \/>\n\t<meta name=\"twitter:data1\" content=\"1 minuto\" \/>\n<script type=\"application\/ld+json\" class=\"yoast-schema-graph\">{\"@context\":\"https:\/\/schema.org\",\"@graph\":[{\"@type\":\"WebPage\",\"@id\":\"https:\/\/fatordental.com.br\/index.php\/produto\/condicionador-acido-fluoridrico-acid-f-5-2i\/\",\"url\":\"https:\/\/fatordental.com.br\/index.php\/produto\/condicionador-acido-fluoridrico-acid-f-5-2i\/\",\"name\":\"Condicionador \u00c1cido Fluor\u00eddrico Acid F 5% - 2i - Fator Dental\",\"isPartOf\":{\"@id\":\"https:\/\/fatordental.com.br\/#website\"},\"primaryImageOfPage\":{\"@id\":\"https:\/\/fatordental.com.br\/index.php\/produto\/condicionador-acido-fluoridrico-acid-f-5-2i\/#primaryimage\"},\"image\":{\"@id\":\"https:\/\/fatordental.com.br\/index.php\/produto\/condicionador-acido-fluoridrico-acid-f-5-2i\/#primaryimage\"},\"thumbnailUrl\":\"https:\/\/fatordental.com.br\/wp-content\/uploads\/2022\/12\/WhatsApp-Image-2022-12-28-at-18.31.22-1.jpeg\",\"datePublished\":\"2022-12-28T22:20:03+00:00\",\"dateModified\":\"2023-02-21T19:42:32+00:00\",\"breadcrumb\":{\"@id\":\"https:\/\/fatordental.com.br\/index.php\/produto\/condicionador-acido-fluoridrico-acid-f-5-2i\/#breadcrumb\"},\"inLanguage\":\"pt-BR\",\"potentialAction\":[{\"@type\":\"ReadAction\",\"target\":[\"https:\/\/fatordental.com.br\/index.php\/produto\/condicionador-acido-fluoridrico-acid-f-5-2i\/\"]}]},{\"@type\":\"ImageObject\",\"inLanguage\":\"pt-BR\",\"@id\":\"https:\/\/fatordental.com.br\/index.php\/produto\/condicionador-acido-fluoridrico-acid-f-5-2i\/#primaryimage\",\"url\":\"https:\/\/fatordental.com.br\/wp-content\/uploads\/2022\/12\/WhatsApp-Image-2022-12-28-at-18.31.22-1.jpeg\",\"contentUrl\":\"https:\/\/fatordental.com.br\/wp-content\/uploads\/2022\/12\/WhatsApp-Image-2022-12-28-at-18.31.22-1.jpeg\",\"width\":800,\"height\":800},{\"@type\":\"BreadcrumbList\",\"@id\":\"https:\/\/fatordental.com.br\/index.php\/produto\/condicionador-acido-fluoridrico-acid-f-5-2i\/#breadcrumb\",\"itemListElement\":[{\"@type\":\"ListItem\",\"position\":1,\"name\":\"In\u00edcio\",\"item\":\"https:\/\/fatordental.com.br\/\"},{\"@type\":\"ListItem\",\"position\":2,\"name\":\"Produtos\",\"item\":\"https:\/\/fatordental.com.br\/index.php\/produtos\/\"},{\"@type\":\"ListItem\",\"position\":3,\"name\":\"Condicionador \u00c1cido Fluor\u00eddrico Acid F 5% &#8211; 2i\"}]},{\"@type\":\"WebSite\",\"@id\":\"https:\/\/fatordental.com.br\/#website\",\"url\":\"https:\/\/fatordental.com.br\/\",\"name\":\"Fator Dental\",\"description\":\"Produtos Ondontol\u00f3gicos\",\"publisher\":{\"@id\":\"https:\/\/fatordental.com.br\/#organization\"},\"potentialAction\":[{\"@type\":\"SearchAction\",\"target\":{\"@type\":\"EntryPoint\",\"urlTemplate\":\"https:\/\/fatordental.com.br\/?s={search_term_string}\"},\"query-input\":{\"@type\":\"PropertyValueSpecification\",\"valueRequired\":true,\"valueName\":\"search_term_string\"}}],\"inLanguage\":\"pt-BR\"},{\"@type\":\"Organization\",\"@id\":\"https:\/\/fatordental.com.br\/#organization\",\"name\":\"Fator Dental\",\"url\":\"https:\/\/fatordental.com.br\/\",\"logo\":{\"@type\":\"ImageObject\",\"inLanguage\":\"pt-BR\",\"@id\":\"https:\/\/fatordental.com.br\/#\/schema\/logo\/image\/\",\"url\":\"https:\/\/fatordental.com.br\/wp-content\/uploads\/2023\/02\/logo_fator.png\",\"contentUrl\":\"https:\/\/fatordental.com.br\/wp-content\/uploads\/2023\/02\/logo_fator.png\",\"width\":400,\"height\":256,\"caption\":\"Fator Dental\"},\"image\":{\"@id\":\"https:\/\/fatordental.com.br\/#\/schema\/logo\/image\/\"},\"sameAs\":[\"https:\/\/www.instagram.com\/fatordental\/\"]}]}<\/script>\n<!-- \/ Yoast SEO plugin. -->","yoast_head_json":{"title":"Condicionador \u00c1cido Fluor\u00eddrico Acid F 5% - 2i - Fator Dental","robots":{"index":"index","follow":"follow","max-snippet":"max-snippet:-1","max-image-preview":"max-image-preview:large","max-video-preview":"max-video-preview:-1"},"canonical":"https:\/\/fatordental.com.br\/index.php\/produto\/condicionador-acido-fluoridrico-acid-f-5-2i\/","og_locale":"pt_BR","og_type":"article","og_title":"Condicionador \u00c1cido Fluor\u00eddrico Acid F 5% - 2i - Fator Dental","og_description":"Embalagem c\/ 1 seringa de 2,5ml e 1 ponteira de aplica\u00e7\u00e3o. DETALHES &#8211; O Condicionador \u00c1cido Fluor\u00eddrico Acid F 5% da 2I \u00e9 um gel \u00e0 base de clor\u00eddrico.\u00a0 \u00a0 [&hellip;]","og_url":"https:\/\/fatordental.com.br\/index.php\/produto\/condicionador-acido-fluoridrico-acid-f-5-2i\/","og_site_name":"Fator Dental","article_modified_time":"2023-02-21T19:42:32+00:00","og_image":[{"width":800,"height":800,"url":"https:\/\/fatordental.com.br\/wp-content\/uploads\/2022\/12\/WhatsApp-Image-2022-12-28-at-18.31.22-1.jpeg","type":"image\/jpeg"}],"twitter_card":"summary_large_image","twitter_misc":{"Est. tempo de leitura":"1 minuto"},"schema":{"@context":"https:\/\/schema.org","@graph":[{"@type":"WebPage","@id":"https:\/\/fatordental.com.br\/index.php\/produto\/condicionador-acido-fluoridrico-acid-f-5-2i\/","url":"https:\/\/fatordental.com.br\/index.php\/produto\/condicionador-acido-fluoridrico-acid-f-5-2i\/","name":"Condicionador \u00c1cido Fluor\u00eddrico Acid F 5% - 2i - Fator Dental","isPartOf":{"@id":"https:\/\/fatordental.com.br\/#website"},"primaryImageOfPage":{"@id":"https:\/\/fatordental.com.br\/index.php\/produto\/condicionador-acido-fluoridrico-acid-f-5-2i\/#primaryimage"},"image":{"@id":"https:\/\/fatordental.com.br\/index.php\/produto\/condicionador-acido-fluoridrico-acid-f-5-2i\/#primaryimage"},"thumbnailUrl":"https:\/\/fatordental.com.br\/wp-content\/uploads\/2022\/12\/WhatsApp-Image-2022-12-28-at-18.31.22-1.jpeg","datePublished":"2022-12-28T22:20:03+00:00","dateModified":"2023-02-21T19:42:32+00:00","breadcrumb":{"@id":"https:\/\/fatordental.com.br\/index.php\/produto\/condicionador-acido-fluoridrico-acid-f-5-2i\/#breadcrumb"},"inLanguage":"pt-BR","potentialAction":[{"@type":"ReadAction","target":["https:\/\/fatordental.com.br\/index.php\/produto\/condicionador-acido-fluoridrico-acid-f-5-2i\/"]}]},{"@type":"ImageObject","inLanguage":"pt-BR","@id":"https:\/\/fatordental.com.br\/index.php\/produto\/condicionador-acido-fluoridrico-acid-f-5-2i\/#primaryimage","url":"https:\/\/fatordental.com.br\/wp-content\/uploads\/2022\/12\/WhatsApp-Image-2022-12-28-at-18.31.22-1.jpeg","contentUrl":"https:\/\/fatordental.com.br\/wp-content\/uploads\/2022\/12\/WhatsApp-Image-2022-12-28-at-18.31.22-1.jpeg","width":800,"height":800},{"@type":"BreadcrumbList","@id":"https:\/\/fatordental.com.br\/index.php\/produto\/condicionador-acido-fluoridrico-acid-f-5-2i\/#breadcrumb","itemListElement":[{"@type":"ListItem","position":1,"name":"In\u00edcio","item":"https:\/\/fatordental.com.br\/"},{"@type":"ListItem","position":2,"name":"Produtos","item":"https:\/\/fatordental.com.br\/index.php\/produtos\/"},{"@type":"ListItem","position":3,"name":"Condicionador \u00c1cido Fluor\u00eddrico Acid F 5% &#8211; 2i"}]},{"@type":"WebSite","@id":"https:\/\/fatordental.com.br\/#website","url":"https:\/\/fatordental.com.br\/","name":"Fator Dental","description":"Produtos Ondontol\u00f3gicos","publisher":{"@id":"https:\/\/fatordental.com.br\/#organization"},"potentialAction":[{"@type":"SearchAction","target":{"@type":"EntryPoint","urlTemplate":"https:\/\/fatordental.com.br\/?s={search_term_string}"},"query-input":{"@type":"PropertyValueSpecification","valueRequired":true,"valueName":"search_term_string"}}],"inLanguage":"pt-BR"},{"@type":"Organization","@id":"https:\/\/fatordental.com.br\/#organization","name":"Fator Dental","url":"https:\/\/fatordental.com.br\/","logo":{"@type":"ImageObject","inLanguage":"pt-BR","@id":"https:\/\/fatordental.com.br\/#\/schema\/logo\/image\/","url":"https:\/\/fatordental.com.br\/wp-content\/uploads\/2023\/02\/logo_fator.png","contentUrl":"https:\/\/fatordental.com.br\/wp-content\/uploads\/2023\/02\/logo_fator.png","width":400,"height":256,"caption":"Fator Dental"},"image":{"@id":"https:\/\/fatordental.com.br\/#\/schema\/logo\/image\/"},"sameAs":["https:\/\/www.instagram.com\/fatordental\/"]}]}},"_links":{"self":[{"href":"https:\/\/fatordental.com.br\/index.php\/wp-json\/wp\/v2\/product\/746","targetHints":{"allow":["GET"]}}],"collection":[{"href":"https:\/\/fatordental.com.br\/index.php\/wp-json\/wp\/v2\/product"}],"about":[{"href":"https:\/\/fatordental.com.br\/index.php\/wp-json\/wp\/v2\/types\/product"}],"wp:featuredmedia":[{"embeddable":true,"href":"https:\/\/fatordental.com.br\/index.php\/wp-json\/wp\/v2\/media\/1107"}],"wp:attachment":[{"href":"https:\/\/fatordental.com.br\/index.php\/wp-json\/wp\/v2\/media?parent=746"}],"wp:term":[{"taxonomy":"product_brand","embeddable":true,"href":"https:\/\/fatordental.com.br\/index.php\/wp-json\/wp\/v2\/product_brand?post=746"},{"taxonomy":"product_cat","embeddable":true,"href":"https:\/\/fatordental.com.br\/index.php\/wp-json\/wp\/v2\/product_cat?post=746"},{"taxonomy":"product_tag","embeddable":true,"href":"https:\/\/fatordental.com.br\/index.php\/wp-json\/wp\/v2\/product_tag?post=746"}],"curies":[{"name":"wp","href":"https:\/\/api.w.org\/{rel}","templated":true}]}}