{"id":712,"date":"2022-12-27T19:22:39","date_gmt":"2022-12-27T22:22:39","guid":{"rendered":"https:\/\/fatordental.com.br\/?post_type=product&#038;p=712"},"modified":"2022-12-27T19:22:39","modified_gmt":"2022-12-27T22:22:39","slug":"lenco-umedecido-com-alcool-isopropilico-70-labor-import","status":"publish","type":"product","link":"https:\/\/fatordental.com.br\/index.php\/produto\/lenco-umedecido-com-alcool-isopropilico-70-labor-import\/","title":{"rendered":"Len\u00e7o Umedecido com \u00c1lcool Isoprop\u00edlico 70% &#8211; Labor Import"},"content":{"rendered":"<p class=\"value\"><strong>Embalagem com 200 unidades.<\/strong><\/p>\n<ul>\n<li>DETALHES<\/li>\n<\/ul>\n<p>&#8211; Medidas: 6,0 cm x 3,0 cm aberto.<br \/>\n&#8211; Compressa de TNT umedecido em \u00e1lcool isoprop\u00edlico a 70%, n\u00e3o inflam\u00e1vel.<br \/>\n&#8211; Embalado individualmente em envelope termosselado e lacrado em pol\u00edmero pl\u00e1stico com revestimento aluminizado.<br \/>\n&#8211; Esterilizado por raio Gama.<\/p>\n<p>&nbsp;<\/p>\n<ul>\n<li>APLICA\u00c7\u00c3O<\/li>\n<\/ul>\n<p>Recomendado para antissepsia da pele e assepsia de pequenos objetos ou dispositivos m\u00e9dico-hospitalares.<\/p>\n","protected":false},"excerpt":{"rendered":"<p>Embalagem com 200 unidades. DETALHES &#8211; Medidas: 6,0 cm x 3,0 cm aberto. &#8211; Compressa de TNT umedecido em \u00e1lcool isoprop\u00edlico a 70%, n\u00e3o inflam\u00e1vel. &#8211; Embalado individualmente em envelope [&hellip;]<\/p>\n","protected":false},"featured_media":714,"template":"","meta":[],"product_brand":[],"product_cat":[29],"product_tag":[],"class_list":{"0":"post-712","1":"product","2":"type-product","3":"status-publish","4":"has-post-thumbnail","6":"product_cat-biosseguranca","8":"first","9":"instock","10":"shipping-taxable","11":"product-type-simple"},"yoast_head":"<!-- This site is optimized with the Yoast SEO plugin v27.6 - https:\/\/yoast.com\/product\/yoast-seo-wordpress\/ -->\n<title>Len\u00e7o Umedecido com \u00c1lcool Isoprop\u00edlico 70% - Labor Import - Fator Dental<\/title>\n<meta name=\"robots\" content=\"index, follow, max-snippet:-1, max-image-preview:large, max-video-preview:-1\" \/>\n<link rel=\"canonical\" href=\"https:\/\/fatordental.com.br\/index.php\/produto\/lenco-umedecido-com-alcool-isopropilico-70-labor-import\/\" \/>\n<meta property=\"og:locale\" content=\"pt_BR\" \/>\n<meta property=\"og:type\" content=\"article\" \/>\n<meta property=\"og:title\" content=\"Len\u00e7o Umedecido com \u00c1lcool Isoprop\u00edlico 70% - Labor Import - Fator Dental\" \/>\n<meta property=\"og:description\" content=\"Embalagem com 200 unidades. DETALHES &#8211; Medidas: 6,0 cm x 3,0 cm aberto. &#8211; Compressa de TNT umedecido em \u00e1lcool isoprop\u00edlico a 70%, n\u00e3o inflam\u00e1vel. &#8211; Embalado individualmente em envelope [&hellip;]\" \/>\n<meta property=\"og:url\" content=\"https:\/\/fatordental.com.br\/index.php\/produto\/lenco-umedecido-com-alcool-isopropilico-70-labor-import\/\" \/>\n<meta property=\"og:site_name\" content=\"Fator Dental\" \/>\n<meta property=\"og:image\" content=\"https:\/\/fatordental.com.br\/wp-content\/uploads\/2022\/12\/111444.jpg\" \/>\n\t<meta property=\"og:image:width\" content=\"900\" \/>\n\t<meta property=\"og:image:height\" content=\"900\" \/>\n\t<meta property=\"og:image:type\" content=\"image\/jpeg\" \/>\n<meta name=\"twitter:card\" content=\"summary_large_image\" \/>\n<meta name=\"twitter:label1\" content=\"Est. tempo de leitura\" \/>\n\t<meta name=\"twitter:data1\" content=\"1 minuto\" \/>\n<script type=\"application\/ld+json\" class=\"yoast-schema-graph\">{\"@context\":\"https:\\\/\\\/schema.org\",\"@graph\":[{\"@type\":\"WebPage\",\"@id\":\"https:\\\/\\\/fatordental.com.br\\\/index.php\\\/produto\\\/lenco-umedecido-com-alcool-isopropilico-70-labor-import\\\/\",\"url\":\"https:\\\/\\\/fatordental.com.br\\\/index.php\\\/produto\\\/lenco-umedecido-com-alcool-isopropilico-70-labor-import\\\/\",\"name\":\"Len\u00e7o Umedecido com \u00c1lcool Isoprop\u00edlico 70% - Labor Import - Fator Dental\",\"isPartOf\":{\"@id\":\"https:\\\/\\\/fatordental.com.br\\\/#website\"},\"primaryImageOfPage\":{\"@id\":\"https:\\\/\\\/fatordental.com.br\\\/index.php\\\/produto\\\/lenco-umedecido-com-alcool-isopropilico-70-labor-import\\\/#primaryimage\"},\"image\":{\"@id\":\"https:\\\/\\\/fatordental.com.br\\\/index.php\\\/produto\\\/lenco-umedecido-com-alcool-isopropilico-70-labor-import\\\/#primaryimage\"},\"thumbnailUrl\":\"https:\\\/\\\/fatordental.com.br\\\/wp-content\\\/uploads\\\/2022\\\/12\\\/111444.jpg\",\"datePublished\":\"2022-12-27T22:22:39+00:00\",\"breadcrumb\":{\"@id\":\"https:\\\/\\\/fatordental.com.br\\\/index.php\\\/produto\\\/lenco-umedecido-com-alcool-isopropilico-70-labor-import\\\/#breadcrumb\"},\"inLanguage\":\"pt-BR\",\"potentialAction\":[{\"@type\":\"ReadAction\",\"target\":[\"https:\\\/\\\/fatordental.com.br\\\/index.php\\\/produto\\\/lenco-umedecido-com-alcool-isopropilico-70-labor-import\\\/\"]}]},{\"@type\":\"ImageObject\",\"inLanguage\":\"pt-BR\",\"@id\":\"https:\\\/\\\/fatordental.com.br\\\/index.php\\\/produto\\\/lenco-umedecido-com-alcool-isopropilico-70-labor-import\\\/#primaryimage\",\"url\":\"https:\\\/\\\/fatordental.com.br\\\/wp-content\\\/uploads\\\/2022\\\/12\\\/111444.jpg\",\"contentUrl\":\"https:\\\/\\\/fatordental.com.br\\\/wp-content\\\/uploads\\\/2022\\\/12\\\/111444.jpg\",\"width\":900,\"height\":900,\"caption\":\"CREATOR: gd-jpeg v1.0 (using IJG JPEG v80), quality = 90\"},{\"@type\":\"BreadcrumbList\",\"@id\":\"https:\\\/\\\/fatordental.com.br\\\/index.php\\\/produto\\\/lenco-umedecido-com-alcool-isopropilico-70-labor-import\\\/#breadcrumb\",\"itemListElement\":[{\"@type\":\"ListItem\",\"position\":1,\"name\":\"In\u00edcio\",\"item\":\"https:\\\/\\\/fatordental.com.br\\\/\"},{\"@type\":\"ListItem\",\"position\":2,\"name\":\"Produtos\",\"item\":\"https:\\\/\\\/fatordental.com.br\\\/index.php\\\/produtos\\\/\"},{\"@type\":\"ListItem\",\"position\":3,\"name\":\"Len\u00e7o Umedecido com \u00c1lcool Isoprop\u00edlico 70% &#8211; Labor Import\"}]},{\"@type\":\"WebSite\",\"@id\":\"https:\\\/\\\/fatordental.com.br\\\/#website\",\"url\":\"https:\\\/\\\/fatordental.com.br\\\/\",\"name\":\"Fator Dental\",\"description\":\"Produtos Ondontol\u00f3gicos\",\"publisher\":{\"@id\":\"https:\\\/\\\/fatordental.com.br\\\/#organization\"},\"potentialAction\":[{\"@type\":\"SearchAction\",\"target\":{\"@type\":\"EntryPoint\",\"urlTemplate\":\"https:\\\/\\\/fatordental.com.br\\\/?s={search_term_string}\"},\"query-input\":{\"@type\":\"PropertyValueSpecification\",\"valueRequired\":true,\"valueName\":\"search_term_string\"}}],\"inLanguage\":\"pt-BR\"},{\"@type\":\"Organization\",\"@id\":\"https:\\\/\\\/fatordental.com.br\\\/#organization\",\"name\":\"Fator Dental\",\"url\":\"https:\\\/\\\/fatordental.com.br\\\/\",\"logo\":{\"@type\":\"ImageObject\",\"inLanguage\":\"pt-BR\",\"@id\":\"https:\\\/\\\/fatordental.com.br\\\/#\\\/schema\\\/logo\\\/image\\\/\",\"url\":\"https:\\\/\\\/fatordental.com.br\\\/wp-content\\\/uploads\\\/2023\\\/02\\\/logo_fator.png\",\"contentUrl\":\"https:\\\/\\\/fatordental.com.br\\\/wp-content\\\/uploads\\\/2023\\\/02\\\/logo_fator.png\",\"width\":400,\"height\":256,\"caption\":\"Fator Dental\"},\"image\":{\"@id\":\"https:\\\/\\\/fatordental.com.br\\\/#\\\/schema\\\/logo\\\/image\\\/\"},\"sameAs\":[\"https:\\\/\\\/www.instagram.com\\\/fatordental\\\/\"]}]}<\/script>\n<!-- \/ Yoast SEO plugin. -->","yoast_head_json":{"title":"Len\u00e7o Umedecido com \u00c1lcool Isoprop\u00edlico 70% - Labor Import - Fator Dental","robots":{"index":"index","follow":"follow","max-snippet":"max-snippet:-1","max-image-preview":"max-image-preview:large","max-video-preview":"max-video-preview:-1"},"canonical":"https:\/\/fatordental.com.br\/index.php\/produto\/lenco-umedecido-com-alcool-isopropilico-70-labor-import\/","og_locale":"pt_BR","og_type":"article","og_title":"Len\u00e7o Umedecido com \u00c1lcool Isoprop\u00edlico 70% - Labor Import - Fator Dental","og_description":"Embalagem com 200 unidades. DETALHES &#8211; Medidas: 6,0 cm x 3,0 cm aberto. &#8211; Compressa de TNT umedecido em \u00e1lcool isoprop\u00edlico a 70%, n\u00e3o inflam\u00e1vel. &#8211; Embalado individualmente em envelope [&hellip;]","og_url":"https:\/\/fatordental.com.br\/index.php\/produto\/lenco-umedecido-com-alcool-isopropilico-70-labor-import\/","og_site_name":"Fator Dental","og_image":[{"width":900,"height":900,"url":"https:\/\/fatordental.com.br\/wp-content\/uploads\/2022\/12\/111444.jpg","type":"image\/jpeg"}],"twitter_card":"summary_large_image","twitter_misc":{"Est. tempo de leitura":"1 minuto"},"schema":{"@context":"https:\/\/schema.org","@graph":[{"@type":"WebPage","@id":"https:\/\/fatordental.com.br\/index.php\/produto\/lenco-umedecido-com-alcool-isopropilico-70-labor-import\/","url":"https:\/\/fatordental.com.br\/index.php\/produto\/lenco-umedecido-com-alcool-isopropilico-70-labor-import\/","name":"Len\u00e7o Umedecido com \u00c1lcool Isoprop\u00edlico 70% - Labor Import - Fator Dental","isPartOf":{"@id":"https:\/\/fatordental.com.br\/#website"},"primaryImageOfPage":{"@id":"https:\/\/fatordental.com.br\/index.php\/produto\/lenco-umedecido-com-alcool-isopropilico-70-labor-import\/#primaryimage"},"image":{"@id":"https:\/\/fatordental.com.br\/index.php\/produto\/lenco-umedecido-com-alcool-isopropilico-70-labor-import\/#primaryimage"},"thumbnailUrl":"https:\/\/fatordental.com.br\/wp-content\/uploads\/2022\/12\/111444.jpg","datePublished":"2022-12-27T22:22:39+00:00","breadcrumb":{"@id":"https:\/\/fatordental.com.br\/index.php\/produto\/lenco-umedecido-com-alcool-isopropilico-70-labor-import\/#breadcrumb"},"inLanguage":"pt-BR","potentialAction":[{"@type":"ReadAction","target":["https:\/\/fatordental.com.br\/index.php\/produto\/lenco-umedecido-com-alcool-isopropilico-70-labor-import\/"]}]},{"@type":"ImageObject","inLanguage":"pt-BR","@id":"https:\/\/fatordental.com.br\/index.php\/produto\/lenco-umedecido-com-alcool-isopropilico-70-labor-import\/#primaryimage","url":"https:\/\/fatordental.com.br\/wp-content\/uploads\/2022\/12\/111444.jpg","contentUrl":"https:\/\/fatordental.com.br\/wp-content\/uploads\/2022\/12\/111444.jpg","width":900,"height":900,"caption":"CREATOR: gd-jpeg v1.0 (using IJG JPEG v80), quality = 90"},{"@type":"BreadcrumbList","@id":"https:\/\/fatordental.com.br\/index.php\/produto\/lenco-umedecido-com-alcool-isopropilico-70-labor-import\/#breadcrumb","itemListElement":[{"@type":"ListItem","position":1,"name":"In\u00edcio","item":"https:\/\/fatordental.com.br\/"},{"@type":"ListItem","position":2,"name":"Produtos","item":"https:\/\/fatordental.com.br\/index.php\/produtos\/"},{"@type":"ListItem","position":3,"name":"Len\u00e7o Umedecido com \u00c1lcool Isoprop\u00edlico 70% &#8211; Labor Import"}]},{"@type":"WebSite","@id":"https:\/\/fatordental.com.br\/#website","url":"https:\/\/fatordental.com.br\/","name":"Fator Dental","description":"Produtos Ondontol\u00f3gicos","publisher":{"@id":"https:\/\/fatordental.com.br\/#organization"},"potentialAction":[{"@type":"SearchAction","target":{"@type":"EntryPoint","urlTemplate":"https:\/\/fatordental.com.br\/?s={search_term_string}"},"query-input":{"@type":"PropertyValueSpecification","valueRequired":true,"valueName":"search_term_string"}}],"inLanguage":"pt-BR"},{"@type":"Organization","@id":"https:\/\/fatordental.com.br\/#organization","name":"Fator Dental","url":"https:\/\/fatordental.com.br\/","logo":{"@type":"ImageObject","inLanguage":"pt-BR","@id":"https:\/\/fatordental.com.br\/#\/schema\/logo\/image\/","url":"https:\/\/fatordental.com.br\/wp-content\/uploads\/2023\/02\/logo_fator.png","contentUrl":"https:\/\/fatordental.com.br\/wp-content\/uploads\/2023\/02\/logo_fator.png","width":400,"height":256,"caption":"Fator Dental"},"image":{"@id":"https:\/\/fatordental.com.br\/#\/schema\/logo\/image\/"},"sameAs":["https:\/\/www.instagram.com\/fatordental\/"]}]}},"_links":{"self":[{"href":"https:\/\/fatordental.com.br\/index.php\/wp-json\/wp\/v2\/product\/712","targetHints":{"allow":["GET"]}}],"collection":[{"href":"https:\/\/fatordental.com.br\/index.php\/wp-json\/wp\/v2\/product"}],"about":[{"href":"https:\/\/fatordental.com.br\/index.php\/wp-json\/wp\/v2\/types\/product"}],"wp:featuredmedia":[{"embeddable":true,"href":"https:\/\/fatordental.com.br\/index.php\/wp-json\/wp\/v2\/media\/714"}],"wp:attachment":[{"href":"https:\/\/fatordental.com.br\/index.php\/wp-json\/wp\/v2\/media?parent=712"}],"wp:term":[{"taxonomy":"product_brand","embeddable":true,"href":"https:\/\/fatordental.com.br\/index.php\/wp-json\/wp\/v2\/product_brand?post=712"},{"taxonomy":"product_cat","embeddable":true,"href":"https:\/\/fatordental.com.br\/index.php\/wp-json\/wp\/v2\/product_cat?post=712"},{"taxonomy":"product_tag","embeddable":true,"href":"https:\/\/fatordental.com.br\/index.php\/wp-json\/wp\/v2\/product_tag?post=712"}],"curies":[{"name":"wp","href":"https:\/\/api.w.org\/{rel}","templated":true}]}}