{"id":705,"date":"2022-12-27T18:54:37","date_gmt":"2022-12-27T21:54:37","guid":{"rendered":"https:\/\/fatordental.com.br\/?post_type=product&#038;p=705"},"modified":"2023-03-23T10:12:23","modified_gmt":"2023-03-23T13:12:23","slug":"alginato-ezact-kromm-vigodent","status":"publish","type":"product","link":"https:\/\/fatordental.com.br\/index.php\/produto\/alginato-ezact-kromm-vigodent\/","title":{"rendered":"Alginato Ezact Kromm &#8211; Vigodent"},"content":{"rendered":"<p class=\"value\"><strong>Embalagem com 410g.<\/strong><\/p>\n<ul>\n<li>DETALHES<\/li>\n<\/ul>\n<p>&#8211; Alta elasticidade e resist\u00eancia.<br \/>\n&#8211; Textura extra macia \u2013 n\u00e3o comprime a gengiva.<br \/>\n&#8211; Presa regular (2 min 45s).<br \/>\n&#8211; Impress\u00f5es consistentes e confi\u00e1veis.<br \/>\n&#8211; Baixo escoamento proporcionando maior conforto para o paciente durante a moldagem.<br \/>\n&#8211; At\u00e9 48 horas para vazar o gesso, atende ISO 4823 (silicones).<br \/>\n&#8211; Cumpre com a especifica\u00e7\u00e3o ISO 1563 (alginato).<br \/>\n&#8211; Registro ANVISA: 10068870084.<br \/>\n&#8211; Validade: 3 anos.<\/p>\n<p>&nbsp;<\/p>\n<ul>\n<li>APLICA\u00c7\u00c3O<\/li>\n<\/ul>\n<p>O\u00a0<strong>Alginato Ezact Kromm\u00a0<\/strong>da\u00a0<strong>Vigodent\u00a0<\/strong>\u00e9 um alginato crom\u00e1tico e de presa regular tipo II. Foi desenvolvido para a confec\u00e7\u00e3o de modelos de estudos antagonistas, placas de bruxismo, clareamento, pr\u00f3teses totais e parciais remov\u00edveis.<\/p>\n<p>Conta com alta reprodu\u00e7\u00e3o de detalhes gra\u00e7as a sua grande compatibilidade com o gesso.<\/p>\n","protected":false},"excerpt":{"rendered":"<p>Embalagem com 410g. DETALHES &#8211; Alta elasticidade e resist\u00eancia. &#8211; Textura extra macia \u2013 n\u00e3o comprime a gengiva. &#8211; Presa regular (2 min 45s). &#8211; Impress\u00f5es consistentes e confi\u00e1veis. &#8211; [&hellip;]<\/p>\n","protected":false},"featured_media":706,"template":"","meta":[],"product_brand":[],"product_cat":[31],"product_tag":[],"class_list":{"0":"post-705","1":"product","2":"type-product","3":"status-publish","4":"has-post-thumbnail","6":"product_cat-moldagem-e-modelo","8":"first","9":"instock","10":"shipping-taxable","11":"product-type-simple"},"yoast_head":"<!-- This site is optimized with the Yoast SEO plugin v26.8 - https:\/\/yoast.com\/product\/yoast-seo-wordpress\/ -->\n<title>Alginato Ezact Kromm - Vigodent - Fator Dental<\/title>\n<meta name=\"robots\" content=\"index, follow, max-snippet:-1, max-image-preview:large, max-video-preview:-1\" \/>\n<link rel=\"canonical\" href=\"https:\/\/fatordental.com.br\/index.php\/produto\/alginato-ezact-kromm-vigodent\/\" \/>\n<meta property=\"og:locale\" content=\"pt_BR\" \/>\n<meta property=\"og:type\" content=\"article\" \/>\n<meta property=\"og:title\" content=\"Alginato Ezact Kromm - Vigodent - Fator Dental\" \/>\n<meta property=\"og:description\" content=\"Embalagem com 410g. DETALHES &#8211; Alta elasticidade e resist\u00eancia. &#8211; Textura extra macia \u2013 n\u00e3o comprime a gengiva. &#8211; Presa regular (2 min 45s). &#8211; Impress\u00f5es consistentes e confi\u00e1veis. &#8211; [&hellip;]\" \/>\n<meta property=\"og:url\" content=\"https:\/\/fatordental.com.br\/index.php\/produto\/alginato-ezact-kromm-vigodent\/\" \/>\n<meta property=\"og:site_name\" content=\"Fator Dental\" \/>\n<meta property=\"article:modified_time\" content=\"2023-03-23T13:12:23+00:00\" \/>\n<meta property=\"og:image\" content=\"https:\/\/fatordental.com.br\/wp-content\/uploads\/2022\/12\/alginato-ezact-kromm-410g-vigodent-297874-dental-cremer.jpg\" \/>\n\t<meta property=\"og:image:width\" content=\"800\" \/>\n\t<meta property=\"og:image:height\" content=\"800\" \/>\n\t<meta property=\"og:image:type\" content=\"image\/jpeg\" \/>\n<meta name=\"twitter:card\" content=\"summary_large_image\" \/>\n<meta name=\"twitter:label1\" content=\"Est. tempo de leitura\" \/>\n\t<meta name=\"twitter:data1\" content=\"1 minuto\" \/>\n<script type=\"application\/ld+json\" class=\"yoast-schema-graph\">{\"@context\":\"https:\/\/schema.org\",\"@graph\":[{\"@type\":\"WebPage\",\"@id\":\"https:\/\/fatordental.com.br\/index.php\/produto\/alginato-ezact-kromm-vigodent\/\",\"url\":\"https:\/\/fatordental.com.br\/index.php\/produto\/alginato-ezact-kromm-vigodent\/\",\"name\":\"Alginato Ezact Kromm - Vigodent - Fator Dental\",\"isPartOf\":{\"@id\":\"https:\/\/fatordental.com.br\/#website\"},\"primaryImageOfPage\":{\"@id\":\"https:\/\/fatordental.com.br\/index.php\/produto\/alginato-ezact-kromm-vigodent\/#primaryimage\"},\"image\":{\"@id\":\"https:\/\/fatordental.com.br\/index.php\/produto\/alginato-ezact-kromm-vigodent\/#primaryimage\"},\"thumbnailUrl\":\"https:\/\/fatordental.com.br\/wp-content\/uploads\/2022\/12\/alginato-ezact-kromm-410g-vigodent-297874-dental-cremer.jpg\",\"datePublished\":\"2022-12-27T21:54:37+00:00\",\"dateModified\":\"2023-03-23T13:12:23+00:00\",\"breadcrumb\":{\"@id\":\"https:\/\/fatordental.com.br\/index.php\/produto\/alginato-ezact-kromm-vigodent\/#breadcrumb\"},\"inLanguage\":\"pt-BR\",\"potentialAction\":[{\"@type\":\"ReadAction\",\"target\":[\"https:\/\/fatordental.com.br\/index.php\/produto\/alginato-ezact-kromm-vigodent\/\"]}]},{\"@type\":\"ImageObject\",\"inLanguage\":\"pt-BR\",\"@id\":\"https:\/\/fatordental.com.br\/index.php\/produto\/alginato-ezact-kromm-vigodent\/#primaryimage\",\"url\":\"https:\/\/fatordental.com.br\/wp-content\/uploads\/2022\/12\/alginato-ezact-kromm-410g-vigodent-297874-dental-cremer.jpg\",\"contentUrl\":\"https:\/\/fatordental.com.br\/wp-content\/uploads\/2022\/12\/alginato-ezact-kromm-410g-vigodent-297874-dental-cremer.jpg\",\"width\":800,\"height\":800},{\"@type\":\"BreadcrumbList\",\"@id\":\"https:\/\/fatordental.com.br\/index.php\/produto\/alginato-ezact-kromm-vigodent\/#breadcrumb\",\"itemListElement\":[{\"@type\":\"ListItem\",\"position\":1,\"name\":\"In\u00edcio\",\"item\":\"https:\/\/fatordental.com.br\/\"},{\"@type\":\"ListItem\",\"position\":2,\"name\":\"Produtos\",\"item\":\"https:\/\/fatordental.com.br\/index.php\/produtos\/\"},{\"@type\":\"ListItem\",\"position\":3,\"name\":\"Alginato Ezact Kromm &#8211; Vigodent\"}]},{\"@type\":\"WebSite\",\"@id\":\"https:\/\/fatordental.com.br\/#website\",\"url\":\"https:\/\/fatordental.com.br\/\",\"name\":\"Fator Dental\",\"description\":\"Produtos Ondontol\u00f3gicos\",\"publisher\":{\"@id\":\"https:\/\/fatordental.com.br\/#organization\"},\"potentialAction\":[{\"@type\":\"SearchAction\",\"target\":{\"@type\":\"EntryPoint\",\"urlTemplate\":\"https:\/\/fatordental.com.br\/?s={search_term_string}\"},\"query-input\":{\"@type\":\"PropertyValueSpecification\",\"valueRequired\":true,\"valueName\":\"search_term_string\"}}],\"inLanguage\":\"pt-BR\"},{\"@type\":\"Organization\",\"@id\":\"https:\/\/fatordental.com.br\/#organization\",\"name\":\"Fator Dental\",\"url\":\"https:\/\/fatordental.com.br\/\",\"logo\":{\"@type\":\"ImageObject\",\"inLanguage\":\"pt-BR\",\"@id\":\"https:\/\/fatordental.com.br\/#\/schema\/logo\/image\/\",\"url\":\"https:\/\/fatordental.com.br\/wp-content\/uploads\/2023\/02\/logo_fator.png\",\"contentUrl\":\"https:\/\/fatordental.com.br\/wp-content\/uploads\/2023\/02\/logo_fator.png\",\"width\":400,\"height\":256,\"caption\":\"Fator Dental\"},\"image\":{\"@id\":\"https:\/\/fatordental.com.br\/#\/schema\/logo\/image\/\"},\"sameAs\":[\"https:\/\/www.instagram.com\/fatordental\/\"]}]}<\/script>\n<!-- \/ Yoast SEO plugin. -->","yoast_head_json":{"title":"Alginato Ezact Kromm - Vigodent - Fator Dental","robots":{"index":"index","follow":"follow","max-snippet":"max-snippet:-1","max-image-preview":"max-image-preview:large","max-video-preview":"max-video-preview:-1"},"canonical":"https:\/\/fatordental.com.br\/index.php\/produto\/alginato-ezact-kromm-vigodent\/","og_locale":"pt_BR","og_type":"article","og_title":"Alginato Ezact Kromm - Vigodent - Fator Dental","og_description":"Embalagem com 410g. DETALHES &#8211; Alta elasticidade e resist\u00eancia. &#8211; Textura extra macia \u2013 n\u00e3o comprime a gengiva. &#8211; Presa regular (2 min 45s). &#8211; Impress\u00f5es consistentes e confi\u00e1veis. &#8211; [&hellip;]","og_url":"https:\/\/fatordental.com.br\/index.php\/produto\/alginato-ezact-kromm-vigodent\/","og_site_name":"Fator Dental","article_modified_time":"2023-03-23T13:12:23+00:00","og_image":[{"width":800,"height":800,"url":"https:\/\/fatordental.com.br\/wp-content\/uploads\/2022\/12\/alginato-ezact-kromm-410g-vigodent-297874-dental-cremer.jpg","type":"image\/jpeg"}],"twitter_card":"summary_large_image","twitter_misc":{"Est. tempo de leitura":"1 minuto"},"schema":{"@context":"https:\/\/schema.org","@graph":[{"@type":"WebPage","@id":"https:\/\/fatordental.com.br\/index.php\/produto\/alginato-ezact-kromm-vigodent\/","url":"https:\/\/fatordental.com.br\/index.php\/produto\/alginato-ezact-kromm-vigodent\/","name":"Alginato Ezact Kromm - Vigodent - Fator Dental","isPartOf":{"@id":"https:\/\/fatordental.com.br\/#website"},"primaryImageOfPage":{"@id":"https:\/\/fatordental.com.br\/index.php\/produto\/alginato-ezact-kromm-vigodent\/#primaryimage"},"image":{"@id":"https:\/\/fatordental.com.br\/index.php\/produto\/alginato-ezact-kromm-vigodent\/#primaryimage"},"thumbnailUrl":"https:\/\/fatordental.com.br\/wp-content\/uploads\/2022\/12\/alginato-ezact-kromm-410g-vigodent-297874-dental-cremer.jpg","datePublished":"2022-12-27T21:54:37+00:00","dateModified":"2023-03-23T13:12:23+00:00","breadcrumb":{"@id":"https:\/\/fatordental.com.br\/index.php\/produto\/alginato-ezact-kromm-vigodent\/#breadcrumb"},"inLanguage":"pt-BR","potentialAction":[{"@type":"ReadAction","target":["https:\/\/fatordental.com.br\/index.php\/produto\/alginato-ezact-kromm-vigodent\/"]}]},{"@type":"ImageObject","inLanguage":"pt-BR","@id":"https:\/\/fatordental.com.br\/index.php\/produto\/alginato-ezact-kromm-vigodent\/#primaryimage","url":"https:\/\/fatordental.com.br\/wp-content\/uploads\/2022\/12\/alginato-ezact-kromm-410g-vigodent-297874-dental-cremer.jpg","contentUrl":"https:\/\/fatordental.com.br\/wp-content\/uploads\/2022\/12\/alginato-ezact-kromm-410g-vigodent-297874-dental-cremer.jpg","width":800,"height":800},{"@type":"BreadcrumbList","@id":"https:\/\/fatordental.com.br\/index.php\/produto\/alginato-ezact-kromm-vigodent\/#breadcrumb","itemListElement":[{"@type":"ListItem","position":1,"name":"In\u00edcio","item":"https:\/\/fatordental.com.br\/"},{"@type":"ListItem","position":2,"name":"Produtos","item":"https:\/\/fatordental.com.br\/index.php\/produtos\/"},{"@type":"ListItem","position":3,"name":"Alginato Ezact Kromm &#8211; Vigodent"}]},{"@type":"WebSite","@id":"https:\/\/fatordental.com.br\/#website","url":"https:\/\/fatordental.com.br\/","name":"Fator Dental","description":"Produtos Ondontol\u00f3gicos","publisher":{"@id":"https:\/\/fatordental.com.br\/#organization"},"potentialAction":[{"@type":"SearchAction","target":{"@type":"EntryPoint","urlTemplate":"https:\/\/fatordental.com.br\/?s={search_term_string}"},"query-input":{"@type":"PropertyValueSpecification","valueRequired":true,"valueName":"search_term_string"}}],"inLanguage":"pt-BR"},{"@type":"Organization","@id":"https:\/\/fatordental.com.br\/#organization","name":"Fator Dental","url":"https:\/\/fatordental.com.br\/","logo":{"@type":"ImageObject","inLanguage":"pt-BR","@id":"https:\/\/fatordental.com.br\/#\/schema\/logo\/image\/","url":"https:\/\/fatordental.com.br\/wp-content\/uploads\/2023\/02\/logo_fator.png","contentUrl":"https:\/\/fatordental.com.br\/wp-content\/uploads\/2023\/02\/logo_fator.png","width":400,"height":256,"caption":"Fator Dental"},"image":{"@id":"https:\/\/fatordental.com.br\/#\/schema\/logo\/image\/"},"sameAs":["https:\/\/www.instagram.com\/fatordental\/"]}]}},"_links":{"self":[{"href":"https:\/\/fatordental.com.br\/index.php\/wp-json\/wp\/v2\/product\/705","targetHints":{"allow":["GET"]}}],"collection":[{"href":"https:\/\/fatordental.com.br\/index.php\/wp-json\/wp\/v2\/product"}],"about":[{"href":"https:\/\/fatordental.com.br\/index.php\/wp-json\/wp\/v2\/types\/product"}],"wp:featuredmedia":[{"embeddable":true,"href":"https:\/\/fatordental.com.br\/index.php\/wp-json\/wp\/v2\/media\/706"}],"wp:attachment":[{"href":"https:\/\/fatordental.com.br\/index.php\/wp-json\/wp\/v2\/media?parent=705"}],"wp:term":[{"taxonomy":"product_brand","embeddable":true,"href":"https:\/\/fatordental.com.br\/index.php\/wp-json\/wp\/v2\/product_brand?post=705"},{"taxonomy":"product_cat","embeddable":true,"href":"https:\/\/fatordental.com.br\/index.php\/wp-json\/wp\/v2\/product_cat?post=705"},{"taxonomy":"product_tag","embeddable":true,"href":"https:\/\/fatordental.com.br\/index.php\/wp-json\/wp\/v2\/product_tag?post=705"}],"curies":[{"name":"wp","href":"https:\/\/api.w.org\/{rel}","templated":true}]}}