{"id":643,"date":"2022-11-15T19:58:12","date_gmt":"2022-11-15T22:58:12","guid":{"rendered":"https:\/\/fatordental.com.br\/?post_type=product&#038;p=643"},"modified":"2022-11-22T10:55:20","modified_gmt":"2022-11-22T13:55:20","slug":"tira-de-lixa-de-aco-serrilhada-sawstripe-american-burrs","status":"publish","type":"product","link":"https:\/\/fatordental.com.br\/index.php\/produto\/tira-de-lixa-de-aco-serrilhada-sawstripe-american-burrs\/","title":{"rendered":"Tira de Lixa de A\u00e7o Serrilhada Sawstripe &#8211; American Burrs"},"content":{"rendered":"<p class=\"value\"><strong>Embalagem com 5 unidades.\u00a04mm.<\/strong><\/p>\n<ul>\n<li><strong>DETALHES<\/strong><\/li>\n<\/ul>\n<p>&#8211; Possui uma serra interproximal fabricada com a\u00e7o inoxid\u00e1vel serrilhada \u00e0 laser em uma das extremidades.<br \/>\n&#8211; Tira serrilhada sem abrasivo.<br \/>\n&#8211; Autoclav\u00e1vel.<br \/>\n&#8211; Aplica\u00e7\u00e3o manual.<br \/>\n<strong>Medidas:<\/strong><br \/>\n-Espessura: 0,05 mm.<br \/>\n&#8211; Largura: 4 mm.<br \/>\n&#8211; Comprimento: 150 mm.<br \/>\n&#8211; Refer\u00eancia American Burrs: SAWSTRIPE.<\/p>\n<ul>\n<li><strong>APLICA\u00c7\u00c3O\u00a0<\/strong><\/li>\n<\/ul>\n<p>A\u00a0<strong>Tira de Lixa de A\u00e7o Serrilhada Sawstripe<\/strong>\u00a0da\u00a0<a href=\"https:\/\/www.dentalcremer.com.br\/super-loja\/american-burrs\" target=\"_blank\" rel=\"noopener\"><strong>American Burrs\u00a0<\/strong><\/a>\u00e9 muito procurada pelos profissionais por ser uma tira serrilhada sem abrasivo. Com uma serra interproximal confeccionada em a\u00e7o inoxid\u00e1vel serrilhada \u00e0 laser em uma das suas extremidades, seu uso \u00e9 indicado para a separa\u00e7\u00e3o interdental e remo\u00e7\u00e3o do excesso de material de cimenta\u00e7\u00e3o interdental, sem rompimento do ponto de contato.<\/p>\n","protected":false},"excerpt":{"rendered":"<p>Embalagem com 5 unidades.\u00a04mm. DETALHES &#8211; Possui uma serra interproximal fabricada com a\u00e7o inoxid\u00e1vel serrilhada \u00e0 laser em uma das extremidades. &#8211; Tira serrilhada sem abrasivo. &#8211; Autoclav\u00e1vel. &#8211; Aplica\u00e7\u00e3o [&hellip;]<\/p>\n","protected":false},"featured_media":644,"template":"","meta":[],"product_brand":[],"product_cat":[75,51],"product_tag":[],"class_list":{"0":"post-643","1":"product","2":"type-product","3":"status-publish","4":"has-post-thumbnail","6":"product_cat-acabamento-e-polimento","7":"product_cat-dentistica-e-estetica","9":"first","10":"instock","11":"featured","12":"shipping-taxable","13":"product-type-simple"},"yoast_head":"<!-- This site is optimized with the Yoast SEO plugin v26.8 - https:\/\/yoast.com\/product\/yoast-seo-wordpress\/ -->\n<title>Tira de Lixa de A\u00e7o Serrilhada Sawstripe - American Burrs - Fator Dental<\/title>\n<meta name=\"robots\" content=\"index, follow, max-snippet:-1, max-image-preview:large, max-video-preview:-1\" \/>\n<link rel=\"canonical\" href=\"https:\/\/fatordental.com.br\/index.php\/produto\/tira-de-lixa-de-aco-serrilhada-sawstripe-american-burrs\/\" \/>\n<meta property=\"og:locale\" content=\"pt_BR\" \/>\n<meta property=\"og:type\" content=\"article\" \/>\n<meta property=\"og:title\" content=\"Tira de Lixa de A\u00e7o Serrilhada Sawstripe - American Burrs - Fator Dental\" \/>\n<meta property=\"og:description\" content=\"Embalagem com 5 unidades.\u00a04mm. DETALHES &#8211; Possui uma serra interproximal fabricada com a\u00e7o inoxid\u00e1vel serrilhada \u00e0 laser em uma das extremidades. &#8211; Tira serrilhada sem abrasivo. &#8211; Autoclav\u00e1vel. &#8211; Aplica\u00e7\u00e3o [&hellip;]\" \/>\n<meta property=\"og:url\" content=\"https:\/\/fatordental.com.br\/index.php\/produto\/tira-de-lixa-de-aco-serrilhada-sawstripe-american-burrs\/\" \/>\n<meta property=\"og:site_name\" content=\"Fator Dental\" \/>\n<meta property=\"article:modified_time\" content=\"2022-11-22T13:55:20+00:00\" \/>\n<meta property=\"og:image\" content=\"https:\/\/fatordental.com.br\/wp-content\/uploads\/2022\/11\/embalagem-tira-de-lixa-de-aco-serrilhada-sawstripe-4mm-american-burrs-121184.jpg\" \/>\n\t<meta property=\"og:image:width\" content=\"800\" \/>\n\t<meta property=\"og:image:height\" content=\"800\" \/>\n\t<meta property=\"og:image:type\" content=\"image\/jpeg\" \/>\n<meta name=\"twitter:card\" content=\"summary_large_image\" \/>\n<meta name=\"twitter:label1\" content=\"Est. tempo de leitura\" \/>\n\t<meta name=\"twitter:data1\" content=\"1 minuto\" \/>\n<script type=\"application\/ld+json\" class=\"yoast-schema-graph\">{\"@context\":\"https:\/\/schema.org\",\"@graph\":[{\"@type\":\"WebPage\",\"@id\":\"https:\/\/fatordental.com.br\/index.php\/produto\/tira-de-lixa-de-aco-serrilhada-sawstripe-american-burrs\/\",\"url\":\"https:\/\/fatordental.com.br\/index.php\/produto\/tira-de-lixa-de-aco-serrilhada-sawstripe-american-burrs\/\",\"name\":\"Tira de Lixa de A\u00e7o Serrilhada Sawstripe - American Burrs - Fator Dental\",\"isPartOf\":{\"@id\":\"https:\/\/fatordental.com.br\/#website\"},\"primaryImageOfPage\":{\"@id\":\"https:\/\/fatordental.com.br\/index.php\/produto\/tira-de-lixa-de-aco-serrilhada-sawstripe-american-burrs\/#primaryimage\"},\"image\":{\"@id\":\"https:\/\/fatordental.com.br\/index.php\/produto\/tira-de-lixa-de-aco-serrilhada-sawstripe-american-burrs\/#primaryimage\"},\"thumbnailUrl\":\"https:\/\/fatordental.com.br\/wp-content\/uploads\/2022\/11\/embalagem-tira-de-lixa-de-aco-serrilhada-sawstripe-4mm-american-burrs-121184.jpg\",\"datePublished\":\"2022-11-15T22:58:12+00:00\",\"dateModified\":\"2022-11-22T13:55:20+00:00\",\"breadcrumb\":{\"@id\":\"https:\/\/fatordental.com.br\/index.php\/produto\/tira-de-lixa-de-aco-serrilhada-sawstripe-american-burrs\/#breadcrumb\"},\"inLanguage\":\"pt-BR\",\"potentialAction\":[{\"@type\":\"ReadAction\",\"target\":[\"https:\/\/fatordental.com.br\/index.php\/produto\/tira-de-lixa-de-aco-serrilhada-sawstripe-american-burrs\/\"]}]},{\"@type\":\"ImageObject\",\"inLanguage\":\"pt-BR\",\"@id\":\"https:\/\/fatordental.com.br\/index.php\/produto\/tira-de-lixa-de-aco-serrilhada-sawstripe-american-burrs\/#primaryimage\",\"url\":\"https:\/\/fatordental.com.br\/wp-content\/uploads\/2022\/11\/embalagem-tira-de-lixa-de-aco-serrilhada-sawstripe-4mm-american-burrs-121184.jpg\",\"contentUrl\":\"https:\/\/fatordental.com.br\/wp-content\/uploads\/2022\/11\/embalagem-tira-de-lixa-de-aco-serrilhada-sawstripe-4mm-american-burrs-121184.jpg\",\"width\":800,\"height\":800},{\"@type\":\"BreadcrumbList\",\"@id\":\"https:\/\/fatordental.com.br\/index.php\/produto\/tira-de-lixa-de-aco-serrilhada-sawstripe-american-burrs\/#breadcrumb\",\"itemListElement\":[{\"@type\":\"ListItem\",\"position\":1,\"name\":\"In\u00edcio\",\"item\":\"https:\/\/fatordental.com.br\/\"},{\"@type\":\"ListItem\",\"position\":2,\"name\":\"Produtos\",\"item\":\"https:\/\/fatordental.com.br\/index.php\/produtos\/\"},{\"@type\":\"ListItem\",\"position\":3,\"name\":\"Tira de Lixa de A\u00e7o Serrilhada Sawstripe &#8211; American Burrs\"}]},{\"@type\":\"WebSite\",\"@id\":\"https:\/\/fatordental.com.br\/#website\",\"url\":\"https:\/\/fatordental.com.br\/\",\"name\":\"Fator Dental\",\"description\":\"Produtos Ondontol\u00f3gicos\",\"publisher\":{\"@id\":\"https:\/\/fatordental.com.br\/#organization\"},\"potentialAction\":[{\"@type\":\"SearchAction\",\"target\":{\"@type\":\"EntryPoint\",\"urlTemplate\":\"https:\/\/fatordental.com.br\/?s={search_term_string}\"},\"query-input\":{\"@type\":\"PropertyValueSpecification\",\"valueRequired\":true,\"valueName\":\"search_term_string\"}}],\"inLanguage\":\"pt-BR\"},{\"@type\":\"Organization\",\"@id\":\"https:\/\/fatordental.com.br\/#organization\",\"name\":\"Fator Dental\",\"url\":\"https:\/\/fatordental.com.br\/\",\"logo\":{\"@type\":\"ImageObject\",\"inLanguage\":\"pt-BR\",\"@id\":\"https:\/\/fatordental.com.br\/#\/schema\/logo\/image\/\",\"url\":\"https:\/\/fatordental.com.br\/wp-content\/uploads\/2023\/02\/logo_fator.png\",\"contentUrl\":\"https:\/\/fatordental.com.br\/wp-content\/uploads\/2023\/02\/logo_fator.png\",\"width\":400,\"height\":256,\"caption\":\"Fator Dental\"},\"image\":{\"@id\":\"https:\/\/fatordental.com.br\/#\/schema\/logo\/image\/\"},\"sameAs\":[\"https:\/\/www.instagram.com\/fatordental\/\"]}]}<\/script>\n<!-- \/ Yoast SEO plugin. -->","yoast_head_json":{"title":"Tira de Lixa de A\u00e7o Serrilhada Sawstripe - American Burrs - Fator Dental","robots":{"index":"index","follow":"follow","max-snippet":"max-snippet:-1","max-image-preview":"max-image-preview:large","max-video-preview":"max-video-preview:-1"},"canonical":"https:\/\/fatordental.com.br\/index.php\/produto\/tira-de-lixa-de-aco-serrilhada-sawstripe-american-burrs\/","og_locale":"pt_BR","og_type":"article","og_title":"Tira de Lixa de A\u00e7o Serrilhada Sawstripe - American Burrs - Fator Dental","og_description":"Embalagem com 5 unidades.\u00a04mm. DETALHES &#8211; Possui uma serra interproximal fabricada com a\u00e7o inoxid\u00e1vel serrilhada \u00e0 laser em uma das extremidades. &#8211; Tira serrilhada sem abrasivo. &#8211; Autoclav\u00e1vel. &#8211; Aplica\u00e7\u00e3o [&hellip;]","og_url":"https:\/\/fatordental.com.br\/index.php\/produto\/tira-de-lixa-de-aco-serrilhada-sawstripe-american-burrs\/","og_site_name":"Fator Dental","article_modified_time":"2022-11-22T13:55:20+00:00","og_image":[{"width":800,"height":800,"url":"https:\/\/fatordental.com.br\/wp-content\/uploads\/2022\/11\/embalagem-tira-de-lixa-de-aco-serrilhada-sawstripe-4mm-american-burrs-121184.jpg","type":"image\/jpeg"}],"twitter_card":"summary_large_image","twitter_misc":{"Est. tempo de leitura":"1 minuto"},"schema":{"@context":"https:\/\/schema.org","@graph":[{"@type":"WebPage","@id":"https:\/\/fatordental.com.br\/index.php\/produto\/tira-de-lixa-de-aco-serrilhada-sawstripe-american-burrs\/","url":"https:\/\/fatordental.com.br\/index.php\/produto\/tira-de-lixa-de-aco-serrilhada-sawstripe-american-burrs\/","name":"Tira de Lixa de A\u00e7o Serrilhada Sawstripe - American Burrs - Fator Dental","isPartOf":{"@id":"https:\/\/fatordental.com.br\/#website"},"primaryImageOfPage":{"@id":"https:\/\/fatordental.com.br\/index.php\/produto\/tira-de-lixa-de-aco-serrilhada-sawstripe-american-burrs\/#primaryimage"},"image":{"@id":"https:\/\/fatordental.com.br\/index.php\/produto\/tira-de-lixa-de-aco-serrilhada-sawstripe-american-burrs\/#primaryimage"},"thumbnailUrl":"https:\/\/fatordental.com.br\/wp-content\/uploads\/2022\/11\/embalagem-tira-de-lixa-de-aco-serrilhada-sawstripe-4mm-american-burrs-121184.jpg","datePublished":"2022-11-15T22:58:12+00:00","dateModified":"2022-11-22T13:55:20+00:00","breadcrumb":{"@id":"https:\/\/fatordental.com.br\/index.php\/produto\/tira-de-lixa-de-aco-serrilhada-sawstripe-american-burrs\/#breadcrumb"},"inLanguage":"pt-BR","potentialAction":[{"@type":"ReadAction","target":["https:\/\/fatordental.com.br\/index.php\/produto\/tira-de-lixa-de-aco-serrilhada-sawstripe-american-burrs\/"]}]},{"@type":"ImageObject","inLanguage":"pt-BR","@id":"https:\/\/fatordental.com.br\/index.php\/produto\/tira-de-lixa-de-aco-serrilhada-sawstripe-american-burrs\/#primaryimage","url":"https:\/\/fatordental.com.br\/wp-content\/uploads\/2022\/11\/embalagem-tira-de-lixa-de-aco-serrilhada-sawstripe-4mm-american-burrs-121184.jpg","contentUrl":"https:\/\/fatordental.com.br\/wp-content\/uploads\/2022\/11\/embalagem-tira-de-lixa-de-aco-serrilhada-sawstripe-4mm-american-burrs-121184.jpg","width":800,"height":800},{"@type":"BreadcrumbList","@id":"https:\/\/fatordental.com.br\/index.php\/produto\/tira-de-lixa-de-aco-serrilhada-sawstripe-american-burrs\/#breadcrumb","itemListElement":[{"@type":"ListItem","position":1,"name":"In\u00edcio","item":"https:\/\/fatordental.com.br\/"},{"@type":"ListItem","position":2,"name":"Produtos","item":"https:\/\/fatordental.com.br\/index.php\/produtos\/"},{"@type":"ListItem","position":3,"name":"Tira de Lixa de A\u00e7o Serrilhada Sawstripe &#8211; American Burrs"}]},{"@type":"WebSite","@id":"https:\/\/fatordental.com.br\/#website","url":"https:\/\/fatordental.com.br\/","name":"Fator Dental","description":"Produtos Ondontol\u00f3gicos","publisher":{"@id":"https:\/\/fatordental.com.br\/#organization"},"potentialAction":[{"@type":"SearchAction","target":{"@type":"EntryPoint","urlTemplate":"https:\/\/fatordental.com.br\/?s={search_term_string}"},"query-input":{"@type":"PropertyValueSpecification","valueRequired":true,"valueName":"search_term_string"}}],"inLanguage":"pt-BR"},{"@type":"Organization","@id":"https:\/\/fatordental.com.br\/#organization","name":"Fator Dental","url":"https:\/\/fatordental.com.br\/","logo":{"@type":"ImageObject","inLanguage":"pt-BR","@id":"https:\/\/fatordental.com.br\/#\/schema\/logo\/image\/","url":"https:\/\/fatordental.com.br\/wp-content\/uploads\/2023\/02\/logo_fator.png","contentUrl":"https:\/\/fatordental.com.br\/wp-content\/uploads\/2023\/02\/logo_fator.png","width":400,"height":256,"caption":"Fator Dental"},"image":{"@id":"https:\/\/fatordental.com.br\/#\/schema\/logo\/image\/"},"sameAs":["https:\/\/www.instagram.com\/fatordental\/"]}]}},"_links":{"self":[{"href":"https:\/\/fatordental.com.br\/index.php\/wp-json\/wp\/v2\/product\/643","targetHints":{"allow":["GET"]}}],"collection":[{"href":"https:\/\/fatordental.com.br\/index.php\/wp-json\/wp\/v2\/product"}],"about":[{"href":"https:\/\/fatordental.com.br\/index.php\/wp-json\/wp\/v2\/types\/product"}],"wp:featuredmedia":[{"embeddable":true,"href":"https:\/\/fatordental.com.br\/index.php\/wp-json\/wp\/v2\/media\/644"}],"wp:attachment":[{"href":"https:\/\/fatordental.com.br\/index.php\/wp-json\/wp\/v2\/media?parent=643"}],"wp:term":[{"taxonomy":"product_brand","embeddable":true,"href":"https:\/\/fatordental.com.br\/index.php\/wp-json\/wp\/v2\/product_brand?post=643"},{"taxonomy":"product_cat","embeddable":true,"href":"https:\/\/fatordental.com.br\/index.php\/wp-json\/wp\/v2\/product_cat?post=643"},{"taxonomy":"product_tag","embeddable":true,"href":"https:\/\/fatordental.com.br\/index.php\/wp-json\/wp\/v2\/product_tag?post=643"}],"curies":[{"name":"wp","href":"https:\/\/api.w.org\/{rel}","templated":true}]}}