{"id":615,"date":"2022-11-15T16:58:45","date_gmt":"2022-11-15T19:58:45","guid":{"rendered":"https:\/\/fatordental.com.br\/?post_type=product&#038;p=615"},"modified":"2022-11-19T12:39:07","modified_gmt":"2022-11-19T15:39:07","slug":"k21p1l-polidor-de-alto-brilho-em-resina-composta-com-haste-ca-ca-contra-angulo-dhpro","status":"publish","type":"product","link":"https:\/\/fatordental.com.br\/index.php\/produto\/k21p1l-polidor-de-alto-brilho-em-resina-composta-com-haste-ca-ca-contra-angulo-dhpro\/","title":{"rendered":"K21P1L | Polidor de Alto brilho em Resina Composta com Haste CA | CA &#8211; Contra \u00c2ngulo &#8211; Dhpro"},"content":{"rendered":"<p><strong>Embalagem com 1 unidade.<\/strong><\/p>\n<ul>\n<li><strong>DETALHES<\/strong><\/li>\n<\/ul>\n<p>&#8211; Abrasivo para Brilho Final de Resina Foto e Resina<\/p>\n<p>&#8211; Registro MS\u00a080361810005<\/p>\n<p>Rota\u00e7\u00e3o m\u00e1xima:\u00a012.000 rpm<\/p>\n<p>&#8211; LAN\u00c7AMENTO S\u00c9RIE COMP para ALTO BRILHO em RESINAS FOTO (Cer\u00f4meros) E RESINAS ACR\u00cdLICAS<\/p>\n<p>&#8211; INCR\u00cdVEL LAN\u00c7AMENTO \u2013 PERMITE ACABAMENTO E ALTO BRILHO EM \u00daNICO PASSO \u2013ALTA DURABILIDADE<\/p>\n<p>&#8211; Sua composi\u00e7\u00e3o especial com part\u00edculas abrasivas super finas e aditivos lip\u00eddicos, assegura rapidamente em \u00fanico passo, remo\u00e7\u00e3o de riscos e INCOMPAR\u00c1VEL BRILHO,<\/p>\n<p>&#8211; Extra Macio, Flex\u00edvel<\/p>\n<p>&#8211; Baixo Aquecimento<\/p>\n<p>&#8211; Excelente Durabilidade<\/p>\n<p>&#8211; Granulometria Ultra Fina<\/p>\n<p>&#8211; Velocidade de Rota\u00e7\u00e3o 7.000 a 12.000 RPM.<\/p>\n","protected":false},"excerpt":{"rendered":"<p>Embalagem com 1 unidade. DETALHES &#8211; Abrasivo para Brilho Final de Resina Foto e Resina &#8211; Registro MS\u00a080361810005 Rota\u00e7\u00e3o m\u00e1xima:\u00a012.000 rpm &#8211; LAN\u00c7AMENTO S\u00c9RIE COMP para ALTO BRILHO em RESINAS [&hellip;]<\/p>\n","protected":false},"featured_media":616,"template":"","meta":[],"product_brand":[],"product_cat":[75,51],"product_tag":[],"class_list":{"0":"post-615","1":"product","2":"type-product","3":"status-publish","4":"has-post-thumbnail","6":"product_cat-acabamento-e-polimento","7":"product_cat-dentistica-e-estetica","9":"first","10":"instock","11":"shipping-taxable","12":"product-type-simple"},"yoast_head":"<!-- This site is optimized with the Yoast SEO plugin v26.8 - https:\/\/yoast.com\/product\/yoast-seo-wordpress\/ -->\n<title>K21P1L | Polidor de Alto brilho em Resina Composta com Haste CA | CA - Contra \u00c2ngulo - Dhpro - Fator Dental<\/title>\n<meta name=\"robots\" content=\"index, follow, max-snippet:-1, max-image-preview:large, max-video-preview:-1\" \/>\n<link rel=\"canonical\" href=\"https:\/\/fatordental.com.br\/index.php\/produto\/k21p1l-polidor-de-alto-brilho-em-resina-composta-com-haste-ca-ca-contra-angulo-dhpro\/\" \/>\n<meta property=\"og:locale\" content=\"pt_BR\" \/>\n<meta property=\"og:type\" content=\"article\" \/>\n<meta property=\"og:title\" content=\"K21P1L | Polidor de Alto brilho em Resina Composta com Haste CA | CA - Contra \u00c2ngulo - Dhpro - Fator Dental\" \/>\n<meta property=\"og:description\" content=\"Embalagem com 1 unidade. DETALHES &#8211; Abrasivo para Brilho Final de Resina Foto e Resina &#8211; Registro MS\u00a080361810005 Rota\u00e7\u00e3o m\u00e1xima:\u00a012.000 rpm &#8211; LAN\u00c7AMENTO S\u00c9RIE COMP para ALTO BRILHO em RESINAS [&hellip;]\" \/>\n<meta property=\"og:url\" content=\"https:\/\/fatordental.com.br\/index.php\/produto\/k21p1l-polidor-de-alto-brilho-em-resina-composta-com-haste-ca-ca-contra-angulo-dhpro\/\" \/>\n<meta property=\"og:site_name\" content=\"Fator Dental\" \/>\n<meta property=\"article:modified_time\" content=\"2022-11-19T15:39:07+00:00\" \/>\n<meta property=\"og:image\" content=\"https:\/\/fatordental.com.br\/wp-content\/uploads\/2022\/11\/WhatsApp-Image-2022-11-15-at-16.48.52.jpeg\" \/>\n\t<meta property=\"og:image:width\" content=\"602\" \/>\n\t<meta property=\"og:image:height\" content=\"654\" \/>\n\t<meta property=\"og:image:type\" content=\"image\/jpeg\" \/>\n<meta name=\"twitter:card\" content=\"summary_large_image\" \/>\n<meta name=\"twitter:label1\" content=\"Est. tempo de leitura\" \/>\n\t<meta name=\"twitter:data1\" content=\"1 minuto\" \/>\n<script type=\"application\/ld+json\" class=\"yoast-schema-graph\">{\"@context\":\"https:\/\/schema.org\",\"@graph\":[{\"@type\":\"WebPage\",\"@id\":\"https:\/\/fatordental.com.br\/index.php\/produto\/k21p1l-polidor-de-alto-brilho-em-resina-composta-com-haste-ca-ca-contra-angulo-dhpro\/\",\"url\":\"https:\/\/fatordental.com.br\/index.php\/produto\/k21p1l-polidor-de-alto-brilho-em-resina-composta-com-haste-ca-ca-contra-angulo-dhpro\/\",\"name\":\"K21P1L | Polidor de Alto brilho em Resina Composta com Haste CA | CA - Contra \u00c2ngulo - Dhpro - Fator Dental\",\"isPartOf\":{\"@id\":\"https:\/\/fatordental.com.br\/#website\"},\"primaryImageOfPage\":{\"@id\":\"https:\/\/fatordental.com.br\/index.php\/produto\/k21p1l-polidor-de-alto-brilho-em-resina-composta-com-haste-ca-ca-contra-angulo-dhpro\/#primaryimage\"},\"image\":{\"@id\":\"https:\/\/fatordental.com.br\/index.php\/produto\/k21p1l-polidor-de-alto-brilho-em-resina-composta-com-haste-ca-ca-contra-angulo-dhpro\/#primaryimage\"},\"thumbnailUrl\":\"https:\/\/fatordental.com.br\/wp-content\/uploads\/2022\/11\/WhatsApp-Image-2022-11-15-at-16.48.52.jpeg\",\"datePublished\":\"2022-11-15T19:58:45+00:00\",\"dateModified\":\"2022-11-19T15:39:07+00:00\",\"breadcrumb\":{\"@id\":\"https:\/\/fatordental.com.br\/index.php\/produto\/k21p1l-polidor-de-alto-brilho-em-resina-composta-com-haste-ca-ca-contra-angulo-dhpro\/#breadcrumb\"},\"inLanguage\":\"pt-BR\",\"potentialAction\":[{\"@type\":\"ReadAction\",\"target\":[\"https:\/\/fatordental.com.br\/index.php\/produto\/k21p1l-polidor-de-alto-brilho-em-resina-composta-com-haste-ca-ca-contra-angulo-dhpro\/\"]}]},{\"@type\":\"ImageObject\",\"inLanguage\":\"pt-BR\",\"@id\":\"https:\/\/fatordental.com.br\/index.php\/produto\/k21p1l-polidor-de-alto-brilho-em-resina-composta-com-haste-ca-ca-contra-angulo-dhpro\/#primaryimage\",\"url\":\"https:\/\/fatordental.com.br\/wp-content\/uploads\/2022\/11\/WhatsApp-Image-2022-11-15-at-16.48.52.jpeg\",\"contentUrl\":\"https:\/\/fatordental.com.br\/wp-content\/uploads\/2022\/11\/WhatsApp-Image-2022-11-15-at-16.48.52.jpeg\",\"width\":602,\"height\":654},{\"@type\":\"BreadcrumbList\",\"@id\":\"https:\/\/fatordental.com.br\/index.php\/produto\/k21p1l-polidor-de-alto-brilho-em-resina-composta-com-haste-ca-ca-contra-angulo-dhpro\/#breadcrumb\",\"itemListElement\":[{\"@type\":\"ListItem\",\"position\":1,\"name\":\"In\u00edcio\",\"item\":\"https:\/\/fatordental.com.br\/\"},{\"@type\":\"ListItem\",\"position\":2,\"name\":\"Produtos\",\"item\":\"https:\/\/fatordental.com.br\/index.php\/produtos\/\"},{\"@type\":\"ListItem\",\"position\":3,\"name\":\"K21P1L | Polidor de Alto brilho em Resina Composta com Haste CA | CA &#8211; Contra \u00c2ngulo &#8211; Dhpro\"}]},{\"@type\":\"WebSite\",\"@id\":\"https:\/\/fatordental.com.br\/#website\",\"url\":\"https:\/\/fatordental.com.br\/\",\"name\":\"Fator Dental\",\"description\":\"Produtos Ondontol\u00f3gicos\",\"publisher\":{\"@id\":\"https:\/\/fatordental.com.br\/#organization\"},\"potentialAction\":[{\"@type\":\"SearchAction\",\"target\":{\"@type\":\"EntryPoint\",\"urlTemplate\":\"https:\/\/fatordental.com.br\/?s={search_term_string}\"},\"query-input\":{\"@type\":\"PropertyValueSpecification\",\"valueRequired\":true,\"valueName\":\"search_term_string\"}}],\"inLanguage\":\"pt-BR\"},{\"@type\":\"Organization\",\"@id\":\"https:\/\/fatordental.com.br\/#organization\",\"name\":\"Fator Dental\",\"url\":\"https:\/\/fatordental.com.br\/\",\"logo\":{\"@type\":\"ImageObject\",\"inLanguage\":\"pt-BR\",\"@id\":\"https:\/\/fatordental.com.br\/#\/schema\/logo\/image\/\",\"url\":\"https:\/\/fatordental.com.br\/wp-content\/uploads\/2023\/02\/logo_fator.png\",\"contentUrl\":\"https:\/\/fatordental.com.br\/wp-content\/uploads\/2023\/02\/logo_fator.png\",\"width\":400,\"height\":256,\"caption\":\"Fator Dental\"},\"image\":{\"@id\":\"https:\/\/fatordental.com.br\/#\/schema\/logo\/image\/\"},\"sameAs\":[\"https:\/\/www.instagram.com\/fatordental\/\"]}]}<\/script>\n<!-- \/ Yoast SEO plugin. -->","yoast_head_json":{"title":"K21P1L | Polidor de Alto brilho em Resina Composta com Haste CA | CA - Contra \u00c2ngulo - Dhpro - Fator Dental","robots":{"index":"index","follow":"follow","max-snippet":"max-snippet:-1","max-image-preview":"max-image-preview:large","max-video-preview":"max-video-preview:-1"},"canonical":"https:\/\/fatordental.com.br\/index.php\/produto\/k21p1l-polidor-de-alto-brilho-em-resina-composta-com-haste-ca-ca-contra-angulo-dhpro\/","og_locale":"pt_BR","og_type":"article","og_title":"K21P1L | Polidor de Alto brilho em Resina Composta com Haste CA | CA - Contra \u00c2ngulo - Dhpro - Fator Dental","og_description":"Embalagem com 1 unidade. DETALHES &#8211; Abrasivo para Brilho Final de Resina Foto e Resina &#8211; Registro MS\u00a080361810005 Rota\u00e7\u00e3o m\u00e1xima:\u00a012.000 rpm &#8211; LAN\u00c7AMENTO S\u00c9RIE COMP para ALTO BRILHO em RESINAS [&hellip;]","og_url":"https:\/\/fatordental.com.br\/index.php\/produto\/k21p1l-polidor-de-alto-brilho-em-resina-composta-com-haste-ca-ca-contra-angulo-dhpro\/","og_site_name":"Fator Dental","article_modified_time":"2022-11-19T15:39:07+00:00","og_image":[{"width":602,"height":654,"url":"https:\/\/fatordental.com.br\/wp-content\/uploads\/2022\/11\/WhatsApp-Image-2022-11-15-at-16.48.52.jpeg","type":"image\/jpeg"}],"twitter_card":"summary_large_image","twitter_misc":{"Est. tempo de leitura":"1 minuto"},"schema":{"@context":"https:\/\/schema.org","@graph":[{"@type":"WebPage","@id":"https:\/\/fatordental.com.br\/index.php\/produto\/k21p1l-polidor-de-alto-brilho-em-resina-composta-com-haste-ca-ca-contra-angulo-dhpro\/","url":"https:\/\/fatordental.com.br\/index.php\/produto\/k21p1l-polidor-de-alto-brilho-em-resina-composta-com-haste-ca-ca-contra-angulo-dhpro\/","name":"K21P1L | Polidor de Alto brilho em Resina Composta com Haste CA | CA - Contra \u00c2ngulo - Dhpro - Fator Dental","isPartOf":{"@id":"https:\/\/fatordental.com.br\/#website"},"primaryImageOfPage":{"@id":"https:\/\/fatordental.com.br\/index.php\/produto\/k21p1l-polidor-de-alto-brilho-em-resina-composta-com-haste-ca-ca-contra-angulo-dhpro\/#primaryimage"},"image":{"@id":"https:\/\/fatordental.com.br\/index.php\/produto\/k21p1l-polidor-de-alto-brilho-em-resina-composta-com-haste-ca-ca-contra-angulo-dhpro\/#primaryimage"},"thumbnailUrl":"https:\/\/fatordental.com.br\/wp-content\/uploads\/2022\/11\/WhatsApp-Image-2022-11-15-at-16.48.52.jpeg","datePublished":"2022-11-15T19:58:45+00:00","dateModified":"2022-11-19T15:39:07+00:00","breadcrumb":{"@id":"https:\/\/fatordental.com.br\/index.php\/produto\/k21p1l-polidor-de-alto-brilho-em-resina-composta-com-haste-ca-ca-contra-angulo-dhpro\/#breadcrumb"},"inLanguage":"pt-BR","potentialAction":[{"@type":"ReadAction","target":["https:\/\/fatordental.com.br\/index.php\/produto\/k21p1l-polidor-de-alto-brilho-em-resina-composta-com-haste-ca-ca-contra-angulo-dhpro\/"]}]},{"@type":"ImageObject","inLanguage":"pt-BR","@id":"https:\/\/fatordental.com.br\/index.php\/produto\/k21p1l-polidor-de-alto-brilho-em-resina-composta-com-haste-ca-ca-contra-angulo-dhpro\/#primaryimage","url":"https:\/\/fatordental.com.br\/wp-content\/uploads\/2022\/11\/WhatsApp-Image-2022-11-15-at-16.48.52.jpeg","contentUrl":"https:\/\/fatordental.com.br\/wp-content\/uploads\/2022\/11\/WhatsApp-Image-2022-11-15-at-16.48.52.jpeg","width":602,"height":654},{"@type":"BreadcrumbList","@id":"https:\/\/fatordental.com.br\/index.php\/produto\/k21p1l-polidor-de-alto-brilho-em-resina-composta-com-haste-ca-ca-contra-angulo-dhpro\/#breadcrumb","itemListElement":[{"@type":"ListItem","position":1,"name":"In\u00edcio","item":"https:\/\/fatordental.com.br\/"},{"@type":"ListItem","position":2,"name":"Produtos","item":"https:\/\/fatordental.com.br\/index.php\/produtos\/"},{"@type":"ListItem","position":3,"name":"K21P1L | Polidor de Alto brilho em Resina Composta com Haste CA | CA &#8211; Contra \u00c2ngulo &#8211; Dhpro"}]},{"@type":"WebSite","@id":"https:\/\/fatordental.com.br\/#website","url":"https:\/\/fatordental.com.br\/","name":"Fator Dental","description":"Produtos Ondontol\u00f3gicos","publisher":{"@id":"https:\/\/fatordental.com.br\/#organization"},"potentialAction":[{"@type":"SearchAction","target":{"@type":"EntryPoint","urlTemplate":"https:\/\/fatordental.com.br\/?s={search_term_string}"},"query-input":{"@type":"PropertyValueSpecification","valueRequired":true,"valueName":"search_term_string"}}],"inLanguage":"pt-BR"},{"@type":"Organization","@id":"https:\/\/fatordental.com.br\/#organization","name":"Fator Dental","url":"https:\/\/fatordental.com.br\/","logo":{"@type":"ImageObject","inLanguage":"pt-BR","@id":"https:\/\/fatordental.com.br\/#\/schema\/logo\/image\/","url":"https:\/\/fatordental.com.br\/wp-content\/uploads\/2023\/02\/logo_fator.png","contentUrl":"https:\/\/fatordental.com.br\/wp-content\/uploads\/2023\/02\/logo_fator.png","width":400,"height":256,"caption":"Fator Dental"},"image":{"@id":"https:\/\/fatordental.com.br\/#\/schema\/logo\/image\/"},"sameAs":["https:\/\/www.instagram.com\/fatordental\/"]}]}},"_links":{"self":[{"href":"https:\/\/fatordental.com.br\/index.php\/wp-json\/wp\/v2\/product\/615","targetHints":{"allow":["GET"]}}],"collection":[{"href":"https:\/\/fatordental.com.br\/index.php\/wp-json\/wp\/v2\/product"}],"about":[{"href":"https:\/\/fatordental.com.br\/index.php\/wp-json\/wp\/v2\/types\/product"}],"wp:featuredmedia":[{"embeddable":true,"href":"https:\/\/fatordental.com.br\/index.php\/wp-json\/wp\/v2\/media\/616"}],"wp:attachment":[{"href":"https:\/\/fatordental.com.br\/index.php\/wp-json\/wp\/v2\/media?parent=615"}],"wp:term":[{"taxonomy":"product_brand","embeddable":true,"href":"https:\/\/fatordental.com.br\/index.php\/wp-json\/wp\/v2\/product_brand?post=615"},{"taxonomy":"product_cat","embeddable":true,"href":"https:\/\/fatordental.com.br\/index.php\/wp-json\/wp\/v2\/product_cat?post=615"},{"taxonomy":"product_tag","embeddable":true,"href":"https:\/\/fatordental.com.br\/index.php\/wp-json\/wp\/v2\/product_tag?post=615"}],"curies":[{"name":"wp","href":"https:\/\/api.w.org\/{rel}","templated":true}]}}