{"id":582,"date":"2022-11-15T14:00:26","date_gmt":"2022-11-15T17:00:26","guid":{"rendered":"https:\/\/fatordental.com.br\/?post_type=product&#038;p=582"},"modified":"2022-11-15T14:00:27","modified_gmt":"2022-11-15T17:00:27","slug":"lamina-de-bisturi-15c-de-aco-carbono-esteril-solidor","status":"publish","type":"product","link":"https:\/\/fatordental.com.br\/index.php\/produto\/lamina-de-bisturi-15c-de-aco-carbono-esteril-solidor\/","title":{"rendered":"L\u00e2mina de Bisturi 15c de A\u00e7o Carbono Est\u00e9ril &#8211; Solidor"},"content":{"rendered":"<p class=\"value\"><strong>Embalagem com 100 unidades.<\/strong><\/p>\n<ul>\n<li><strong>DETALHES<\/strong><\/li>\n<\/ul>\n<p>&#8211; L\u00e2mina de bisturi descart\u00e1vel de a\u00e7o carbono.<br \/>\n&#8211; Est\u00e9ril &#8211; Esterilizada por raio gama.<br \/>\n&#8211; Produto de uso \u00fanico.<br \/>\n&#8211; Produto importado.<\/p>\n<ul>\n<li><strong>APLICA\u00c7\u00c3O<\/strong><\/li>\n<\/ul>\n<p>A\u00a0<strong>L\u00e2mina de Bisturi de A\u00e7o Carbono Est\u00e9ril<\/strong>\u00a0fabricada pela\u00a0<strong>Solidor<\/strong>\u00a0\u00e9 indicada para a realiza\u00e7\u00e3o de incis\u00f5es em pele e tecidos e na retirada de pontos provenientes de procedimentos cir\u00fargicos.<\/p>\n<p>Possui corte extremamente afiado e apresenta alta durabilidade. Seus diferentes formatos asseguram incis\u00f5es precisas, consistentes e est\u00e1veis.<\/p>\n","protected":false},"excerpt":{"rendered":"<p>Embalagem com 100 unidades. DETALHES &#8211; L\u00e2mina de bisturi descart\u00e1vel de a\u00e7o carbono. &#8211; Est\u00e9ril &#8211; Esterilizada por raio gama. &#8211; Produto de uso \u00fanico. &#8211; Produto importado. APLICA\u00c7\u00c3O A\u00a0L\u00e2mina [&hellip;]<\/p>\n","protected":false},"featured_media":583,"template":"","meta":[],"product_brand":[],"product_cat":[39,46],"product_tag":[],"class_list":{"0":"post-582","1":"product","2":"type-product","3":"status-publish","4":"has-post-thumbnail","6":"product_cat-cirurgia-e-periodontia","7":"product_cat-laminas-de-bisturi","9":"first","10":"instock","11":"shipping-taxable","12":"product-type-simple"},"yoast_head":"<!-- This site is optimized with the Yoast SEO plugin v26.8 - https:\/\/yoast.com\/product\/yoast-seo-wordpress\/ -->\n<title>L\u00e2mina de Bisturi 15c de A\u00e7o Carbono Est\u00e9ril - Solidor - Fator Dental<\/title>\n<meta name=\"robots\" content=\"index, follow, max-snippet:-1, max-image-preview:large, max-video-preview:-1\" \/>\n<link rel=\"canonical\" href=\"https:\/\/fatordental.com.br\/index.php\/produto\/lamina-de-bisturi-15c-de-aco-carbono-esteril-solidor\/\" \/>\n<meta property=\"og:locale\" content=\"pt_BR\" \/>\n<meta property=\"og:type\" content=\"article\" \/>\n<meta property=\"og:title\" content=\"L\u00e2mina de Bisturi 15c de A\u00e7o Carbono Est\u00e9ril - Solidor - Fator Dental\" \/>\n<meta property=\"og:description\" content=\"Embalagem com 100 unidades. DETALHES &#8211; L\u00e2mina de bisturi descart\u00e1vel de a\u00e7o carbono. &#8211; Est\u00e9ril &#8211; Esterilizada por raio gama. &#8211; Produto de uso \u00fanico. &#8211; Produto importado. APLICA\u00c7\u00c3O A\u00a0L\u00e2mina [&hellip;]\" \/>\n<meta property=\"og:url\" content=\"https:\/\/fatordental.com.br\/index.php\/produto\/lamina-de-bisturi-15c-de-aco-carbono-esteril-solidor\/\" \/>\n<meta property=\"og:site_name\" content=\"Fator Dental\" \/>\n<meta property=\"article:modified_time\" content=\"2022-11-15T17:00:27+00:00\" \/>\n<meta property=\"og:image\" content=\"https:\/\/fatordental.com.br\/wp-content\/uploads\/2022\/11\/WhatsApp-Image-2022-11-09-at-20.22.44.jpeg\" \/>\n\t<meta property=\"og:image:width\" content=\"550\" \/>\n\t<meta property=\"og:image:height\" content=\"550\" \/>\n\t<meta property=\"og:image:type\" content=\"image\/jpeg\" \/>\n<meta name=\"twitter:card\" content=\"summary_large_image\" \/>\n<script type=\"application\/ld+json\" class=\"yoast-schema-graph\">{\"@context\":\"https:\/\/schema.org\",\"@graph\":[{\"@type\":\"WebPage\",\"@id\":\"https:\/\/fatordental.com.br\/index.php\/produto\/lamina-de-bisturi-15c-de-aco-carbono-esteril-solidor\/\",\"url\":\"https:\/\/fatordental.com.br\/index.php\/produto\/lamina-de-bisturi-15c-de-aco-carbono-esteril-solidor\/\",\"name\":\"L\u00e2mina de Bisturi 15c de A\u00e7o Carbono Est\u00e9ril - Solidor - Fator Dental\",\"isPartOf\":{\"@id\":\"https:\/\/fatordental.com.br\/#website\"},\"primaryImageOfPage\":{\"@id\":\"https:\/\/fatordental.com.br\/index.php\/produto\/lamina-de-bisturi-15c-de-aco-carbono-esteril-solidor\/#primaryimage\"},\"image\":{\"@id\":\"https:\/\/fatordental.com.br\/index.php\/produto\/lamina-de-bisturi-15c-de-aco-carbono-esteril-solidor\/#primaryimage\"},\"thumbnailUrl\":\"https:\/\/fatordental.com.br\/wp-content\/uploads\/2022\/11\/WhatsApp-Image-2022-11-09-at-20.22.44.jpeg\",\"datePublished\":\"2022-11-15T17:00:26+00:00\",\"dateModified\":\"2022-11-15T17:00:27+00:00\",\"breadcrumb\":{\"@id\":\"https:\/\/fatordental.com.br\/index.php\/produto\/lamina-de-bisturi-15c-de-aco-carbono-esteril-solidor\/#breadcrumb\"},\"inLanguage\":\"pt-BR\",\"potentialAction\":[{\"@type\":\"ReadAction\",\"target\":[\"https:\/\/fatordental.com.br\/index.php\/produto\/lamina-de-bisturi-15c-de-aco-carbono-esteril-solidor\/\"]}]},{\"@type\":\"ImageObject\",\"inLanguage\":\"pt-BR\",\"@id\":\"https:\/\/fatordental.com.br\/index.php\/produto\/lamina-de-bisturi-15c-de-aco-carbono-esteril-solidor\/#primaryimage\",\"url\":\"https:\/\/fatordental.com.br\/wp-content\/uploads\/2022\/11\/WhatsApp-Image-2022-11-09-at-20.22.44.jpeg\",\"contentUrl\":\"https:\/\/fatordental.com.br\/wp-content\/uploads\/2022\/11\/WhatsApp-Image-2022-11-09-at-20.22.44.jpeg\",\"width\":550,\"height\":550},{\"@type\":\"BreadcrumbList\",\"@id\":\"https:\/\/fatordental.com.br\/index.php\/produto\/lamina-de-bisturi-15c-de-aco-carbono-esteril-solidor\/#breadcrumb\",\"itemListElement\":[{\"@type\":\"ListItem\",\"position\":1,\"name\":\"In\u00edcio\",\"item\":\"https:\/\/fatordental.com.br\/\"},{\"@type\":\"ListItem\",\"position\":2,\"name\":\"Produtos\",\"item\":\"https:\/\/fatordental.com.br\/index.php\/produtos\/\"},{\"@type\":\"ListItem\",\"position\":3,\"name\":\"L\u00e2mina de Bisturi 15c de A\u00e7o Carbono Est\u00e9ril &#8211; Solidor\"}]},{\"@type\":\"WebSite\",\"@id\":\"https:\/\/fatordental.com.br\/#website\",\"url\":\"https:\/\/fatordental.com.br\/\",\"name\":\"Fator Dental\",\"description\":\"Produtos Ondontol\u00f3gicos\",\"publisher\":{\"@id\":\"https:\/\/fatordental.com.br\/#organization\"},\"potentialAction\":[{\"@type\":\"SearchAction\",\"target\":{\"@type\":\"EntryPoint\",\"urlTemplate\":\"https:\/\/fatordental.com.br\/?s={search_term_string}\"},\"query-input\":{\"@type\":\"PropertyValueSpecification\",\"valueRequired\":true,\"valueName\":\"search_term_string\"}}],\"inLanguage\":\"pt-BR\"},{\"@type\":\"Organization\",\"@id\":\"https:\/\/fatordental.com.br\/#organization\",\"name\":\"Fator Dental\",\"url\":\"https:\/\/fatordental.com.br\/\",\"logo\":{\"@type\":\"ImageObject\",\"inLanguage\":\"pt-BR\",\"@id\":\"https:\/\/fatordental.com.br\/#\/schema\/logo\/image\/\",\"url\":\"https:\/\/fatordental.com.br\/wp-content\/uploads\/2023\/02\/logo_fator.png\",\"contentUrl\":\"https:\/\/fatordental.com.br\/wp-content\/uploads\/2023\/02\/logo_fator.png\",\"width\":400,\"height\":256,\"caption\":\"Fator Dental\"},\"image\":{\"@id\":\"https:\/\/fatordental.com.br\/#\/schema\/logo\/image\/\"},\"sameAs\":[\"https:\/\/www.instagram.com\/fatordental\/\"]}]}<\/script>\n<!-- \/ Yoast SEO plugin. -->","yoast_head_json":{"title":"L\u00e2mina de Bisturi 15c de A\u00e7o Carbono Est\u00e9ril - Solidor - Fator Dental","robots":{"index":"index","follow":"follow","max-snippet":"max-snippet:-1","max-image-preview":"max-image-preview:large","max-video-preview":"max-video-preview:-1"},"canonical":"https:\/\/fatordental.com.br\/index.php\/produto\/lamina-de-bisturi-15c-de-aco-carbono-esteril-solidor\/","og_locale":"pt_BR","og_type":"article","og_title":"L\u00e2mina de Bisturi 15c de A\u00e7o Carbono Est\u00e9ril - Solidor - Fator Dental","og_description":"Embalagem com 100 unidades. DETALHES &#8211; L\u00e2mina de bisturi descart\u00e1vel de a\u00e7o carbono. &#8211; Est\u00e9ril &#8211; Esterilizada por raio gama. &#8211; Produto de uso \u00fanico. &#8211; Produto importado. APLICA\u00c7\u00c3O A\u00a0L\u00e2mina [&hellip;]","og_url":"https:\/\/fatordental.com.br\/index.php\/produto\/lamina-de-bisturi-15c-de-aco-carbono-esteril-solidor\/","og_site_name":"Fator Dental","article_modified_time":"2022-11-15T17:00:27+00:00","og_image":[{"width":550,"height":550,"url":"https:\/\/fatordental.com.br\/wp-content\/uploads\/2022\/11\/WhatsApp-Image-2022-11-09-at-20.22.44.jpeg","type":"image\/jpeg"}],"twitter_card":"summary_large_image","schema":{"@context":"https:\/\/schema.org","@graph":[{"@type":"WebPage","@id":"https:\/\/fatordental.com.br\/index.php\/produto\/lamina-de-bisturi-15c-de-aco-carbono-esteril-solidor\/","url":"https:\/\/fatordental.com.br\/index.php\/produto\/lamina-de-bisturi-15c-de-aco-carbono-esteril-solidor\/","name":"L\u00e2mina de Bisturi 15c de A\u00e7o Carbono Est\u00e9ril - Solidor - Fator Dental","isPartOf":{"@id":"https:\/\/fatordental.com.br\/#website"},"primaryImageOfPage":{"@id":"https:\/\/fatordental.com.br\/index.php\/produto\/lamina-de-bisturi-15c-de-aco-carbono-esteril-solidor\/#primaryimage"},"image":{"@id":"https:\/\/fatordental.com.br\/index.php\/produto\/lamina-de-bisturi-15c-de-aco-carbono-esteril-solidor\/#primaryimage"},"thumbnailUrl":"https:\/\/fatordental.com.br\/wp-content\/uploads\/2022\/11\/WhatsApp-Image-2022-11-09-at-20.22.44.jpeg","datePublished":"2022-11-15T17:00:26+00:00","dateModified":"2022-11-15T17:00:27+00:00","breadcrumb":{"@id":"https:\/\/fatordental.com.br\/index.php\/produto\/lamina-de-bisturi-15c-de-aco-carbono-esteril-solidor\/#breadcrumb"},"inLanguage":"pt-BR","potentialAction":[{"@type":"ReadAction","target":["https:\/\/fatordental.com.br\/index.php\/produto\/lamina-de-bisturi-15c-de-aco-carbono-esteril-solidor\/"]}]},{"@type":"ImageObject","inLanguage":"pt-BR","@id":"https:\/\/fatordental.com.br\/index.php\/produto\/lamina-de-bisturi-15c-de-aco-carbono-esteril-solidor\/#primaryimage","url":"https:\/\/fatordental.com.br\/wp-content\/uploads\/2022\/11\/WhatsApp-Image-2022-11-09-at-20.22.44.jpeg","contentUrl":"https:\/\/fatordental.com.br\/wp-content\/uploads\/2022\/11\/WhatsApp-Image-2022-11-09-at-20.22.44.jpeg","width":550,"height":550},{"@type":"BreadcrumbList","@id":"https:\/\/fatordental.com.br\/index.php\/produto\/lamina-de-bisturi-15c-de-aco-carbono-esteril-solidor\/#breadcrumb","itemListElement":[{"@type":"ListItem","position":1,"name":"In\u00edcio","item":"https:\/\/fatordental.com.br\/"},{"@type":"ListItem","position":2,"name":"Produtos","item":"https:\/\/fatordental.com.br\/index.php\/produtos\/"},{"@type":"ListItem","position":3,"name":"L\u00e2mina de Bisturi 15c de A\u00e7o Carbono Est\u00e9ril &#8211; Solidor"}]},{"@type":"WebSite","@id":"https:\/\/fatordental.com.br\/#website","url":"https:\/\/fatordental.com.br\/","name":"Fator Dental","description":"Produtos Ondontol\u00f3gicos","publisher":{"@id":"https:\/\/fatordental.com.br\/#organization"},"potentialAction":[{"@type":"SearchAction","target":{"@type":"EntryPoint","urlTemplate":"https:\/\/fatordental.com.br\/?s={search_term_string}"},"query-input":{"@type":"PropertyValueSpecification","valueRequired":true,"valueName":"search_term_string"}}],"inLanguage":"pt-BR"},{"@type":"Organization","@id":"https:\/\/fatordental.com.br\/#organization","name":"Fator Dental","url":"https:\/\/fatordental.com.br\/","logo":{"@type":"ImageObject","inLanguage":"pt-BR","@id":"https:\/\/fatordental.com.br\/#\/schema\/logo\/image\/","url":"https:\/\/fatordental.com.br\/wp-content\/uploads\/2023\/02\/logo_fator.png","contentUrl":"https:\/\/fatordental.com.br\/wp-content\/uploads\/2023\/02\/logo_fator.png","width":400,"height":256,"caption":"Fator Dental"},"image":{"@id":"https:\/\/fatordental.com.br\/#\/schema\/logo\/image\/"},"sameAs":["https:\/\/www.instagram.com\/fatordental\/"]}]}},"_links":{"self":[{"href":"https:\/\/fatordental.com.br\/index.php\/wp-json\/wp\/v2\/product\/582","targetHints":{"allow":["GET"]}}],"collection":[{"href":"https:\/\/fatordental.com.br\/index.php\/wp-json\/wp\/v2\/product"}],"about":[{"href":"https:\/\/fatordental.com.br\/index.php\/wp-json\/wp\/v2\/types\/product"}],"wp:featuredmedia":[{"embeddable":true,"href":"https:\/\/fatordental.com.br\/index.php\/wp-json\/wp\/v2\/media\/583"}],"wp:attachment":[{"href":"https:\/\/fatordental.com.br\/index.php\/wp-json\/wp\/v2\/media?parent=582"}],"wp:term":[{"taxonomy":"product_brand","embeddable":true,"href":"https:\/\/fatordental.com.br\/index.php\/wp-json\/wp\/v2\/product_brand?post=582"},{"taxonomy":"product_cat","embeddable":true,"href":"https:\/\/fatordental.com.br\/index.php\/wp-json\/wp\/v2\/product_cat?post=582"},{"taxonomy":"product_tag","embeddable":true,"href":"https:\/\/fatordental.com.br\/index.php\/wp-json\/wp\/v2\/product_tag?post=582"}],"curies":[{"name":"wp","href":"https:\/\/api.w.org\/{rel}","templated":true}]}}