{"id":1288,"date":"2023-06-04T10:34:09","date_gmt":"2023-06-04T13:34:09","guid":{"rendered":"https:\/\/fatordental.com.br\/?post_type=product&#038;p=1288"},"modified":"2023-06-04T10:34:10","modified_gmt":"2023-06-04T13:34:10","slug":"condicionador-acido-fluoridrico-porcelana-potenza-attacco-hf-10-phs","status":"publish","type":"product","link":"https:\/\/fatordental.com.br\/index.php\/produto\/condicionador-acido-fluoridrico-porcelana-potenza-attacco-hf-10-phs\/","title":{"rendered":"Condicionador \u00c1cido Fluor\u00eddrico Porcelana Potenza Attacco HF 10% &#8211; PHS"},"content":{"rendered":"<p class=\"value\"><strong>Embalagem com 1 seringa de 3g + 1 ponteira\u00a0de aplica\u00e7\u00e3o.\u00a0<\/strong><\/p>\n<ul>\n<li><strong>DETALHES<\/strong><\/li>\n<\/ul>\n<p>&#8211; Tixotr\u00f3pico: n\u00e3o escorre do local aplicado, sendo facilmente utilizado no condicionamento \u00e1cido seletivo em esmalte.<br \/>\n&#8211; Cor azul: permite f\u00e1cil visualiza\u00e7\u00e3o do local aplicado e auxilia na remo\u00e7\u00e3o de res\u00edduos.<br \/>\n&#8211; Sem forma\u00e7\u00e3o de bolhas, estabilidade cont\u00ednua.<br \/>\n&#8211; A seringa acompanha uma ponteira met\u00e1lica em inox nas partes interna e externa. Evitando degrada\u00e7\u00e3o ou contamina\u00e7\u00e3o do produto e da ponteira.<br \/>\n&#8211; Corante aprovado pelo FDA, n\u00e3o-aliment\u00edcio e de alta compatibilidade.<br \/>\n&#8211; Validade: 2 anos ap\u00f3s a data de fabrica\u00e7\u00e3o.<br \/>\n&#8211; Registro ANVISA: 81199279019.<\/p>\n<ul>\n<li><strong>APLICA\u00c7\u00c3O<\/strong><\/li>\n<\/ul>\n<p>O\u00a0<strong>Condicionador \u00c1cido Fluor\u00eddrico Potenza Attacco HF\u00a0<\/strong>da\u00a0<strong>PHS\u00a0<\/strong>foi desenvolvido para o condicionamento superficial de porcelanas dentais, uso ideal para o preparo da superf\u00edcie pr\u00e9vio a ades\u00e3o.<\/p>\n","protected":false},"excerpt":{"rendered":"<p>Embalagem com 1 seringa de 3g + 1 ponteira\u00a0de aplica\u00e7\u00e3o.\u00a0 DETALHES &#8211; Tixotr\u00f3pico: n\u00e3o escorre do local aplicado, sendo facilmente utilizado no condicionamento \u00e1cido seletivo em esmalte. &#8211; Cor azul: [&hellip;]<\/p>\n","protected":false},"featured_media":1287,"template":"","meta":[],"product_brand":[],"product_cat":[37,51],"product_tag":[],"class_list":{"0":"post-1288","1":"product","2":"type-product","3":"status-publish","4":"has-post-thumbnail","6":"product_cat-condicionador-acido","7":"product_cat-dentistica-e-estetica","9":"first","10":"instock","11":"shipping-taxable","12":"product-type-simple"},"yoast_head":"<!-- This site is optimized with the Yoast SEO plugin v26.8 - https:\/\/yoast.com\/product\/yoast-seo-wordpress\/ -->\n<title>Condicionador \u00c1cido Fluor\u00eddrico Porcelana Potenza Attacco HF 10% - PHS - Fator Dental<\/title>\n<meta name=\"robots\" content=\"index, follow, max-snippet:-1, max-image-preview:large, max-video-preview:-1\" \/>\n<link rel=\"canonical\" href=\"https:\/\/fatordental.com.br\/index.php\/produto\/condicionador-acido-fluoridrico-porcelana-potenza-attacco-hf-10-phs\/\" \/>\n<meta property=\"og:locale\" content=\"pt_BR\" \/>\n<meta property=\"og:type\" content=\"article\" \/>\n<meta property=\"og:title\" content=\"Condicionador \u00c1cido Fluor\u00eddrico Porcelana Potenza Attacco HF 10% - PHS - Fator Dental\" \/>\n<meta property=\"og:description\" content=\"Embalagem com 1 seringa de 3g + 1 ponteira\u00a0de aplica\u00e7\u00e3o.\u00a0 DETALHES &#8211; Tixotr\u00f3pico: n\u00e3o escorre do local aplicado, sendo facilmente utilizado no condicionamento \u00e1cido seletivo em esmalte. &#8211; Cor azul: [&hellip;]\" \/>\n<meta property=\"og:url\" content=\"https:\/\/fatordental.com.br\/index.php\/produto\/condicionador-acido-fluoridrico-porcelana-potenza-attacco-hf-10-phs\/\" \/>\n<meta property=\"og:site_name\" content=\"Fator Dental\" \/>\n<meta property=\"article:modified_time\" content=\"2023-06-04T13:34:10+00:00\" \/>\n<meta property=\"og:image\" content=\"https:\/\/fatordental.com.br\/wp-content\/uploads\/2023\/06\/condicionador-acido-fluoridrico-potenza-attacco-hf-3-phs-dc25230.jpg\" \/>\n\t<meta property=\"og:image:width\" content=\"900\" \/>\n\t<meta property=\"og:image:height\" content=\"900\" \/>\n\t<meta property=\"og:image:type\" content=\"image\/jpeg\" \/>\n<meta name=\"twitter:card\" content=\"summary_large_image\" \/>\n<meta name=\"twitter:label1\" content=\"Est. tempo de leitura\" \/>\n\t<meta name=\"twitter:data1\" content=\"1 minuto\" \/>\n<script type=\"application\/ld+json\" class=\"yoast-schema-graph\">{\"@context\":\"https:\/\/schema.org\",\"@graph\":[{\"@type\":\"WebPage\",\"@id\":\"https:\/\/fatordental.com.br\/index.php\/produto\/condicionador-acido-fluoridrico-porcelana-potenza-attacco-hf-10-phs\/\",\"url\":\"https:\/\/fatordental.com.br\/index.php\/produto\/condicionador-acido-fluoridrico-porcelana-potenza-attacco-hf-10-phs\/\",\"name\":\"Condicionador \u00c1cido Fluor\u00eddrico Porcelana Potenza Attacco HF 10% - PHS - Fator Dental\",\"isPartOf\":{\"@id\":\"https:\/\/fatordental.com.br\/#website\"},\"primaryImageOfPage\":{\"@id\":\"https:\/\/fatordental.com.br\/index.php\/produto\/condicionador-acido-fluoridrico-porcelana-potenza-attacco-hf-10-phs\/#primaryimage\"},\"image\":{\"@id\":\"https:\/\/fatordental.com.br\/index.php\/produto\/condicionador-acido-fluoridrico-porcelana-potenza-attacco-hf-10-phs\/#primaryimage\"},\"thumbnailUrl\":\"https:\/\/fatordental.com.br\/wp-content\/uploads\/2023\/06\/condicionador-acido-fluoridrico-potenza-attacco-hf-3-phs-dc25230.jpg\",\"datePublished\":\"2023-06-04T13:34:09+00:00\",\"dateModified\":\"2023-06-04T13:34:10+00:00\",\"breadcrumb\":{\"@id\":\"https:\/\/fatordental.com.br\/index.php\/produto\/condicionador-acido-fluoridrico-porcelana-potenza-attacco-hf-10-phs\/#breadcrumb\"},\"inLanguage\":\"pt-BR\",\"potentialAction\":[{\"@type\":\"ReadAction\",\"target\":[\"https:\/\/fatordental.com.br\/index.php\/produto\/condicionador-acido-fluoridrico-porcelana-potenza-attacco-hf-10-phs\/\"]}]},{\"@type\":\"ImageObject\",\"inLanguage\":\"pt-BR\",\"@id\":\"https:\/\/fatordental.com.br\/index.php\/produto\/condicionador-acido-fluoridrico-porcelana-potenza-attacco-hf-10-phs\/#primaryimage\",\"url\":\"https:\/\/fatordental.com.br\/wp-content\/uploads\/2023\/06\/condicionador-acido-fluoridrico-potenza-attacco-hf-3-phs-dc25230.jpg\",\"contentUrl\":\"https:\/\/fatordental.com.br\/wp-content\/uploads\/2023\/06\/condicionador-acido-fluoridrico-potenza-attacco-hf-3-phs-dc25230.jpg\",\"width\":900,\"height\":900},{\"@type\":\"BreadcrumbList\",\"@id\":\"https:\/\/fatordental.com.br\/index.php\/produto\/condicionador-acido-fluoridrico-porcelana-potenza-attacco-hf-10-phs\/#breadcrumb\",\"itemListElement\":[{\"@type\":\"ListItem\",\"position\":1,\"name\":\"In\u00edcio\",\"item\":\"https:\/\/fatordental.com.br\/\"},{\"@type\":\"ListItem\",\"position\":2,\"name\":\"Produtos\",\"item\":\"https:\/\/fatordental.com.br\/index.php\/produtos\/\"},{\"@type\":\"ListItem\",\"position\":3,\"name\":\"Condicionador \u00c1cido Fluor\u00eddrico Porcelana Potenza Attacco HF 10% &#8211; PHS\"}]},{\"@type\":\"WebSite\",\"@id\":\"https:\/\/fatordental.com.br\/#website\",\"url\":\"https:\/\/fatordental.com.br\/\",\"name\":\"Fator Dental\",\"description\":\"Produtos Ondontol\u00f3gicos\",\"publisher\":{\"@id\":\"https:\/\/fatordental.com.br\/#organization\"},\"potentialAction\":[{\"@type\":\"SearchAction\",\"target\":{\"@type\":\"EntryPoint\",\"urlTemplate\":\"https:\/\/fatordental.com.br\/?s={search_term_string}\"},\"query-input\":{\"@type\":\"PropertyValueSpecification\",\"valueRequired\":true,\"valueName\":\"search_term_string\"}}],\"inLanguage\":\"pt-BR\"},{\"@type\":\"Organization\",\"@id\":\"https:\/\/fatordental.com.br\/#organization\",\"name\":\"Fator Dental\",\"url\":\"https:\/\/fatordental.com.br\/\",\"logo\":{\"@type\":\"ImageObject\",\"inLanguage\":\"pt-BR\",\"@id\":\"https:\/\/fatordental.com.br\/#\/schema\/logo\/image\/\",\"url\":\"https:\/\/fatordental.com.br\/wp-content\/uploads\/2023\/02\/logo_fator.png\",\"contentUrl\":\"https:\/\/fatordental.com.br\/wp-content\/uploads\/2023\/02\/logo_fator.png\",\"width\":400,\"height\":256,\"caption\":\"Fator Dental\"},\"image\":{\"@id\":\"https:\/\/fatordental.com.br\/#\/schema\/logo\/image\/\"},\"sameAs\":[\"https:\/\/www.instagram.com\/fatordental\/\"]}]}<\/script>\n<!-- \/ Yoast SEO plugin. -->","yoast_head_json":{"title":"Condicionador \u00c1cido Fluor\u00eddrico Porcelana Potenza Attacco HF 10% - PHS - Fator Dental","robots":{"index":"index","follow":"follow","max-snippet":"max-snippet:-1","max-image-preview":"max-image-preview:large","max-video-preview":"max-video-preview:-1"},"canonical":"https:\/\/fatordental.com.br\/index.php\/produto\/condicionador-acido-fluoridrico-porcelana-potenza-attacco-hf-10-phs\/","og_locale":"pt_BR","og_type":"article","og_title":"Condicionador \u00c1cido Fluor\u00eddrico Porcelana Potenza Attacco HF 10% - PHS - Fator Dental","og_description":"Embalagem com 1 seringa de 3g + 1 ponteira\u00a0de aplica\u00e7\u00e3o.\u00a0 DETALHES &#8211; Tixotr\u00f3pico: n\u00e3o escorre do local aplicado, sendo facilmente utilizado no condicionamento \u00e1cido seletivo em esmalte. &#8211; Cor azul: [&hellip;]","og_url":"https:\/\/fatordental.com.br\/index.php\/produto\/condicionador-acido-fluoridrico-porcelana-potenza-attacco-hf-10-phs\/","og_site_name":"Fator Dental","article_modified_time":"2023-06-04T13:34:10+00:00","og_image":[{"width":900,"height":900,"url":"https:\/\/fatordental.com.br\/wp-content\/uploads\/2023\/06\/condicionador-acido-fluoridrico-potenza-attacco-hf-3-phs-dc25230.jpg","type":"image\/jpeg"}],"twitter_card":"summary_large_image","twitter_misc":{"Est. tempo de leitura":"1 minuto"},"schema":{"@context":"https:\/\/schema.org","@graph":[{"@type":"WebPage","@id":"https:\/\/fatordental.com.br\/index.php\/produto\/condicionador-acido-fluoridrico-porcelana-potenza-attacco-hf-10-phs\/","url":"https:\/\/fatordental.com.br\/index.php\/produto\/condicionador-acido-fluoridrico-porcelana-potenza-attacco-hf-10-phs\/","name":"Condicionador \u00c1cido Fluor\u00eddrico Porcelana Potenza Attacco HF 10% - PHS - Fator Dental","isPartOf":{"@id":"https:\/\/fatordental.com.br\/#website"},"primaryImageOfPage":{"@id":"https:\/\/fatordental.com.br\/index.php\/produto\/condicionador-acido-fluoridrico-porcelana-potenza-attacco-hf-10-phs\/#primaryimage"},"image":{"@id":"https:\/\/fatordental.com.br\/index.php\/produto\/condicionador-acido-fluoridrico-porcelana-potenza-attacco-hf-10-phs\/#primaryimage"},"thumbnailUrl":"https:\/\/fatordental.com.br\/wp-content\/uploads\/2023\/06\/condicionador-acido-fluoridrico-potenza-attacco-hf-3-phs-dc25230.jpg","datePublished":"2023-06-04T13:34:09+00:00","dateModified":"2023-06-04T13:34:10+00:00","breadcrumb":{"@id":"https:\/\/fatordental.com.br\/index.php\/produto\/condicionador-acido-fluoridrico-porcelana-potenza-attacco-hf-10-phs\/#breadcrumb"},"inLanguage":"pt-BR","potentialAction":[{"@type":"ReadAction","target":["https:\/\/fatordental.com.br\/index.php\/produto\/condicionador-acido-fluoridrico-porcelana-potenza-attacco-hf-10-phs\/"]}]},{"@type":"ImageObject","inLanguage":"pt-BR","@id":"https:\/\/fatordental.com.br\/index.php\/produto\/condicionador-acido-fluoridrico-porcelana-potenza-attacco-hf-10-phs\/#primaryimage","url":"https:\/\/fatordental.com.br\/wp-content\/uploads\/2023\/06\/condicionador-acido-fluoridrico-potenza-attacco-hf-3-phs-dc25230.jpg","contentUrl":"https:\/\/fatordental.com.br\/wp-content\/uploads\/2023\/06\/condicionador-acido-fluoridrico-potenza-attacco-hf-3-phs-dc25230.jpg","width":900,"height":900},{"@type":"BreadcrumbList","@id":"https:\/\/fatordental.com.br\/index.php\/produto\/condicionador-acido-fluoridrico-porcelana-potenza-attacco-hf-10-phs\/#breadcrumb","itemListElement":[{"@type":"ListItem","position":1,"name":"In\u00edcio","item":"https:\/\/fatordental.com.br\/"},{"@type":"ListItem","position":2,"name":"Produtos","item":"https:\/\/fatordental.com.br\/index.php\/produtos\/"},{"@type":"ListItem","position":3,"name":"Condicionador \u00c1cido Fluor\u00eddrico Porcelana Potenza Attacco HF 10% &#8211; PHS"}]},{"@type":"WebSite","@id":"https:\/\/fatordental.com.br\/#website","url":"https:\/\/fatordental.com.br\/","name":"Fator Dental","description":"Produtos Ondontol\u00f3gicos","publisher":{"@id":"https:\/\/fatordental.com.br\/#organization"},"potentialAction":[{"@type":"SearchAction","target":{"@type":"EntryPoint","urlTemplate":"https:\/\/fatordental.com.br\/?s={search_term_string}"},"query-input":{"@type":"PropertyValueSpecification","valueRequired":true,"valueName":"search_term_string"}}],"inLanguage":"pt-BR"},{"@type":"Organization","@id":"https:\/\/fatordental.com.br\/#organization","name":"Fator Dental","url":"https:\/\/fatordental.com.br\/","logo":{"@type":"ImageObject","inLanguage":"pt-BR","@id":"https:\/\/fatordental.com.br\/#\/schema\/logo\/image\/","url":"https:\/\/fatordental.com.br\/wp-content\/uploads\/2023\/02\/logo_fator.png","contentUrl":"https:\/\/fatordental.com.br\/wp-content\/uploads\/2023\/02\/logo_fator.png","width":400,"height":256,"caption":"Fator Dental"},"image":{"@id":"https:\/\/fatordental.com.br\/#\/schema\/logo\/image\/"},"sameAs":["https:\/\/www.instagram.com\/fatordental\/"]}]}},"_links":{"self":[{"href":"https:\/\/fatordental.com.br\/index.php\/wp-json\/wp\/v2\/product\/1288","targetHints":{"allow":["GET"]}}],"collection":[{"href":"https:\/\/fatordental.com.br\/index.php\/wp-json\/wp\/v2\/product"}],"about":[{"href":"https:\/\/fatordental.com.br\/index.php\/wp-json\/wp\/v2\/types\/product"}],"wp:featuredmedia":[{"embeddable":true,"href":"https:\/\/fatordental.com.br\/index.php\/wp-json\/wp\/v2\/media\/1287"}],"wp:attachment":[{"href":"https:\/\/fatordental.com.br\/index.php\/wp-json\/wp\/v2\/media?parent=1288"}],"wp:term":[{"taxonomy":"product_brand","embeddable":true,"href":"https:\/\/fatordental.com.br\/index.php\/wp-json\/wp\/v2\/product_brand?post=1288"},{"taxonomy":"product_cat","embeddable":true,"href":"https:\/\/fatordental.com.br\/index.php\/wp-json\/wp\/v2\/product_cat?post=1288"},{"taxonomy":"product_tag","embeddable":true,"href":"https:\/\/fatordental.com.br\/index.php\/wp-json\/wp\/v2\/product_tag?post=1288"}],"curies":[{"name":"wp","href":"https:\/\/api.w.org\/{rel}","templated":true}]}}