{"id":1274,"date":"2023-06-03T19:12:09","date_gmt":"2023-06-03T22:12:09","guid":{"rendered":"https:\/\/fatordental.com.br\/?post_type=product&#038;p=1274"},"modified":"2023-06-03T19:12:09","modified_gmt":"2023-06-03T22:12:09","slug":"espatula-plastica-para-gesso-e-alginato-rosa-maquira","status":"publish","type":"product","link":"https:\/\/fatordental.com.br\/index.php\/produto\/espatula-plastica-para-gesso-e-alginato-rosa-maquira\/","title":{"rendered":"Esp\u00e1tula Pl\u00e1stica para Gesso e Alginato Rosa &#8211; Maquira"},"content":{"rendered":"<p class=\"value\"><strong>Embalagem com 1 unidade.\u00a0<\/strong><\/p>\n<ul>\n<li><strong>DETALHES<\/strong><\/li>\n<\/ul>\n<p>&#8211; Produzida a partir de resinas termopl\u00e1sticas puras.<\/p>\n<p>&#8211; Seu formato permite uma \u00f3tima homogeneiza\u00e7\u00e3o.<\/p>\n<p>&#8211; F\u00e1cil higieniza\u00e7\u00e3o, devido a sua superf\u00edcie lisa.<\/p>\n<p>&#8211; Validade: 2 anos, a partir da data de fabrica\u00e7\u00e3o.<\/p>\n<ul>\n<li><strong>APLICA\u00c7\u00c3O<\/strong><\/li>\n<\/ul>\n<p>Indicada para a manipula\u00e7\u00e3o de gesso e alginato.<\/p>\n","protected":false},"excerpt":{"rendered":"<p>Embalagem com 1 unidade.\u00a0 DETALHES &#8211; Produzida a partir de resinas termopl\u00e1sticas puras. &#8211; Seu formato permite uma \u00f3tima homogeneiza\u00e7\u00e3o. &#8211; F\u00e1cil higieniza\u00e7\u00e3o, devido a sua superf\u00edcie lisa. &#8211; Validade: [&hellip;]<\/p>\n","protected":false},"featured_media":1275,"template":"","meta":[],"product_brand":[],"product_cat":[141,117],"product_tag":[],"class_list":{"0":"post-1274","1":"product","2":"type-product","3":"status-publish","4":"has-post-thumbnail","6":"product_cat-espatulas","7":"product_cat-instrumentais","9":"first","10":"instock","11":"shipping-taxable","12":"product-type-simple"},"yoast_head":"<!-- This site is optimized with the Yoast SEO plugin v26.8 - https:\/\/yoast.com\/product\/yoast-seo-wordpress\/ -->\n<title>Esp\u00e1tula Pl\u00e1stica para Gesso e Alginato Rosa - Maquira - Fator Dental<\/title>\n<meta name=\"robots\" content=\"index, follow, max-snippet:-1, max-image-preview:large, max-video-preview:-1\" \/>\n<link rel=\"canonical\" href=\"https:\/\/fatordental.com.br\/index.php\/produto\/espatula-plastica-para-gesso-e-alginato-rosa-maquira\/\" \/>\n<meta property=\"og:locale\" content=\"pt_BR\" \/>\n<meta property=\"og:type\" content=\"article\" \/>\n<meta property=\"og:title\" content=\"Esp\u00e1tula Pl\u00e1stica para Gesso e Alginato Rosa - Maquira - Fator Dental\" \/>\n<meta property=\"og:description\" content=\"Embalagem com 1 unidade.\u00a0 DETALHES &#8211; Produzida a partir de resinas termopl\u00e1sticas puras. &#8211; Seu formato permite uma \u00f3tima homogeneiza\u00e7\u00e3o. &#8211; F\u00e1cil higieniza\u00e7\u00e3o, devido a sua superf\u00edcie lisa. &#8211; Validade: [&hellip;]\" \/>\n<meta property=\"og:url\" content=\"https:\/\/fatordental.com.br\/index.php\/produto\/espatula-plastica-para-gesso-e-alginato-rosa-maquira\/\" \/>\n<meta property=\"og:site_name\" content=\"Fator Dental\" \/>\n<meta property=\"og:image\" content=\"https:\/\/fatordental.com.br\/wp-content\/uploads\/2023\/06\/espatula-plastica-rosa-para-gesso-e-alginato-maquira-128001.jpg\" \/>\n\t<meta property=\"og:image:width\" content=\"800\" \/>\n\t<meta property=\"og:image:height\" content=\"800\" \/>\n\t<meta property=\"og:image:type\" content=\"image\/jpeg\" \/>\n<meta name=\"twitter:card\" content=\"summary_large_image\" \/>\n<meta name=\"twitter:label1\" content=\"Est. tempo de leitura\" \/>\n\t<meta name=\"twitter:data1\" content=\"1 minuto\" \/>\n<script type=\"application\/ld+json\" class=\"yoast-schema-graph\">{\"@context\":\"https:\/\/schema.org\",\"@graph\":[{\"@type\":\"WebPage\",\"@id\":\"https:\/\/fatordental.com.br\/index.php\/produto\/espatula-plastica-para-gesso-e-alginato-rosa-maquira\/\",\"url\":\"https:\/\/fatordental.com.br\/index.php\/produto\/espatula-plastica-para-gesso-e-alginato-rosa-maquira\/\",\"name\":\"Esp\u00e1tula Pl\u00e1stica para Gesso e Alginato Rosa - Maquira - Fator Dental\",\"isPartOf\":{\"@id\":\"https:\/\/fatordental.com.br\/#website\"},\"primaryImageOfPage\":{\"@id\":\"https:\/\/fatordental.com.br\/index.php\/produto\/espatula-plastica-para-gesso-e-alginato-rosa-maquira\/#primaryimage\"},\"image\":{\"@id\":\"https:\/\/fatordental.com.br\/index.php\/produto\/espatula-plastica-para-gesso-e-alginato-rosa-maquira\/#primaryimage\"},\"thumbnailUrl\":\"https:\/\/fatordental.com.br\/wp-content\/uploads\/2023\/06\/espatula-plastica-rosa-para-gesso-e-alginato-maquira-128001.jpg\",\"datePublished\":\"2023-06-03T22:12:09+00:00\",\"breadcrumb\":{\"@id\":\"https:\/\/fatordental.com.br\/index.php\/produto\/espatula-plastica-para-gesso-e-alginato-rosa-maquira\/#breadcrumb\"},\"inLanguage\":\"pt-BR\",\"potentialAction\":[{\"@type\":\"ReadAction\",\"target\":[\"https:\/\/fatordental.com.br\/index.php\/produto\/espatula-plastica-para-gesso-e-alginato-rosa-maquira\/\"]}]},{\"@type\":\"ImageObject\",\"inLanguage\":\"pt-BR\",\"@id\":\"https:\/\/fatordental.com.br\/index.php\/produto\/espatula-plastica-para-gesso-e-alginato-rosa-maquira\/#primaryimage\",\"url\":\"https:\/\/fatordental.com.br\/wp-content\/uploads\/2023\/06\/espatula-plastica-rosa-para-gesso-e-alginato-maquira-128001.jpg\",\"contentUrl\":\"https:\/\/fatordental.com.br\/wp-content\/uploads\/2023\/06\/espatula-plastica-rosa-para-gesso-e-alginato-maquira-128001.jpg\",\"width\":800,\"height\":800},{\"@type\":\"BreadcrumbList\",\"@id\":\"https:\/\/fatordental.com.br\/index.php\/produto\/espatula-plastica-para-gesso-e-alginato-rosa-maquira\/#breadcrumb\",\"itemListElement\":[{\"@type\":\"ListItem\",\"position\":1,\"name\":\"In\u00edcio\",\"item\":\"https:\/\/fatordental.com.br\/\"},{\"@type\":\"ListItem\",\"position\":2,\"name\":\"Produtos\",\"item\":\"https:\/\/fatordental.com.br\/index.php\/produtos\/\"},{\"@type\":\"ListItem\",\"position\":3,\"name\":\"Esp\u00e1tula Pl\u00e1stica para Gesso e Alginato Rosa &#8211; Maquira\"}]},{\"@type\":\"WebSite\",\"@id\":\"https:\/\/fatordental.com.br\/#website\",\"url\":\"https:\/\/fatordental.com.br\/\",\"name\":\"Fator Dental\",\"description\":\"Produtos Ondontol\u00f3gicos\",\"publisher\":{\"@id\":\"https:\/\/fatordental.com.br\/#organization\"},\"potentialAction\":[{\"@type\":\"SearchAction\",\"target\":{\"@type\":\"EntryPoint\",\"urlTemplate\":\"https:\/\/fatordental.com.br\/?s={search_term_string}\"},\"query-input\":{\"@type\":\"PropertyValueSpecification\",\"valueRequired\":true,\"valueName\":\"search_term_string\"}}],\"inLanguage\":\"pt-BR\"},{\"@type\":\"Organization\",\"@id\":\"https:\/\/fatordental.com.br\/#organization\",\"name\":\"Fator Dental\",\"url\":\"https:\/\/fatordental.com.br\/\",\"logo\":{\"@type\":\"ImageObject\",\"inLanguage\":\"pt-BR\",\"@id\":\"https:\/\/fatordental.com.br\/#\/schema\/logo\/image\/\",\"url\":\"https:\/\/fatordental.com.br\/wp-content\/uploads\/2023\/02\/logo_fator.png\",\"contentUrl\":\"https:\/\/fatordental.com.br\/wp-content\/uploads\/2023\/02\/logo_fator.png\",\"width\":400,\"height\":256,\"caption\":\"Fator Dental\"},\"image\":{\"@id\":\"https:\/\/fatordental.com.br\/#\/schema\/logo\/image\/\"},\"sameAs\":[\"https:\/\/www.instagram.com\/fatordental\/\"]}]}<\/script>\n<!-- \/ Yoast SEO plugin. -->","yoast_head_json":{"title":"Esp\u00e1tula Pl\u00e1stica para Gesso e Alginato Rosa - Maquira - Fator Dental","robots":{"index":"index","follow":"follow","max-snippet":"max-snippet:-1","max-image-preview":"max-image-preview:large","max-video-preview":"max-video-preview:-1"},"canonical":"https:\/\/fatordental.com.br\/index.php\/produto\/espatula-plastica-para-gesso-e-alginato-rosa-maquira\/","og_locale":"pt_BR","og_type":"article","og_title":"Esp\u00e1tula Pl\u00e1stica para Gesso e Alginato Rosa - Maquira - Fator Dental","og_description":"Embalagem com 1 unidade.\u00a0 DETALHES &#8211; Produzida a partir de resinas termopl\u00e1sticas puras. &#8211; Seu formato permite uma \u00f3tima homogeneiza\u00e7\u00e3o. &#8211; F\u00e1cil higieniza\u00e7\u00e3o, devido a sua superf\u00edcie lisa. &#8211; Validade: [&hellip;]","og_url":"https:\/\/fatordental.com.br\/index.php\/produto\/espatula-plastica-para-gesso-e-alginato-rosa-maquira\/","og_site_name":"Fator Dental","og_image":[{"width":800,"height":800,"url":"https:\/\/fatordental.com.br\/wp-content\/uploads\/2023\/06\/espatula-plastica-rosa-para-gesso-e-alginato-maquira-128001.jpg","type":"image\/jpeg"}],"twitter_card":"summary_large_image","twitter_misc":{"Est. tempo de leitura":"1 minuto"},"schema":{"@context":"https:\/\/schema.org","@graph":[{"@type":"WebPage","@id":"https:\/\/fatordental.com.br\/index.php\/produto\/espatula-plastica-para-gesso-e-alginato-rosa-maquira\/","url":"https:\/\/fatordental.com.br\/index.php\/produto\/espatula-plastica-para-gesso-e-alginato-rosa-maquira\/","name":"Esp\u00e1tula Pl\u00e1stica para Gesso e Alginato Rosa - Maquira - Fator Dental","isPartOf":{"@id":"https:\/\/fatordental.com.br\/#website"},"primaryImageOfPage":{"@id":"https:\/\/fatordental.com.br\/index.php\/produto\/espatula-plastica-para-gesso-e-alginato-rosa-maquira\/#primaryimage"},"image":{"@id":"https:\/\/fatordental.com.br\/index.php\/produto\/espatula-plastica-para-gesso-e-alginato-rosa-maquira\/#primaryimage"},"thumbnailUrl":"https:\/\/fatordental.com.br\/wp-content\/uploads\/2023\/06\/espatula-plastica-rosa-para-gesso-e-alginato-maquira-128001.jpg","datePublished":"2023-06-03T22:12:09+00:00","breadcrumb":{"@id":"https:\/\/fatordental.com.br\/index.php\/produto\/espatula-plastica-para-gesso-e-alginato-rosa-maquira\/#breadcrumb"},"inLanguage":"pt-BR","potentialAction":[{"@type":"ReadAction","target":["https:\/\/fatordental.com.br\/index.php\/produto\/espatula-plastica-para-gesso-e-alginato-rosa-maquira\/"]}]},{"@type":"ImageObject","inLanguage":"pt-BR","@id":"https:\/\/fatordental.com.br\/index.php\/produto\/espatula-plastica-para-gesso-e-alginato-rosa-maquira\/#primaryimage","url":"https:\/\/fatordental.com.br\/wp-content\/uploads\/2023\/06\/espatula-plastica-rosa-para-gesso-e-alginato-maquira-128001.jpg","contentUrl":"https:\/\/fatordental.com.br\/wp-content\/uploads\/2023\/06\/espatula-plastica-rosa-para-gesso-e-alginato-maquira-128001.jpg","width":800,"height":800},{"@type":"BreadcrumbList","@id":"https:\/\/fatordental.com.br\/index.php\/produto\/espatula-plastica-para-gesso-e-alginato-rosa-maquira\/#breadcrumb","itemListElement":[{"@type":"ListItem","position":1,"name":"In\u00edcio","item":"https:\/\/fatordental.com.br\/"},{"@type":"ListItem","position":2,"name":"Produtos","item":"https:\/\/fatordental.com.br\/index.php\/produtos\/"},{"@type":"ListItem","position":3,"name":"Esp\u00e1tula Pl\u00e1stica para Gesso e Alginato Rosa &#8211; Maquira"}]},{"@type":"WebSite","@id":"https:\/\/fatordental.com.br\/#website","url":"https:\/\/fatordental.com.br\/","name":"Fator Dental","description":"Produtos Ondontol\u00f3gicos","publisher":{"@id":"https:\/\/fatordental.com.br\/#organization"},"potentialAction":[{"@type":"SearchAction","target":{"@type":"EntryPoint","urlTemplate":"https:\/\/fatordental.com.br\/?s={search_term_string}"},"query-input":{"@type":"PropertyValueSpecification","valueRequired":true,"valueName":"search_term_string"}}],"inLanguage":"pt-BR"},{"@type":"Organization","@id":"https:\/\/fatordental.com.br\/#organization","name":"Fator Dental","url":"https:\/\/fatordental.com.br\/","logo":{"@type":"ImageObject","inLanguage":"pt-BR","@id":"https:\/\/fatordental.com.br\/#\/schema\/logo\/image\/","url":"https:\/\/fatordental.com.br\/wp-content\/uploads\/2023\/02\/logo_fator.png","contentUrl":"https:\/\/fatordental.com.br\/wp-content\/uploads\/2023\/02\/logo_fator.png","width":400,"height":256,"caption":"Fator Dental"},"image":{"@id":"https:\/\/fatordental.com.br\/#\/schema\/logo\/image\/"},"sameAs":["https:\/\/www.instagram.com\/fatordental\/"]}]}},"_links":{"self":[{"href":"https:\/\/fatordental.com.br\/index.php\/wp-json\/wp\/v2\/product\/1274","targetHints":{"allow":["GET"]}}],"collection":[{"href":"https:\/\/fatordental.com.br\/index.php\/wp-json\/wp\/v2\/product"}],"about":[{"href":"https:\/\/fatordental.com.br\/index.php\/wp-json\/wp\/v2\/types\/product"}],"wp:featuredmedia":[{"embeddable":true,"href":"https:\/\/fatordental.com.br\/index.php\/wp-json\/wp\/v2\/media\/1275"}],"wp:attachment":[{"href":"https:\/\/fatordental.com.br\/index.php\/wp-json\/wp\/v2\/media?parent=1274"}],"wp:term":[{"taxonomy":"product_brand","embeddable":true,"href":"https:\/\/fatordental.com.br\/index.php\/wp-json\/wp\/v2\/product_brand?post=1274"},{"taxonomy":"product_cat","embeddable":true,"href":"https:\/\/fatordental.com.br\/index.php\/wp-json\/wp\/v2\/product_cat?post=1274"},{"taxonomy":"product_tag","embeddable":true,"href":"https:\/\/fatordental.com.br\/index.php\/wp-json\/wp\/v2\/product_tag?post=1274"}],"curies":[{"name":"wp","href":"https:\/\/api.w.org\/{rel}","templated":true}]}}