{"id":1239,"date":"2023-06-03T16:17:33","date_gmt":"2023-06-03T19:17:33","guid":{"rendered":"https:\/\/fatordental.com.br\/?post_type=product&#038;p=1239"},"modified":"2023-06-03T16:17:34","modified_gmt":"2023-06-03T19:17:34","slug":"ionomero-de-vidro-cimentacao-maxxion-c-fgm","status":"publish","type":"product","link":"https:\/\/fatordental.com.br\/index.php\/produto\/ionomero-de-vidro-cimentacao-maxxion-c-fgm\/","title":{"rendered":"Ion\u00f4mero de Vidro Cimenta\u00e7\u00e3o Maxxion C &#8211; FGM"},"content":{"rendered":"<p class=\"value\"><strong>Kit com 1 frasco de cimento em p\u00f3 com 15g + 1 frasco de l\u00edquido com 10ml + 1 dosador de p\u00f3 + 1 bloco de esp\u00e1tula.<\/strong><\/p>\n<ul>\n<li><strong>DETALHES<\/strong><\/li>\n<\/ul>\n<p>&#8211; Alta est\u00e9tica.<br \/>\n&#8211; Versatilidade: Aplic\u00e1vel em diferentes materiais.<br \/>\n&#8211; Registro ANVISA: 80172310041.<\/p>\n<ul>\n<li><strong>APLICA\u00c7\u00c3O\u00a0<\/strong><\/li>\n<\/ul>\n<p>O\u00a0<strong>Maxxion C\u00a0<\/strong>fabricado pela\u00a0<strong>FGM\u00a0<\/strong>\u00e9 um ion\u00f4mero de vidro autopolimeriz\u00e1vel, ideal para a cimenta\u00e7\u00e3o de todas as ligas met\u00e1licas e resinas acr\u00edlicas, devido a sua alta compatibilidade com estes materiais. Uso recomendado para as especialidades de Dent\u00edstica, Odontopediatria, Odontohebiatria, Odontogeriatria, Ortodontia e Pr\u00f3tese.<\/p>\n<p><strong>Principais Indica\u00e7\u00f5es Maxxion C<\/strong><\/p>\n<p>&#8211; Cimenta\u00e7\u00e3o definitiva de pe\u00e7as prot\u00e9ticas.<br \/>\n&#8211; Cimenta\u00e7\u00e3o de bandas e dispositivos ortod\u00f4nticos.<br \/>\n&#8211; Utilizado em forramento de cavidades.<\/p>\n<p><strong>Principais Benef\u00edcios Maxxion C<\/strong><\/p>\n<p>&#8211; Com fl\u00faor: previne a desmineraliza\u00e7\u00e3o dental.<br \/>\n&#8211; Baixa solubilidade: longevidade da cimenta\u00e7\u00e3o.<br \/>\n&#8211; Excelente consist\u00eancia: Facilita o processo de cimenta\u00e7\u00e3o.<br \/>\n&#8211; Radiopaco: Possibilidade de diagn\u00f3stico radiogr\u00e1fico.<\/p>\n<p><strong><br \/>\nPasso a Passo Maxxion C<\/strong><\/p>\n<p>1\u00ba passo: O campo operat\u00f3rio deve estar devidamente isolado (absoluto ou relativo eficiente). E as superf\u00edcies de esmalte\/dentina dever\u00e3o estar livres de sujidades (ex: res\u00edduos de cimento) e levemente umedecidas.<\/p>\n<p>2\u00ba passo: A parte interna da pe\u00e7a pode ser jateada com\u00a0<strong><a href=\"https:\/\/www.dentalcremer.com.br\/protese\/oxido-de-aluminio.html\" target=\"_blank\" rel=\"noopener\">\u00f3xido de alum\u00ednio<\/a><\/strong>\u00a0para maior retentividade micromec\u00e2nica.<\/p>\n<p>3\u00ba passo: A propor\u00e7\u00e3o recomendada \u00e9 de 1 colher de p\u00f3 para 1 gota de l\u00edquido. Antes de dispensar as por\u00e7\u00f5es desejadas, agite ambos os frascos.<\/p>\n<p>4\u00ba passo: Misture inicialmente a meta do p\u00f3 com o l\u00edquido e incorpore gradativamente o restante da mistura, at\u00e9 obter uma massa homog\u00eanea.<\/p>\n<p>5\u00ba passo: Aplique uma fina camada de cimento no interior da pe\u00e7a e posicione-a no dente, exercendo press\u00e3o leve a moderada.<\/p>\n<p>* 6\u00ba passo: Os eventuais excessos de cimento podem ser removidos em 5 a 7 minutos, com\u00a0<strong><a href=\"https:\/\/www.dentalcremer.com.br\/instrumentais\/sondas.html?modelo_dropdown=Exploradora\" target=\"_blank\" rel=\"noopener\">sonda exploradora<\/a><\/strong>.<\/p>\n","protected":false},"excerpt":{"rendered":"<p>Kit com 1 frasco de cimento em p\u00f3 com 15g + 1 frasco de l\u00edquido com 10ml + 1 dosador de p\u00f3 + 1 bloco de esp\u00e1tula. DETALHES &#8211; Alta [&hellip;]<\/p>\n","protected":false},"featured_media":1240,"template":"","meta":[],"product_brand":[],"product_cat":[51,124],"product_tag":[],"class_list":{"0":"post-1239","1":"product","2":"type-product","3":"status-publish","4":"has-post-thumbnail","6":"product_cat-dentistica-e-estetica","7":"product_cat-ionomero-de-vidro","9":"first","10":"instock","11":"shipping-taxable","12":"product-type-simple"},"yoast_head":"<!-- This site is optimized with the Yoast SEO plugin v26.8 - https:\/\/yoast.com\/product\/yoast-seo-wordpress\/ -->\n<title>Ion\u00f4mero de Vidro Cimenta\u00e7\u00e3o Maxxion C - FGM - Fator Dental<\/title>\n<meta name=\"robots\" content=\"index, follow, max-snippet:-1, max-image-preview:large, max-video-preview:-1\" \/>\n<link rel=\"canonical\" href=\"https:\/\/fatordental.com.br\/index.php\/produto\/ionomero-de-vidro-cimentacao-maxxion-c-fgm\/\" \/>\n<meta property=\"og:locale\" content=\"pt_BR\" \/>\n<meta property=\"og:type\" content=\"article\" \/>\n<meta property=\"og:title\" content=\"Ion\u00f4mero de Vidro Cimenta\u00e7\u00e3o Maxxion C - FGM - Fator Dental\" \/>\n<meta property=\"og:description\" content=\"Kit com 1 frasco de cimento em p\u00f3 com 15g + 1 frasco de l\u00edquido com 10ml + 1 dosador de p\u00f3 + 1 bloco de esp\u00e1tula. DETALHES &#8211; Alta [&hellip;]\" \/>\n<meta property=\"og:url\" content=\"https:\/\/fatordental.com.br\/index.php\/produto\/ionomero-de-vidro-cimentacao-maxxion-c-fgm\/\" \/>\n<meta property=\"og:site_name\" content=\"Fator Dental\" \/>\n<meta property=\"article:modified_time\" content=\"2023-06-03T19:17:34+00:00\" \/>\n<meta property=\"og:image\" content=\"https:\/\/fatordental.com.br\/wp-content\/uploads\/2023\/06\/ionomero-vidro-cimentacao-maxxion-c-fgm-351309.jpg\" \/>\n\t<meta property=\"og:image:width\" content=\"800\" \/>\n\t<meta property=\"og:image:height\" content=\"800\" \/>\n\t<meta property=\"og:image:type\" content=\"image\/jpeg\" \/>\n<meta name=\"twitter:card\" content=\"summary_large_image\" \/>\n<meta name=\"twitter:label1\" content=\"Est. tempo de leitura\" \/>\n\t<meta name=\"twitter:data1\" content=\"2 minutos\" \/>\n<script type=\"application\/ld+json\" class=\"yoast-schema-graph\">{\"@context\":\"https:\/\/schema.org\",\"@graph\":[{\"@type\":\"WebPage\",\"@id\":\"https:\/\/fatordental.com.br\/index.php\/produto\/ionomero-de-vidro-cimentacao-maxxion-c-fgm\/\",\"url\":\"https:\/\/fatordental.com.br\/index.php\/produto\/ionomero-de-vidro-cimentacao-maxxion-c-fgm\/\",\"name\":\"Ion\u00f4mero de Vidro Cimenta\u00e7\u00e3o Maxxion C - FGM - Fator Dental\",\"isPartOf\":{\"@id\":\"https:\/\/fatordental.com.br\/#website\"},\"primaryImageOfPage\":{\"@id\":\"https:\/\/fatordental.com.br\/index.php\/produto\/ionomero-de-vidro-cimentacao-maxxion-c-fgm\/#primaryimage\"},\"image\":{\"@id\":\"https:\/\/fatordental.com.br\/index.php\/produto\/ionomero-de-vidro-cimentacao-maxxion-c-fgm\/#primaryimage\"},\"thumbnailUrl\":\"https:\/\/fatordental.com.br\/wp-content\/uploads\/2023\/06\/ionomero-vidro-cimentacao-maxxion-c-fgm-351309.jpg\",\"datePublished\":\"2023-06-03T19:17:33+00:00\",\"dateModified\":\"2023-06-03T19:17:34+00:00\",\"breadcrumb\":{\"@id\":\"https:\/\/fatordental.com.br\/index.php\/produto\/ionomero-de-vidro-cimentacao-maxxion-c-fgm\/#breadcrumb\"},\"inLanguage\":\"pt-BR\",\"potentialAction\":[{\"@type\":\"ReadAction\",\"target\":[\"https:\/\/fatordental.com.br\/index.php\/produto\/ionomero-de-vidro-cimentacao-maxxion-c-fgm\/\"]}]},{\"@type\":\"ImageObject\",\"inLanguage\":\"pt-BR\",\"@id\":\"https:\/\/fatordental.com.br\/index.php\/produto\/ionomero-de-vidro-cimentacao-maxxion-c-fgm\/#primaryimage\",\"url\":\"https:\/\/fatordental.com.br\/wp-content\/uploads\/2023\/06\/ionomero-vidro-cimentacao-maxxion-c-fgm-351309.jpg\",\"contentUrl\":\"https:\/\/fatordental.com.br\/wp-content\/uploads\/2023\/06\/ionomero-vidro-cimentacao-maxxion-c-fgm-351309.jpg\",\"width\":800,\"height\":800},{\"@type\":\"BreadcrumbList\",\"@id\":\"https:\/\/fatordental.com.br\/index.php\/produto\/ionomero-de-vidro-cimentacao-maxxion-c-fgm\/#breadcrumb\",\"itemListElement\":[{\"@type\":\"ListItem\",\"position\":1,\"name\":\"In\u00edcio\",\"item\":\"https:\/\/fatordental.com.br\/\"},{\"@type\":\"ListItem\",\"position\":2,\"name\":\"Produtos\",\"item\":\"https:\/\/fatordental.com.br\/index.php\/produtos\/\"},{\"@type\":\"ListItem\",\"position\":3,\"name\":\"Ion\u00f4mero de Vidro Cimenta\u00e7\u00e3o Maxxion C &#8211; FGM\"}]},{\"@type\":\"WebSite\",\"@id\":\"https:\/\/fatordental.com.br\/#website\",\"url\":\"https:\/\/fatordental.com.br\/\",\"name\":\"Fator Dental\",\"description\":\"Produtos Ondontol\u00f3gicos\",\"publisher\":{\"@id\":\"https:\/\/fatordental.com.br\/#organization\"},\"potentialAction\":[{\"@type\":\"SearchAction\",\"target\":{\"@type\":\"EntryPoint\",\"urlTemplate\":\"https:\/\/fatordental.com.br\/?s={search_term_string}\"},\"query-input\":{\"@type\":\"PropertyValueSpecification\",\"valueRequired\":true,\"valueName\":\"search_term_string\"}}],\"inLanguage\":\"pt-BR\"},{\"@type\":\"Organization\",\"@id\":\"https:\/\/fatordental.com.br\/#organization\",\"name\":\"Fator Dental\",\"url\":\"https:\/\/fatordental.com.br\/\",\"logo\":{\"@type\":\"ImageObject\",\"inLanguage\":\"pt-BR\",\"@id\":\"https:\/\/fatordental.com.br\/#\/schema\/logo\/image\/\",\"url\":\"https:\/\/fatordental.com.br\/wp-content\/uploads\/2023\/02\/logo_fator.png\",\"contentUrl\":\"https:\/\/fatordental.com.br\/wp-content\/uploads\/2023\/02\/logo_fator.png\",\"width\":400,\"height\":256,\"caption\":\"Fator Dental\"},\"image\":{\"@id\":\"https:\/\/fatordental.com.br\/#\/schema\/logo\/image\/\"},\"sameAs\":[\"https:\/\/www.instagram.com\/fatordental\/\"]}]}<\/script>\n<!-- \/ Yoast SEO plugin. -->","yoast_head_json":{"title":"Ion\u00f4mero de Vidro Cimenta\u00e7\u00e3o Maxxion C - FGM - Fator Dental","robots":{"index":"index","follow":"follow","max-snippet":"max-snippet:-1","max-image-preview":"max-image-preview:large","max-video-preview":"max-video-preview:-1"},"canonical":"https:\/\/fatordental.com.br\/index.php\/produto\/ionomero-de-vidro-cimentacao-maxxion-c-fgm\/","og_locale":"pt_BR","og_type":"article","og_title":"Ion\u00f4mero de Vidro Cimenta\u00e7\u00e3o Maxxion C - FGM - Fator Dental","og_description":"Kit com 1 frasco de cimento em p\u00f3 com 15g + 1 frasco de l\u00edquido com 10ml + 1 dosador de p\u00f3 + 1 bloco de esp\u00e1tula. DETALHES &#8211; Alta [&hellip;]","og_url":"https:\/\/fatordental.com.br\/index.php\/produto\/ionomero-de-vidro-cimentacao-maxxion-c-fgm\/","og_site_name":"Fator Dental","article_modified_time":"2023-06-03T19:17:34+00:00","og_image":[{"width":800,"height":800,"url":"https:\/\/fatordental.com.br\/wp-content\/uploads\/2023\/06\/ionomero-vidro-cimentacao-maxxion-c-fgm-351309.jpg","type":"image\/jpeg"}],"twitter_card":"summary_large_image","twitter_misc":{"Est. tempo de leitura":"2 minutos"},"schema":{"@context":"https:\/\/schema.org","@graph":[{"@type":"WebPage","@id":"https:\/\/fatordental.com.br\/index.php\/produto\/ionomero-de-vidro-cimentacao-maxxion-c-fgm\/","url":"https:\/\/fatordental.com.br\/index.php\/produto\/ionomero-de-vidro-cimentacao-maxxion-c-fgm\/","name":"Ion\u00f4mero de Vidro Cimenta\u00e7\u00e3o Maxxion C - FGM - Fator Dental","isPartOf":{"@id":"https:\/\/fatordental.com.br\/#website"},"primaryImageOfPage":{"@id":"https:\/\/fatordental.com.br\/index.php\/produto\/ionomero-de-vidro-cimentacao-maxxion-c-fgm\/#primaryimage"},"image":{"@id":"https:\/\/fatordental.com.br\/index.php\/produto\/ionomero-de-vidro-cimentacao-maxxion-c-fgm\/#primaryimage"},"thumbnailUrl":"https:\/\/fatordental.com.br\/wp-content\/uploads\/2023\/06\/ionomero-vidro-cimentacao-maxxion-c-fgm-351309.jpg","datePublished":"2023-06-03T19:17:33+00:00","dateModified":"2023-06-03T19:17:34+00:00","breadcrumb":{"@id":"https:\/\/fatordental.com.br\/index.php\/produto\/ionomero-de-vidro-cimentacao-maxxion-c-fgm\/#breadcrumb"},"inLanguage":"pt-BR","potentialAction":[{"@type":"ReadAction","target":["https:\/\/fatordental.com.br\/index.php\/produto\/ionomero-de-vidro-cimentacao-maxxion-c-fgm\/"]}]},{"@type":"ImageObject","inLanguage":"pt-BR","@id":"https:\/\/fatordental.com.br\/index.php\/produto\/ionomero-de-vidro-cimentacao-maxxion-c-fgm\/#primaryimage","url":"https:\/\/fatordental.com.br\/wp-content\/uploads\/2023\/06\/ionomero-vidro-cimentacao-maxxion-c-fgm-351309.jpg","contentUrl":"https:\/\/fatordental.com.br\/wp-content\/uploads\/2023\/06\/ionomero-vidro-cimentacao-maxxion-c-fgm-351309.jpg","width":800,"height":800},{"@type":"BreadcrumbList","@id":"https:\/\/fatordental.com.br\/index.php\/produto\/ionomero-de-vidro-cimentacao-maxxion-c-fgm\/#breadcrumb","itemListElement":[{"@type":"ListItem","position":1,"name":"In\u00edcio","item":"https:\/\/fatordental.com.br\/"},{"@type":"ListItem","position":2,"name":"Produtos","item":"https:\/\/fatordental.com.br\/index.php\/produtos\/"},{"@type":"ListItem","position":3,"name":"Ion\u00f4mero de Vidro Cimenta\u00e7\u00e3o Maxxion C &#8211; FGM"}]},{"@type":"WebSite","@id":"https:\/\/fatordental.com.br\/#website","url":"https:\/\/fatordental.com.br\/","name":"Fator Dental","description":"Produtos Ondontol\u00f3gicos","publisher":{"@id":"https:\/\/fatordental.com.br\/#organization"},"potentialAction":[{"@type":"SearchAction","target":{"@type":"EntryPoint","urlTemplate":"https:\/\/fatordental.com.br\/?s={search_term_string}"},"query-input":{"@type":"PropertyValueSpecification","valueRequired":true,"valueName":"search_term_string"}}],"inLanguage":"pt-BR"},{"@type":"Organization","@id":"https:\/\/fatordental.com.br\/#organization","name":"Fator Dental","url":"https:\/\/fatordental.com.br\/","logo":{"@type":"ImageObject","inLanguage":"pt-BR","@id":"https:\/\/fatordental.com.br\/#\/schema\/logo\/image\/","url":"https:\/\/fatordental.com.br\/wp-content\/uploads\/2023\/02\/logo_fator.png","contentUrl":"https:\/\/fatordental.com.br\/wp-content\/uploads\/2023\/02\/logo_fator.png","width":400,"height":256,"caption":"Fator Dental"},"image":{"@id":"https:\/\/fatordental.com.br\/#\/schema\/logo\/image\/"},"sameAs":["https:\/\/www.instagram.com\/fatordental\/"]}]}},"_links":{"self":[{"href":"https:\/\/fatordental.com.br\/index.php\/wp-json\/wp\/v2\/product\/1239","targetHints":{"allow":["GET"]}}],"collection":[{"href":"https:\/\/fatordental.com.br\/index.php\/wp-json\/wp\/v2\/product"}],"about":[{"href":"https:\/\/fatordental.com.br\/index.php\/wp-json\/wp\/v2\/types\/product"}],"wp:featuredmedia":[{"embeddable":true,"href":"https:\/\/fatordental.com.br\/index.php\/wp-json\/wp\/v2\/media\/1240"}],"wp:attachment":[{"href":"https:\/\/fatordental.com.br\/index.php\/wp-json\/wp\/v2\/media?parent=1239"}],"wp:term":[{"taxonomy":"product_brand","embeddable":true,"href":"https:\/\/fatordental.com.br\/index.php\/wp-json\/wp\/v2\/product_brand?post=1239"},{"taxonomy":"product_cat","embeddable":true,"href":"https:\/\/fatordental.com.br\/index.php\/wp-json\/wp\/v2\/product_cat?post=1239"},{"taxonomy":"product_tag","embeddable":true,"href":"https:\/\/fatordental.com.br\/index.php\/wp-json\/wp\/v2\/product_tag?post=1239"}],"curies":[{"name":"wp","href":"https:\/\/api.w.org\/{rel}","templated":true}]}}