{"id":1218,"date":"2023-04-02T18:12:13","date_gmt":"2023-04-02T21:12:13","guid":{"rendered":"https:\/\/fatordental.com.br\/?post_type=product&#038;p=1218"},"modified":"2023-04-02T18:13:45","modified_gmt":"2023-04-02T21:13:45","slug":"cimento-endodontico-bio-c-repair-angelus","status":"publish","type":"product","link":"https:\/\/fatordental.com.br\/index.php\/produto\/cimento-endodontico-bio-c-repair-angelus\/","title":{"rendered":"Cimento Endod\u00f4ntico Bio-C Repair &#8211; Angelus"},"content":{"rendered":"<p class=\"value\"><strong>Embalagem com 1 seringa de 0,5g.<\/strong><\/p>\n<ul>\n<li><strong>DETALHES<\/strong><\/li>\n<\/ul>\n<p>&#8211; Pronto para uso.<br \/>\n&#8211; N\u00e3o resinoso.<br \/>\n&#8211; Alcalino.<br \/>\n&#8211; Bioatividade com Libera\u00e7\u00e3o de ions C\u00e1lcio.<br \/>\n&#8211; Alta Radiopacidade.<br \/>\n&#8211; Radiopacificador com Zirconio.<br \/>\n&#8211; Fluidez adequada.<br \/>\n&#8211; Injet\u00e1vel.<br \/>\n&#8211; Intera\u00e7\u00e3o com a dentina.<br \/>\n&#8211; 65% de conte\u00fado biocer\u00e2mico.<\/p>\n<p><strong>Benef\u00edcios:<br \/>\n<\/strong><br \/>\n&#8211; Dispensa espatula\u00e7\u00e3o.<br \/>\n&#8211; Totalmente biol\u00f3gico e de f\u00e1cil limpeza.<br \/>\n&#8211; A\u00e7\u00e3o antibacteriana.<br \/>\n&#8211; Repara\u00e7\u00e3o acelerada.<br \/>\n&#8211; Excelente visualiza\u00e7\u00e3o radiogr\u00e1fica.<br \/>\n&#8211; N\u00e3o Provoca manchamento.<br \/>\n&#8211; Excelente escoamento.<br \/>\n&#8211; Facilidade de uso.<br \/>\n&#8211; Impede infiltra\u00e7\u00e3o bacteriana.<\/p>\n<p><strong>Especifica\u00e7\u00f5es:<br \/>\n<\/strong><br \/>\n&#8211; Dimens\u00f5es: 15,50 x7,00 x 0,90.<br \/>\n&#8211; Validade: 2 anos.<br \/>\n&#8211; Registro ANVISA: 10349459015.<\/p>\n<ul>\n<li><strong>APLICA\u00c7\u00c3O\u00a0<\/strong><\/li>\n<\/ul>\n<p>Indicado para\u00a0tratamento de perfura\u00e7\u00e3o de raiz ou furca via canal; tratamento de perfura\u00e7\u00e3o de raiz ou furca via cir\u00fargica; tratamento de reabsor\u00e7\u00e3o interna via canal; tratamento de reabsor\u00e7\u00e3o interna comunicante ou externa via cir\u00fargica; retrobtura\u00e7\u00e3o em cirurgia parendod\u00f4ntica; capeamento pulpar direto e indireto; apicifica\u00e7\u00e3o; apicig\u00eanese, pulpotomia e regenera\u00e7\u00e3o pulpar.<\/p>\n","protected":false},"excerpt":{"rendered":"<p>Embalagem com 1 seringa de 0,5g. DETALHES &#8211; Pronto para uso. &#8211; N\u00e3o resinoso. &#8211; Alcalino. &#8211; Bioatividade com Libera\u00e7\u00e3o de ions C\u00e1lcio. &#8211; Alta Radiopacidade. &#8211; Radiopacificador com Zirconio. [&hellip;]<\/p>\n","protected":false},"featured_media":1219,"template":"","meta":[],"product_brand":[],"product_cat":[43,35],"product_tag":[],"class_list":{"0":"post-1218","1":"product","2":"type-product","3":"status-publish","4":"has-post-thumbnail","6":"product_cat-cimento-endodontico","7":"product_cat-endodontia","9":"first","10":"instock","11":"shipping-taxable","12":"product-type-simple"},"yoast_head":"<!-- This site is optimized with the Yoast SEO plugin v26.8 - https:\/\/yoast.com\/product\/yoast-seo-wordpress\/ -->\n<title>Cimento Endod\u00f4ntico Bio-C Repair - Angelus - Fator Dental<\/title>\n<meta name=\"robots\" content=\"index, follow, max-snippet:-1, max-image-preview:large, max-video-preview:-1\" \/>\n<link rel=\"canonical\" href=\"https:\/\/fatordental.com.br\/index.php\/produto\/cimento-endodontico-bio-c-repair-angelus\/\" \/>\n<meta property=\"og:locale\" content=\"pt_BR\" \/>\n<meta property=\"og:type\" content=\"article\" \/>\n<meta property=\"og:title\" content=\"Cimento Endod\u00f4ntico Bio-C Repair - Angelus - Fator Dental\" \/>\n<meta property=\"og:description\" content=\"Embalagem com 1 seringa de 0,5g. DETALHES &#8211; Pronto para uso. &#8211; N\u00e3o resinoso. &#8211; Alcalino. &#8211; Bioatividade com Libera\u00e7\u00e3o de ions C\u00e1lcio. &#8211; Alta Radiopacidade. &#8211; Radiopacificador com Zirconio. [&hellip;]\" \/>\n<meta property=\"og:url\" content=\"https:\/\/fatordental.com.br\/index.php\/produto\/cimento-endodontico-bio-c-repair-angelus\/\" \/>\n<meta property=\"og:site_name\" content=\"Fator Dental\" \/>\n<meta property=\"article:modified_time\" content=\"2023-04-02T21:13:45+00:00\" \/>\n<meta property=\"og:image\" content=\"https:\/\/fatordental.com.br\/wp-content\/uploads\/2023\/04\/cimento-endodontico-bio-c-repair-angelus.jpg\" \/>\n\t<meta property=\"og:image:width\" content=\"800\" \/>\n\t<meta property=\"og:image:height\" content=\"800\" \/>\n\t<meta property=\"og:image:type\" content=\"image\/jpeg\" \/>\n<meta name=\"twitter:card\" content=\"summary_large_image\" \/>\n<meta name=\"twitter:label1\" content=\"Est. tempo de leitura\" \/>\n\t<meta name=\"twitter:data1\" content=\"1 minuto\" \/>\n<script type=\"application\/ld+json\" class=\"yoast-schema-graph\">{\"@context\":\"https:\/\/schema.org\",\"@graph\":[{\"@type\":\"WebPage\",\"@id\":\"https:\/\/fatordental.com.br\/index.php\/produto\/cimento-endodontico-bio-c-repair-angelus\/\",\"url\":\"https:\/\/fatordental.com.br\/index.php\/produto\/cimento-endodontico-bio-c-repair-angelus\/\",\"name\":\"Cimento Endod\u00f4ntico Bio-C Repair - Angelus - Fator Dental\",\"isPartOf\":{\"@id\":\"https:\/\/fatordental.com.br\/#website\"},\"primaryImageOfPage\":{\"@id\":\"https:\/\/fatordental.com.br\/index.php\/produto\/cimento-endodontico-bio-c-repair-angelus\/#primaryimage\"},\"image\":{\"@id\":\"https:\/\/fatordental.com.br\/index.php\/produto\/cimento-endodontico-bio-c-repair-angelus\/#primaryimage\"},\"thumbnailUrl\":\"https:\/\/fatordental.com.br\/wp-content\/uploads\/2023\/04\/cimento-endodontico-bio-c-repair-angelus.jpg\",\"datePublished\":\"2023-04-02T21:12:13+00:00\",\"dateModified\":\"2023-04-02T21:13:45+00:00\",\"breadcrumb\":{\"@id\":\"https:\/\/fatordental.com.br\/index.php\/produto\/cimento-endodontico-bio-c-repair-angelus\/#breadcrumb\"},\"inLanguage\":\"pt-BR\",\"potentialAction\":[{\"@type\":\"ReadAction\",\"target\":[\"https:\/\/fatordental.com.br\/index.php\/produto\/cimento-endodontico-bio-c-repair-angelus\/\"]}]},{\"@type\":\"ImageObject\",\"inLanguage\":\"pt-BR\",\"@id\":\"https:\/\/fatordental.com.br\/index.php\/produto\/cimento-endodontico-bio-c-repair-angelus\/#primaryimage\",\"url\":\"https:\/\/fatordental.com.br\/wp-content\/uploads\/2023\/04\/cimento-endodontico-bio-c-repair-angelus.jpg\",\"contentUrl\":\"https:\/\/fatordental.com.br\/wp-content\/uploads\/2023\/04\/cimento-endodontico-bio-c-repair-angelus.jpg\",\"width\":800,\"height\":800},{\"@type\":\"BreadcrumbList\",\"@id\":\"https:\/\/fatordental.com.br\/index.php\/produto\/cimento-endodontico-bio-c-repair-angelus\/#breadcrumb\",\"itemListElement\":[{\"@type\":\"ListItem\",\"position\":1,\"name\":\"In\u00edcio\",\"item\":\"https:\/\/fatordental.com.br\/\"},{\"@type\":\"ListItem\",\"position\":2,\"name\":\"Produtos\",\"item\":\"https:\/\/fatordental.com.br\/index.php\/produtos\/\"},{\"@type\":\"ListItem\",\"position\":3,\"name\":\"Cimento Endod\u00f4ntico Bio-C Repair &#8211; Angelus\"}]},{\"@type\":\"WebSite\",\"@id\":\"https:\/\/fatordental.com.br\/#website\",\"url\":\"https:\/\/fatordental.com.br\/\",\"name\":\"Fator Dental\",\"description\":\"Produtos Ondontol\u00f3gicos\",\"publisher\":{\"@id\":\"https:\/\/fatordental.com.br\/#organization\"},\"potentialAction\":[{\"@type\":\"SearchAction\",\"target\":{\"@type\":\"EntryPoint\",\"urlTemplate\":\"https:\/\/fatordental.com.br\/?s={search_term_string}\"},\"query-input\":{\"@type\":\"PropertyValueSpecification\",\"valueRequired\":true,\"valueName\":\"search_term_string\"}}],\"inLanguage\":\"pt-BR\"},{\"@type\":\"Organization\",\"@id\":\"https:\/\/fatordental.com.br\/#organization\",\"name\":\"Fator Dental\",\"url\":\"https:\/\/fatordental.com.br\/\",\"logo\":{\"@type\":\"ImageObject\",\"inLanguage\":\"pt-BR\",\"@id\":\"https:\/\/fatordental.com.br\/#\/schema\/logo\/image\/\",\"url\":\"https:\/\/fatordental.com.br\/wp-content\/uploads\/2023\/02\/logo_fator.png\",\"contentUrl\":\"https:\/\/fatordental.com.br\/wp-content\/uploads\/2023\/02\/logo_fator.png\",\"width\":400,\"height\":256,\"caption\":\"Fator Dental\"},\"image\":{\"@id\":\"https:\/\/fatordental.com.br\/#\/schema\/logo\/image\/\"},\"sameAs\":[\"https:\/\/www.instagram.com\/fatordental\/\"]}]}<\/script>\n<!-- \/ Yoast SEO plugin. -->","yoast_head_json":{"title":"Cimento Endod\u00f4ntico Bio-C Repair - Angelus - Fator Dental","robots":{"index":"index","follow":"follow","max-snippet":"max-snippet:-1","max-image-preview":"max-image-preview:large","max-video-preview":"max-video-preview:-1"},"canonical":"https:\/\/fatordental.com.br\/index.php\/produto\/cimento-endodontico-bio-c-repair-angelus\/","og_locale":"pt_BR","og_type":"article","og_title":"Cimento Endod\u00f4ntico Bio-C Repair - Angelus - Fator Dental","og_description":"Embalagem com 1 seringa de 0,5g. DETALHES &#8211; Pronto para uso. &#8211; N\u00e3o resinoso. &#8211; Alcalino. &#8211; Bioatividade com Libera\u00e7\u00e3o de ions C\u00e1lcio. &#8211; Alta Radiopacidade. &#8211; Radiopacificador com Zirconio. [&hellip;]","og_url":"https:\/\/fatordental.com.br\/index.php\/produto\/cimento-endodontico-bio-c-repair-angelus\/","og_site_name":"Fator Dental","article_modified_time":"2023-04-02T21:13:45+00:00","og_image":[{"width":800,"height":800,"url":"https:\/\/fatordental.com.br\/wp-content\/uploads\/2023\/04\/cimento-endodontico-bio-c-repair-angelus.jpg","type":"image\/jpeg"}],"twitter_card":"summary_large_image","twitter_misc":{"Est. tempo de leitura":"1 minuto"},"schema":{"@context":"https:\/\/schema.org","@graph":[{"@type":"WebPage","@id":"https:\/\/fatordental.com.br\/index.php\/produto\/cimento-endodontico-bio-c-repair-angelus\/","url":"https:\/\/fatordental.com.br\/index.php\/produto\/cimento-endodontico-bio-c-repair-angelus\/","name":"Cimento Endod\u00f4ntico Bio-C Repair - Angelus - Fator Dental","isPartOf":{"@id":"https:\/\/fatordental.com.br\/#website"},"primaryImageOfPage":{"@id":"https:\/\/fatordental.com.br\/index.php\/produto\/cimento-endodontico-bio-c-repair-angelus\/#primaryimage"},"image":{"@id":"https:\/\/fatordental.com.br\/index.php\/produto\/cimento-endodontico-bio-c-repair-angelus\/#primaryimage"},"thumbnailUrl":"https:\/\/fatordental.com.br\/wp-content\/uploads\/2023\/04\/cimento-endodontico-bio-c-repair-angelus.jpg","datePublished":"2023-04-02T21:12:13+00:00","dateModified":"2023-04-02T21:13:45+00:00","breadcrumb":{"@id":"https:\/\/fatordental.com.br\/index.php\/produto\/cimento-endodontico-bio-c-repair-angelus\/#breadcrumb"},"inLanguage":"pt-BR","potentialAction":[{"@type":"ReadAction","target":["https:\/\/fatordental.com.br\/index.php\/produto\/cimento-endodontico-bio-c-repair-angelus\/"]}]},{"@type":"ImageObject","inLanguage":"pt-BR","@id":"https:\/\/fatordental.com.br\/index.php\/produto\/cimento-endodontico-bio-c-repair-angelus\/#primaryimage","url":"https:\/\/fatordental.com.br\/wp-content\/uploads\/2023\/04\/cimento-endodontico-bio-c-repair-angelus.jpg","contentUrl":"https:\/\/fatordental.com.br\/wp-content\/uploads\/2023\/04\/cimento-endodontico-bio-c-repair-angelus.jpg","width":800,"height":800},{"@type":"BreadcrumbList","@id":"https:\/\/fatordental.com.br\/index.php\/produto\/cimento-endodontico-bio-c-repair-angelus\/#breadcrumb","itemListElement":[{"@type":"ListItem","position":1,"name":"In\u00edcio","item":"https:\/\/fatordental.com.br\/"},{"@type":"ListItem","position":2,"name":"Produtos","item":"https:\/\/fatordental.com.br\/index.php\/produtos\/"},{"@type":"ListItem","position":3,"name":"Cimento Endod\u00f4ntico Bio-C Repair &#8211; Angelus"}]},{"@type":"WebSite","@id":"https:\/\/fatordental.com.br\/#website","url":"https:\/\/fatordental.com.br\/","name":"Fator Dental","description":"Produtos Ondontol\u00f3gicos","publisher":{"@id":"https:\/\/fatordental.com.br\/#organization"},"potentialAction":[{"@type":"SearchAction","target":{"@type":"EntryPoint","urlTemplate":"https:\/\/fatordental.com.br\/?s={search_term_string}"},"query-input":{"@type":"PropertyValueSpecification","valueRequired":true,"valueName":"search_term_string"}}],"inLanguage":"pt-BR"},{"@type":"Organization","@id":"https:\/\/fatordental.com.br\/#organization","name":"Fator Dental","url":"https:\/\/fatordental.com.br\/","logo":{"@type":"ImageObject","inLanguage":"pt-BR","@id":"https:\/\/fatordental.com.br\/#\/schema\/logo\/image\/","url":"https:\/\/fatordental.com.br\/wp-content\/uploads\/2023\/02\/logo_fator.png","contentUrl":"https:\/\/fatordental.com.br\/wp-content\/uploads\/2023\/02\/logo_fator.png","width":400,"height":256,"caption":"Fator Dental"},"image":{"@id":"https:\/\/fatordental.com.br\/#\/schema\/logo\/image\/"},"sameAs":["https:\/\/www.instagram.com\/fatordental\/"]}]}},"_links":{"self":[{"href":"https:\/\/fatordental.com.br\/index.php\/wp-json\/wp\/v2\/product\/1218","targetHints":{"allow":["GET"]}}],"collection":[{"href":"https:\/\/fatordental.com.br\/index.php\/wp-json\/wp\/v2\/product"}],"about":[{"href":"https:\/\/fatordental.com.br\/index.php\/wp-json\/wp\/v2\/types\/product"}],"wp:featuredmedia":[{"embeddable":true,"href":"https:\/\/fatordental.com.br\/index.php\/wp-json\/wp\/v2\/media\/1219"}],"wp:attachment":[{"href":"https:\/\/fatordental.com.br\/index.php\/wp-json\/wp\/v2\/media?parent=1218"}],"wp:term":[{"taxonomy":"product_brand","embeddable":true,"href":"https:\/\/fatordental.com.br\/index.php\/wp-json\/wp\/v2\/product_brand?post=1218"},{"taxonomy":"product_cat","embeddable":true,"href":"https:\/\/fatordental.com.br\/index.php\/wp-json\/wp\/v2\/product_cat?post=1218"},{"taxonomy":"product_tag","embeddable":true,"href":"https:\/\/fatordental.com.br\/index.php\/wp-json\/wp\/v2\/product_tag?post=1218"}],"curies":[{"name":"wp","href":"https:\/\/api.w.org\/{rel}","templated":true}]}}