{"id":1100,"date":"2023-02-21T16:04:52","date_gmt":"2023-02-21T19:04:52","guid":{"rendered":"https:\/\/fatordental.com.br\/?post_type=product&#038;p=1100"},"modified":"2023-02-21T16:04:52","modified_gmt":"2023-02-21T19:04:52","slug":"moldeira-total-perfurada-adulto-plastico-n1-angelus","status":"publish","type":"product","link":"https:\/\/fatordental.com.br\/index.php\/produto\/moldeira-total-perfurada-adulto-plastico-n1-angelus\/","title":{"rendered":"Moldeira Total Perfurada Adulto Pl\u00e1stico N\u00b01 &#8211; Angelus"},"content":{"rendered":"<p class=\"value\"><strong>Embalagem com 2 unidades. 01 Superior e 01 Inferior.<\/strong><\/p>\n<ul>\n<li><strong>DETALHES<\/strong><\/li>\n<\/ul>\n<p>&#8211; Configura\u00e7\u00e3o especial da \u00e1rea palatina.<br \/>\n&#8211; Base com recortes.<br \/>\n&#8211; Perfura\u00e7\u00f5es adicionais na \u00e1rea vestibular.<br \/>\n&#8211; Apoios no dorso da moldeira.<br \/>\n&#8211; Cores translucidas.<br \/>\n&#8211; Cabo anatomico.<br \/>\n&#8211; Numera\u00e7\u00e3o no cabo.<br \/>\n&#8211; Rigidez.<br \/>\n&#8211; Autoclav\u00e1vel.<br \/>\n&#8211; Modelo parcial universal.<br \/>\n&#8211; N\u00e3o ocasiona n\u00e1usea no paciente.<br \/>\n&#8211; Corte facilitado para individualiza\u00e7\u00e3o de moldeiras em caso de implantes.<br \/>\n&#8211; Alta retentividade dos materiais de moldagem.<br \/>\n&#8211; Permite maior estabilidade no vazamento do modelo.<br \/>\n&#8211; Melhor visualiza\u00e7\u00e3o para demarca\u00e7\u00e3o de cortes.<br \/>\n&#8211; Maior seguran\u00e7a na remo\u00e7a\u00f5 da moldeira.<br \/>\n&#8211; Melhor identifica\u00e7\u00e3o do tamanho pelo dentista e auxiliar.<br \/>\n&#8211; N\u00e3o deforma durante a moldagem.<br \/>\n&#8211; Garantia de Biosseguran\u00e7a.<br \/>\n&#8211; Pode ser utilizado em todos os quadrantes com um \u00fanico modelo.<br \/>\n&#8211; Registro ANVISA: 10349450053.<\/p>\n<ul>\n<li><strong>APLICA\u00c7\u00c3O<\/strong><\/li>\n<\/ul>\n<p>Indicada para moldagens das arcadas totais superiores e inferiores.<\/p>\n","protected":false},"excerpt":{"rendered":"<p>Embalagem com 2 unidades. 01 Superior e 01 Inferior. DETALHES &#8211; Configura\u00e7\u00e3o especial da \u00e1rea palatina. &#8211; Base com recortes. &#8211; Perfura\u00e7\u00f5es adicionais na \u00e1rea vestibular. &#8211; Apoios no dorso [&hellip;]<\/p>\n","protected":false},"featured_media":1101,"template":"","meta":[],"product_brand":[],"product_cat":[31,126],"product_tag":[],"class_list":{"0":"post-1100","1":"product","2":"type-product","3":"status-publish","4":"has-post-thumbnail","6":"product_cat-moldagem-e-modelo","7":"product_cat-moldeira-para-moldagem","9":"first","10":"instock","11":"shipping-taxable","12":"product-type-simple"},"yoast_head":"<!-- This site is optimized with the Yoast SEO plugin v26.8 - https:\/\/yoast.com\/product\/yoast-seo-wordpress\/ -->\n<title>Moldeira Total Perfurada Adulto Pl\u00e1stico N\u00b01 - Angelus - Fator Dental<\/title>\n<meta name=\"robots\" content=\"index, follow, max-snippet:-1, max-image-preview:large, max-video-preview:-1\" \/>\n<link rel=\"canonical\" href=\"https:\/\/fatordental.com.br\/index.php\/produto\/moldeira-total-perfurada-adulto-plastico-n1-angelus\/\" \/>\n<meta property=\"og:locale\" content=\"pt_BR\" \/>\n<meta property=\"og:type\" content=\"article\" \/>\n<meta property=\"og:title\" content=\"Moldeira Total Perfurada Adulto Pl\u00e1stico N\u00b01 - Angelus - Fator Dental\" \/>\n<meta property=\"og:description\" content=\"Embalagem com 2 unidades. 01 Superior e 01 Inferior. DETALHES &#8211; Configura\u00e7\u00e3o especial da \u00e1rea palatina. &#8211; Base com recortes. &#8211; Perfura\u00e7\u00f5es adicionais na \u00e1rea vestibular. &#8211; Apoios no dorso [&hellip;]\" \/>\n<meta property=\"og:url\" content=\"https:\/\/fatordental.com.br\/index.php\/produto\/moldeira-total-perfurada-adulto-plastico-n1-angelus\/\" \/>\n<meta property=\"og:site_name\" content=\"Fator Dental\" \/>\n<meta property=\"og:image\" content=\"https:\/\/fatordental.com.br\/wp-content\/uploads\/2023\/02\/101451.jpg\" \/>\n\t<meta property=\"og:image:width\" content=\"900\" \/>\n\t<meta property=\"og:image:height\" content=\"900\" \/>\n\t<meta property=\"og:image:type\" content=\"image\/jpeg\" \/>\n<meta name=\"twitter:card\" content=\"summary_large_image\" \/>\n<meta name=\"twitter:label1\" content=\"Est. tempo de leitura\" \/>\n\t<meta name=\"twitter:data1\" content=\"1 minuto\" \/>\n<script type=\"application\/ld+json\" class=\"yoast-schema-graph\">{\"@context\":\"https:\/\/schema.org\",\"@graph\":[{\"@type\":\"WebPage\",\"@id\":\"https:\/\/fatordental.com.br\/index.php\/produto\/moldeira-total-perfurada-adulto-plastico-n1-angelus\/\",\"url\":\"https:\/\/fatordental.com.br\/index.php\/produto\/moldeira-total-perfurada-adulto-plastico-n1-angelus\/\",\"name\":\"Moldeira Total Perfurada Adulto Pl\u00e1stico N\u00b01 - Angelus - Fator Dental\",\"isPartOf\":{\"@id\":\"https:\/\/fatordental.com.br\/#website\"},\"primaryImageOfPage\":{\"@id\":\"https:\/\/fatordental.com.br\/index.php\/produto\/moldeira-total-perfurada-adulto-plastico-n1-angelus\/#primaryimage\"},\"image\":{\"@id\":\"https:\/\/fatordental.com.br\/index.php\/produto\/moldeira-total-perfurada-adulto-plastico-n1-angelus\/#primaryimage\"},\"thumbnailUrl\":\"https:\/\/fatordental.com.br\/wp-content\/uploads\/2023\/02\/101451.jpg\",\"datePublished\":\"2023-02-21T19:04:52+00:00\",\"breadcrumb\":{\"@id\":\"https:\/\/fatordental.com.br\/index.php\/produto\/moldeira-total-perfurada-adulto-plastico-n1-angelus\/#breadcrumb\"},\"inLanguage\":\"pt-BR\",\"potentialAction\":[{\"@type\":\"ReadAction\",\"target\":[\"https:\/\/fatordental.com.br\/index.php\/produto\/moldeira-total-perfurada-adulto-plastico-n1-angelus\/\"]}]},{\"@type\":\"ImageObject\",\"inLanguage\":\"pt-BR\",\"@id\":\"https:\/\/fatordental.com.br\/index.php\/produto\/moldeira-total-perfurada-adulto-plastico-n1-angelus\/#primaryimage\",\"url\":\"https:\/\/fatordental.com.br\/wp-content\/uploads\/2023\/02\/101451.jpg\",\"contentUrl\":\"https:\/\/fatordental.com.br\/wp-content\/uploads\/2023\/02\/101451.jpg\",\"width\":900,\"height\":900},{\"@type\":\"BreadcrumbList\",\"@id\":\"https:\/\/fatordental.com.br\/index.php\/produto\/moldeira-total-perfurada-adulto-plastico-n1-angelus\/#breadcrumb\",\"itemListElement\":[{\"@type\":\"ListItem\",\"position\":1,\"name\":\"In\u00edcio\",\"item\":\"https:\/\/fatordental.com.br\/\"},{\"@type\":\"ListItem\",\"position\":2,\"name\":\"Produtos\",\"item\":\"https:\/\/fatordental.com.br\/index.php\/produtos\/\"},{\"@type\":\"ListItem\",\"position\":3,\"name\":\"Moldeira Total Perfurada Adulto Pl\u00e1stico N\u00b01 &#8211; Angelus\"}]},{\"@type\":\"WebSite\",\"@id\":\"https:\/\/fatordental.com.br\/#website\",\"url\":\"https:\/\/fatordental.com.br\/\",\"name\":\"Fator Dental\",\"description\":\"Produtos Ondontol\u00f3gicos\",\"publisher\":{\"@id\":\"https:\/\/fatordental.com.br\/#organization\"},\"potentialAction\":[{\"@type\":\"SearchAction\",\"target\":{\"@type\":\"EntryPoint\",\"urlTemplate\":\"https:\/\/fatordental.com.br\/?s={search_term_string}\"},\"query-input\":{\"@type\":\"PropertyValueSpecification\",\"valueRequired\":true,\"valueName\":\"search_term_string\"}}],\"inLanguage\":\"pt-BR\"},{\"@type\":\"Organization\",\"@id\":\"https:\/\/fatordental.com.br\/#organization\",\"name\":\"Fator Dental\",\"url\":\"https:\/\/fatordental.com.br\/\",\"logo\":{\"@type\":\"ImageObject\",\"inLanguage\":\"pt-BR\",\"@id\":\"https:\/\/fatordental.com.br\/#\/schema\/logo\/image\/\",\"url\":\"https:\/\/fatordental.com.br\/wp-content\/uploads\/2023\/02\/logo_fator.png\",\"contentUrl\":\"https:\/\/fatordental.com.br\/wp-content\/uploads\/2023\/02\/logo_fator.png\",\"width\":400,\"height\":256,\"caption\":\"Fator Dental\"},\"image\":{\"@id\":\"https:\/\/fatordental.com.br\/#\/schema\/logo\/image\/\"},\"sameAs\":[\"https:\/\/www.instagram.com\/fatordental\/\"]}]}<\/script>\n<!-- \/ Yoast SEO plugin. -->","yoast_head_json":{"title":"Moldeira Total Perfurada Adulto Pl\u00e1stico N\u00b01 - Angelus - Fator Dental","robots":{"index":"index","follow":"follow","max-snippet":"max-snippet:-1","max-image-preview":"max-image-preview:large","max-video-preview":"max-video-preview:-1"},"canonical":"https:\/\/fatordental.com.br\/index.php\/produto\/moldeira-total-perfurada-adulto-plastico-n1-angelus\/","og_locale":"pt_BR","og_type":"article","og_title":"Moldeira Total Perfurada Adulto Pl\u00e1stico N\u00b01 - Angelus - Fator Dental","og_description":"Embalagem com 2 unidades. 01 Superior e 01 Inferior. DETALHES &#8211; Configura\u00e7\u00e3o especial da \u00e1rea palatina. &#8211; Base com recortes. &#8211; Perfura\u00e7\u00f5es adicionais na \u00e1rea vestibular. &#8211; Apoios no dorso [&hellip;]","og_url":"https:\/\/fatordental.com.br\/index.php\/produto\/moldeira-total-perfurada-adulto-plastico-n1-angelus\/","og_site_name":"Fator Dental","og_image":[{"width":900,"height":900,"url":"https:\/\/fatordental.com.br\/wp-content\/uploads\/2023\/02\/101451.jpg","type":"image\/jpeg"}],"twitter_card":"summary_large_image","twitter_misc":{"Est. tempo de leitura":"1 minuto"},"schema":{"@context":"https:\/\/schema.org","@graph":[{"@type":"WebPage","@id":"https:\/\/fatordental.com.br\/index.php\/produto\/moldeira-total-perfurada-adulto-plastico-n1-angelus\/","url":"https:\/\/fatordental.com.br\/index.php\/produto\/moldeira-total-perfurada-adulto-plastico-n1-angelus\/","name":"Moldeira Total Perfurada Adulto Pl\u00e1stico N\u00b01 - Angelus - Fator Dental","isPartOf":{"@id":"https:\/\/fatordental.com.br\/#website"},"primaryImageOfPage":{"@id":"https:\/\/fatordental.com.br\/index.php\/produto\/moldeira-total-perfurada-adulto-plastico-n1-angelus\/#primaryimage"},"image":{"@id":"https:\/\/fatordental.com.br\/index.php\/produto\/moldeira-total-perfurada-adulto-plastico-n1-angelus\/#primaryimage"},"thumbnailUrl":"https:\/\/fatordental.com.br\/wp-content\/uploads\/2023\/02\/101451.jpg","datePublished":"2023-02-21T19:04:52+00:00","breadcrumb":{"@id":"https:\/\/fatordental.com.br\/index.php\/produto\/moldeira-total-perfurada-adulto-plastico-n1-angelus\/#breadcrumb"},"inLanguage":"pt-BR","potentialAction":[{"@type":"ReadAction","target":["https:\/\/fatordental.com.br\/index.php\/produto\/moldeira-total-perfurada-adulto-plastico-n1-angelus\/"]}]},{"@type":"ImageObject","inLanguage":"pt-BR","@id":"https:\/\/fatordental.com.br\/index.php\/produto\/moldeira-total-perfurada-adulto-plastico-n1-angelus\/#primaryimage","url":"https:\/\/fatordental.com.br\/wp-content\/uploads\/2023\/02\/101451.jpg","contentUrl":"https:\/\/fatordental.com.br\/wp-content\/uploads\/2023\/02\/101451.jpg","width":900,"height":900},{"@type":"BreadcrumbList","@id":"https:\/\/fatordental.com.br\/index.php\/produto\/moldeira-total-perfurada-adulto-plastico-n1-angelus\/#breadcrumb","itemListElement":[{"@type":"ListItem","position":1,"name":"In\u00edcio","item":"https:\/\/fatordental.com.br\/"},{"@type":"ListItem","position":2,"name":"Produtos","item":"https:\/\/fatordental.com.br\/index.php\/produtos\/"},{"@type":"ListItem","position":3,"name":"Moldeira Total Perfurada Adulto Pl\u00e1stico N\u00b01 &#8211; Angelus"}]},{"@type":"WebSite","@id":"https:\/\/fatordental.com.br\/#website","url":"https:\/\/fatordental.com.br\/","name":"Fator Dental","description":"Produtos Ondontol\u00f3gicos","publisher":{"@id":"https:\/\/fatordental.com.br\/#organization"},"potentialAction":[{"@type":"SearchAction","target":{"@type":"EntryPoint","urlTemplate":"https:\/\/fatordental.com.br\/?s={search_term_string}"},"query-input":{"@type":"PropertyValueSpecification","valueRequired":true,"valueName":"search_term_string"}}],"inLanguage":"pt-BR"},{"@type":"Organization","@id":"https:\/\/fatordental.com.br\/#organization","name":"Fator Dental","url":"https:\/\/fatordental.com.br\/","logo":{"@type":"ImageObject","inLanguage":"pt-BR","@id":"https:\/\/fatordental.com.br\/#\/schema\/logo\/image\/","url":"https:\/\/fatordental.com.br\/wp-content\/uploads\/2023\/02\/logo_fator.png","contentUrl":"https:\/\/fatordental.com.br\/wp-content\/uploads\/2023\/02\/logo_fator.png","width":400,"height":256,"caption":"Fator Dental"},"image":{"@id":"https:\/\/fatordental.com.br\/#\/schema\/logo\/image\/"},"sameAs":["https:\/\/www.instagram.com\/fatordental\/"]}]}},"_links":{"self":[{"href":"https:\/\/fatordental.com.br\/index.php\/wp-json\/wp\/v2\/product\/1100","targetHints":{"allow":["GET"]}}],"collection":[{"href":"https:\/\/fatordental.com.br\/index.php\/wp-json\/wp\/v2\/product"}],"about":[{"href":"https:\/\/fatordental.com.br\/index.php\/wp-json\/wp\/v2\/types\/product"}],"wp:featuredmedia":[{"embeddable":true,"href":"https:\/\/fatordental.com.br\/index.php\/wp-json\/wp\/v2\/media\/1101"}],"wp:attachment":[{"href":"https:\/\/fatordental.com.br\/index.php\/wp-json\/wp\/v2\/media?parent=1100"}],"wp:term":[{"taxonomy":"product_brand","embeddable":true,"href":"https:\/\/fatordental.com.br\/index.php\/wp-json\/wp\/v2\/product_brand?post=1100"},{"taxonomy":"product_cat","embeddable":true,"href":"https:\/\/fatordental.com.br\/index.php\/wp-json\/wp\/v2\/product_cat?post=1100"},{"taxonomy":"product_tag","embeddable":true,"href":"https:\/\/fatordental.com.br\/index.php\/wp-json\/wp\/v2\/product_tag?post=1100"}],"curies":[{"name":"wp","href":"https:\/\/api.w.org\/{rel}","templated":true}]}}