{"id":1080,"date":"2023-02-20T14:12:15","date_gmt":"2023-02-20T17:12:15","guid":{"rendered":"https:\/\/fatordental.com.br\/?post_type=product&#038;p=1080"},"modified":"2023-02-20T14:12:16","modified_gmt":"2023-02-20T17:12:16","slug":"cimento-de-zinco-po-ss-white","status":"publish","type":"product","link":"https:\/\/fatordental.com.br\/index.php\/produto\/cimento-de-zinco-po-ss-white\/","title":{"rendered":"Cimento de Zinco P\u00f3 &#8211; SS White"},"content":{"rendered":"<p class=\"value\"><strong>Embalagem com 28g.<\/strong><\/p>\n<ul>\n<li><strong>DETALHES<\/strong><\/li>\n<\/ul>\n<p>&#8211; Composi\u00e7\u00e3o: \u00c1cido fosf\u00f3rico, hidr\u00f3xido de alum\u00ednio, \u00f3xido de zinco e \u00e1gua destilada.<br \/>\n&#8211; Necess\u00e1rio comprar o l\u00edquido, que \u00e9 vendido separadamente. Dispon\u00edvel <a href=\"https:\/\/www.dentalcremer.com.br\/cimento-de-zinco-liquido-ss-white-219418.html\"><strong id=\"G3CLKDT\">aqui<\/strong><\/a>.<br \/>\n&#8211; Registro ANVISA: 80149710180.<\/p>\n<ul>\n<li><strong>APLICA\u00c7\u00c3O<\/strong><\/li>\n<\/ul>\n<p>O\u00a0<strong>Cimento de Zinco\u00a0<\/strong>da\u00a0<strong>SSWhite\u00a0<\/strong>\u00e9 refer\u00eancia em base de prote\u00e7\u00e3o t\u00e9rmica para restaura\u00e7\u00f5es met\u00e1licas na Odontologia. Conta com resist\u00eancia e baixa solubilidade, que constituem excelente prote\u00e7\u00e3o \u00e0s inj\u00farias de ordem mec\u00e2nica \u00e0 polpa.<\/p>\n<p>Al\u00e9m disso, suas part\u00edculas uniformes e ultrafinas asseguram uma reduzida espessura de pel\u00edcula, com not\u00e1vel prote\u00e7\u00e3o e f\u00e1cil manipula\u00e7\u00e3o profissional.<\/p>\n<h2><strong>Indica\u00e7\u00e3o do Cimento de Zinco SSWhite<\/strong><\/h2>\n<p>O seu uso \u00e9 indicado para a fixa\u00e7\u00e3o de incrusta\u00e7\u00f5es, coroas e pontes, forra\u00e7\u00e3o de cavidades e restaura\u00e7\u00f5es dent\u00e1rias provis\u00f3rias.<\/p>\n<h2><strong>Como manipular o Cimento de Zinco SSWhite?<\/strong><\/h2>\n<p>A temperatura ideal para misturar \u00e9 de 24 \u00b0C. Misturas satisfat\u00f3rias podem ser obtidas at\u00e9 32\u00b0C. Em temperaturas ambientes superiores a 32\u00b0C a placa deve ser esfriada em \u00e1gua corrente. O Cimento de Zinco S.S. White pode ser preparado em duas consist\u00eancias diferentes: para cimenta\u00e7\u00e3o e para restaura\u00e7\u00e3o e forra\u00e7\u00e3o<\/p>\n<p><strong>Consist\u00eancia para Cimenta\u00e7\u00e3o<\/strong>: Propor\u00e7\u00e3o recomendada (quantidade m\u00ednima): uma medida pequena (o lado com 3 marcas no cabo) de p\u00f3 para 4 gotas de l\u00edquido.<\/p>\n<p>&#8211; Divis\u00e3o do p\u00f3: Coloque o p\u00f3 sobre a placa de vidro e divida-o em quatro partes iguais; divida uma das quatro partes em duas partes iguais; fazendo dois oitavos.<\/p>\n<p>&#8211; Agite o frasco de l\u00edquido e goteje a quantidade adequada sobre a placa.<\/p>\n<p>&#8211; Comece a mistura imediatamente \u2013 o l\u00edquido n\u00e3o deve ficar exposto mais tempo do que o necess\u00e1rio. Junte o p\u00f3 ao l\u00edquido por partes, come\u00e7ando com uma das quatro partes e usando uma ampla \u00e1rea da placa.<\/p>\n<p>&#8211; Ap\u00f3s a adi\u00e7\u00e3o de cada uma das por\u00e7\u00f5es do p\u00f3, espatule at\u00e9 obter uma massa lisa e prossiga at\u00e9 alcan\u00e7ar a consist\u00eancia correta.<\/p>\n<p>&#8211; Complete a mistura em 1 \u00bd a 2 minutos. Ter-se-\u00e1 obtido uma consist\u00eancia adequada para cimenta\u00e7\u00e3o quando a mistura estiver cremosa e se desprender da esp\u00e1tula formando uma gota pegajosa, conservando a forma de gota por um instante e em seguida espalhando-se ligeiramente na placa de vidro.<\/p>\n<p>&#8211; A mistura com essa consist\u00eancia aderir\u00e1 \u00e0 esp\u00e1tula, quebrando-se em fiapos.<\/p>\n<p><strong>Consist\u00eancia para Restaura\u00e7\u00e3o<\/strong>\u00a0<strong>Provis\u00f3ria e Forra\u00e7\u00e3o:<\/strong>\u00a0Propor\u00e7\u00e3o recomendada (quantidade m\u00ednima): uma medida grande (o lado com 4 marcas no cabo) para quatro gotas de l\u00edquido.<\/p>\n<p>&#8211; Procede-se a divis\u00e3o do p\u00f3 e a mistura conforme acima recomendado.<\/p>\n<p>&#8211; A mistura estar\u00e1 com a consist\u00eancia adequada para restaura\u00e7\u00e3o quando for igual a de massa de vidraceiro pegajosa. Tocando-se a mistura com a esp\u00e1tula, ela n\u00e3o adere a esta, rompendo-se em fiapos.<\/p>\n","protected":false},"excerpt":{"rendered":"<p>Embalagem com 28g. DETALHES &#8211; Composi\u00e7\u00e3o: \u00c1cido fosf\u00f3rico, hidr\u00f3xido de alum\u00ednio, \u00f3xido de zinco e \u00e1gua destilada. &#8211; Necess\u00e1rio comprar o l\u00edquido, que \u00e9 vendido separadamente. Dispon\u00edvel aqui. &#8211; Registro [&hellip;]<\/p>\n","protected":false},"featured_media":1081,"template":"","meta":[],"product_brand":[],"product_cat":[127,40],"product_tag":[],"class_list":{"0":"post-1080","1":"product","2":"type-product","3":"status-publish","4":"has-post-thumbnail","6":"product_cat-cimento-fosfato-de-zinco","7":"product_cat-cimentos","9":"first","10":"instock","11":"shipping-taxable","12":"product-type-simple"},"yoast_head":"<!-- This site is optimized with the Yoast SEO plugin v26.8 - https:\/\/yoast.com\/product\/yoast-seo-wordpress\/ -->\n<title>Cimento de Zinco P\u00f3 - SS White - Fator Dental<\/title>\n<meta name=\"robots\" content=\"index, follow, max-snippet:-1, max-image-preview:large, max-video-preview:-1\" \/>\n<link rel=\"canonical\" href=\"https:\/\/fatordental.com.br\/index.php\/produto\/cimento-de-zinco-po-ss-white\/\" \/>\n<meta property=\"og:locale\" content=\"pt_BR\" \/>\n<meta property=\"og:type\" content=\"article\" \/>\n<meta property=\"og:title\" content=\"Cimento de Zinco P\u00f3 - SS White - Fator Dental\" \/>\n<meta property=\"og:description\" content=\"Embalagem com 28g. DETALHES &#8211; Composi\u00e7\u00e3o: \u00c1cido fosf\u00f3rico, hidr\u00f3xido de alum\u00ednio, \u00f3xido de zinco e \u00e1gua destilada. &#8211; Necess\u00e1rio comprar o l\u00edquido, que \u00e9 vendido separadamente. Dispon\u00edvel aqui. &#8211; Registro [&hellip;]\" \/>\n<meta property=\"og:url\" content=\"https:\/\/fatordental.com.br\/index.php\/produto\/cimento-de-zinco-po-ss-white\/\" \/>\n<meta property=\"og:site_name\" content=\"Fator Dental\" \/>\n<meta property=\"article:modified_time\" content=\"2023-02-20T17:12:16+00:00\" \/>\n<meta property=\"og:image\" content=\"https:\/\/fatordental.com.br\/wp-content\/uploads\/2023\/02\/cimento-de-zinco-po-sswhite-219371.jpg\" \/>\n\t<meta property=\"og:image:width\" content=\"900\" \/>\n\t<meta property=\"og:image:height\" content=\"900\" \/>\n\t<meta property=\"og:image:type\" content=\"image\/jpeg\" \/>\n<meta name=\"twitter:card\" content=\"summary_large_image\" \/>\n<meta name=\"twitter:label1\" content=\"Est. tempo de leitura\" \/>\n\t<meta name=\"twitter:data1\" content=\"3 minutos\" \/>\n<script type=\"application\/ld+json\" class=\"yoast-schema-graph\">{\"@context\":\"https:\/\/schema.org\",\"@graph\":[{\"@type\":\"WebPage\",\"@id\":\"https:\/\/fatordental.com.br\/index.php\/produto\/cimento-de-zinco-po-ss-white\/\",\"url\":\"https:\/\/fatordental.com.br\/index.php\/produto\/cimento-de-zinco-po-ss-white\/\",\"name\":\"Cimento de Zinco P\u00f3 - SS White - Fator Dental\",\"isPartOf\":{\"@id\":\"https:\/\/fatordental.com.br\/#website\"},\"primaryImageOfPage\":{\"@id\":\"https:\/\/fatordental.com.br\/index.php\/produto\/cimento-de-zinco-po-ss-white\/#primaryimage\"},\"image\":{\"@id\":\"https:\/\/fatordental.com.br\/index.php\/produto\/cimento-de-zinco-po-ss-white\/#primaryimage\"},\"thumbnailUrl\":\"https:\/\/fatordental.com.br\/wp-content\/uploads\/2023\/02\/cimento-de-zinco-po-sswhite-219371.jpg\",\"datePublished\":\"2023-02-20T17:12:15+00:00\",\"dateModified\":\"2023-02-20T17:12:16+00:00\",\"breadcrumb\":{\"@id\":\"https:\/\/fatordental.com.br\/index.php\/produto\/cimento-de-zinco-po-ss-white\/#breadcrumb\"},\"inLanguage\":\"pt-BR\",\"potentialAction\":[{\"@type\":\"ReadAction\",\"target\":[\"https:\/\/fatordental.com.br\/index.php\/produto\/cimento-de-zinco-po-ss-white\/\"]}]},{\"@type\":\"ImageObject\",\"inLanguage\":\"pt-BR\",\"@id\":\"https:\/\/fatordental.com.br\/index.php\/produto\/cimento-de-zinco-po-ss-white\/#primaryimage\",\"url\":\"https:\/\/fatordental.com.br\/wp-content\/uploads\/2023\/02\/cimento-de-zinco-po-sswhite-219371.jpg\",\"contentUrl\":\"https:\/\/fatordental.com.br\/wp-content\/uploads\/2023\/02\/cimento-de-zinco-po-sswhite-219371.jpg\",\"width\":900,\"height\":900},{\"@type\":\"BreadcrumbList\",\"@id\":\"https:\/\/fatordental.com.br\/index.php\/produto\/cimento-de-zinco-po-ss-white\/#breadcrumb\",\"itemListElement\":[{\"@type\":\"ListItem\",\"position\":1,\"name\":\"In\u00edcio\",\"item\":\"https:\/\/fatordental.com.br\/\"},{\"@type\":\"ListItem\",\"position\":2,\"name\":\"Produtos\",\"item\":\"https:\/\/fatordental.com.br\/index.php\/produtos\/\"},{\"@type\":\"ListItem\",\"position\":3,\"name\":\"Cimento de Zinco P\u00f3 &#8211; SS White\"}]},{\"@type\":\"WebSite\",\"@id\":\"https:\/\/fatordental.com.br\/#website\",\"url\":\"https:\/\/fatordental.com.br\/\",\"name\":\"Fator Dental\",\"description\":\"Produtos Ondontol\u00f3gicos\",\"publisher\":{\"@id\":\"https:\/\/fatordental.com.br\/#organization\"},\"potentialAction\":[{\"@type\":\"SearchAction\",\"target\":{\"@type\":\"EntryPoint\",\"urlTemplate\":\"https:\/\/fatordental.com.br\/?s={search_term_string}\"},\"query-input\":{\"@type\":\"PropertyValueSpecification\",\"valueRequired\":true,\"valueName\":\"search_term_string\"}}],\"inLanguage\":\"pt-BR\"},{\"@type\":\"Organization\",\"@id\":\"https:\/\/fatordental.com.br\/#organization\",\"name\":\"Fator Dental\",\"url\":\"https:\/\/fatordental.com.br\/\",\"logo\":{\"@type\":\"ImageObject\",\"inLanguage\":\"pt-BR\",\"@id\":\"https:\/\/fatordental.com.br\/#\/schema\/logo\/image\/\",\"url\":\"https:\/\/fatordental.com.br\/wp-content\/uploads\/2023\/02\/logo_fator.png\",\"contentUrl\":\"https:\/\/fatordental.com.br\/wp-content\/uploads\/2023\/02\/logo_fator.png\",\"width\":400,\"height\":256,\"caption\":\"Fator Dental\"},\"image\":{\"@id\":\"https:\/\/fatordental.com.br\/#\/schema\/logo\/image\/\"},\"sameAs\":[\"https:\/\/www.instagram.com\/fatordental\/\"]}]}<\/script>\n<!-- \/ Yoast SEO plugin. -->","yoast_head_json":{"title":"Cimento de Zinco P\u00f3 - SS White - Fator Dental","robots":{"index":"index","follow":"follow","max-snippet":"max-snippet:-1","max-image-preview":"max-image-preview:large","max-video-preview":"max-video-preview:-1"},"canonical":"https:\/\/fatordental.com.br\/index.php\/produto\/cimento-de-zinco-po-ss-white\/","og_locale":"pt_BR","og_type":"article","og_title":"Cimento de Zinco P\u00f3 - SS White - Fator Dental","og_description":"Embalagem com 28g. DETALHES &#8211; Composi\u00e7\u00e3o: \u00c1cido fosf\u00f3rico, hidr\u00f3xido de alum\u00ednio, \u00f3xido de zinco e \u00e1gua destilada. &#8211; Necess\u00e1rio comprar o l\u00edquido, que \u00e9 vendido separadamente. Dispon\u00edvel aqui. &#8211; Registro [&hellip;]","og_url":"https:\/\/fatordental.com.br\/index.php\/produto\/cimento-de-zinco-po-ss-white\/","og_site_name":"Fator Dental","article_modified_time":"2023-02-20T17:12:16+00:00","og_image":[{"width":900,"height":900,"url":"https:\/\/fatordental.com.br\/wp-content\/uploads\/2023\/02\/cimento-de-zinco-po-sswhite-219371.jpg","type":"image\/jpeg"}],"twitter_card":"summary_large_image","twitter_misc":{"Est. tempo de leitura":"3 minutos"},"schema":{"@context":"https:\/\/schema.org","@graph":[{"@type":"WebPage","@id":"https:\/\/fatordental.com.br\/index.php\/produto\/cimento-de-zinco-po-ss-white\/","url":"https:\/\/fatordental.com.br\/index.php\/produto\/cimento-de-zinco-po-ss-white\/","name":"Cimento de Zinco P\u00f3 - SS White - Fator Dental","isPartOf":{"@id":"https:\/\/fatordental.com.br\/#website"},"primaryImageOfPage":{"@id":"https:\/\/fatordental.com.br\/index.php\/produto\/cimento-de-zinco-po-ss-white\/#primaryimage"},"image":{"@id":"https:\/\/fatordental.com.br\/index.php\/produto\/cimento-de-zinco-po-ss-white\/#primaryimage"},"thumbnailUrl":"https:\/\/fatordental.com.br\/wp-content\/uploads\/2023\/02\/cimento-de-zinco-po-sswhite-219371.jpg","datePublished":"2023-02-20T17:12:15+00:00","dateModified":"2023-02-20T17:12:16+00:00","breadcrumb":{"@id":"https:\/\/fatordental.com.br\/index.php\/produto\/cimento-de-zinco-po-ss-white\/#breadcrumb"},"inLanguage":"pt-BR","potentialAction":[{"@type":"ReadAction","target":["https:\/\/fatordental.com.br\/index.php\/produto\/cimento-de-zinco-po-ss-white\/"]}]},{"@type":"ImageObject","inLanguage":"pt-BR","@id":"https:\/\/fatordental.com.br\/index.php\/produto\/cimento-de-zinco-po-ss-white\/#primaryimage","url":"https:\/\/fatordental.com.br\/wp-content\/uploads\/2023\/02\/cimento-de-zinco-po-sswhite-219371.jpg","contentUrl":"https:\/\/fatordental.com.br\/wp-content\/uploads\/2023\/02\/cimento-de-zinco-po-sswhite-219371.jpg","width":900,"height":900},{"@type":"BreadcrumbList","@id":"https:\/\/fatordental.com.br\/index.php\/produto\/cimento-de-zinco-po-ss-white\/#breadcrumb","itemListElement":[{"@type":"ListItem","position":1,"name":"In\u00edcio","item":"https:\/\/fatordental.com.br\/"},{"@type":"ListItem","position":2,"name":"Produtos","item":"https:\/\/fatordental.com.br\/index.php\/produtos\/"},{"@type":"ListItem","position":3,"name":"Cimento de Zinco P\u00f3 &#8211; SS White"}]},{"@type":"WebSite","@id":"https:\/\/fatordental.com.br\/#website","url":"https:\/\/fatordental.com.br\/","name":"Fator Dental","description":"Produtos Ondontol\u00f3gicos","publisher":{"@id":"https:\/\/fatordental.com.br\/#organization"},"potentialAction":[{"@type":"SearchAction","target":{"@type":"EntryPoint","urlTemplate":"https:\/\/fatordental.com.br\/?s={search_term_string}"},"query-input":{"@type":"PropertyValueSpecification","valueRequired":true,"valueName":"search_term_string"}}],"inLanguage":"pt-BR"},{"@type":"Organization","@id":"https:\/\/fatordental.com.br\/#organization","name":"Fator Dental","url":"https:\/\/fatordental.com.br\/","logo":{"@type":"ImageObject","inLanguage":"pt-BR","@id":"https:\/\/fatordental.com.br\/#\/schema\/logo\/image\/","url":"https:\/\/fatordental.com.br\/wp-content\/uploads\/2023\/02\/logo_fator.png","contentUrl":"https:\/\/fatordental.com.br\/wp-content\/uploads\/2023\/02\/logo_fator.png","width":400,"height":256,"caption":"Fator Dental"},"image":{"@id":"https:\/\/fatordental.com.br\/#\/schema\/logo\/image\/"},"sameAs":["https:\/\/www.instagram.com\/fatordental\/"]}]}},"_links":{"self":[{"href":"https:\/\/fatordental.com.br\/index.php\/wp-json\/wp\/v2\/product\/1080","targetHints":{"allow":["GET"]}}],"collection":[{"href":"https:\/\/fatordental.com.br\/index.php\/wp-json\/wp\/v2\/product"}],"about":[{"href":"https:\/\/fatordental.com.br\/index.php\/wp-json\/wp\/v2\/types\/product"}],"wp:featuredmedia":[{"embeddable":true,"href":"https:\/\/fatordental.com.br\/index.php\/wp-json\/wp\/v2\/media\/1081"}],"wp:attachment":[{"href":"https:\/\/fatordental.com.br\/index.php\/wp-json\/wp\/v2\/media?parent=1080"}],"wp:term":[{"taxonomy":"product_brand","embeddable":true,"href":"https:\/\/fatordental.com.br\/index.php\/wp-json\/wp\/v2\/product_brand?post=1080"},{"taxonomy":"product_cat","embeddable":true,"href":"https:\/\/fatordental.com.br\/index.php\/wp-json\/wp\/v2\/product_cat?post=1080"},{"taxonomy":"product_tag","embeddable":true,"href":"https:\/\/fatordental.com.br\/index.php\/wp-json\/wp\/v2\/product_tag?post=1080"}],"curies":[{"name":"wp","href":"https:\/\/api.w.org\/{rel}","templated":true}]}}