{"id":1059,"date":"2023-02-20T13:16:59","date_gmt":"2023-02-20T16:16:59","guid":{"rendered":"https:\/\/fatordental.com.br\/?post_type=product&#038;p=1059"},"modified":"2023-04-01T14:33:48","modified_gmt":"2023-04-01T17:33:48","slug":"silicone-de-condensacao-zetaplus-intro-kit-zhermack","status":"publish","type":"product","link":"https:\/\/fatordental.com.br\/index.php\/produto\/silicone-de-condensacao-zetaplus-intro-kit-zhermack\/","title":{"rendered":"Silicone de Condensa\u00e7\u00e3o Zetaplus Intro Kit &#8211; Zhermack"},"content":{"rendered":"<p class=\"value\"><strong>Kit com 1 Silicone de Condensa\u00e7\u00e3o Zetaplus de 900ml + 1 Silicone de Condensa\u00e7\u00e3o Oranwash L Fluido de 140ml + 1 Silicone de Condensa\u00e7\u00e3o com Catalisador Indurent Gel de 60 ml + 1 Bloco de Espatula\u00e7\u00e3o.<\/strong><\/p>\n<p>&nbsp;<\/p>\n<ul>\n<li><strong>DETALHES<\/strong><\/li>\n<\/ul>\n<p><strong>Silicone de Condensa\u00e7\u00e3o Zetaplus<\/strong><\/p>\n<p>* Resist\u00eancia ao rasgo: reduz o risco de rasgo da impress\u00e3o quando \u00e9 removido da boca do paciente.<br \/>\n* Alta dureza final: contribui para a obten\u00e7\u00e3o de um modelo preciso, uma vez que o gesso foi fundido.<br \/>\n* Biocompatibilidade permitindo moldagem na presen\u00e7a dos fluidos orais, mesmo em mucosas danificadas.<br \/>\n* Tempo de trabalho:\u00a0 1 minuto e 15 segundos, considerando temperatura a 23\u00baC.<br \/>\n* Tempo na boca do paciente: 3 minutos e 30 segundos.<\/p>\n<p>&nbsp;<\/p>\n<p><strong>Silicone de Condensa\u00e7\u00e3o Oranwash L Fluido<\/strong><\/p>\n<p>* Leve, fluido e hidr\u00f3filo, ideal para a t\u00e9cnica de dupla moldagem.<br \/>\n* Biocompatibilidade permitindo moldagem na presen\u00e7a dos fluidos orais, mesmo em mucosas danificadas.<br \/>\n* Resist\u00eancia ao rasgo: reduz o risco de rasgo da impress\u00e3o quando \u00e9 removido da boca do paciente.<br \/>\n* Alta dureza final: contribui para a obten\u00e7\u00e3o de um modelo preciso, uma vez que o gesso foi fundido.<br \/>\n* Tempo de trabalho:\u00a0 1 minuto e 30 segundos, considerando temperatura a 23\u00baC.<br \/>\n* Tempo na boca do paciente: 3 minutos e 30 segundos.<br \/>\n* Aroma e cor laranja.<br \/>\n* Contraste na cor da massa densa com o fluido.<br \/>\n* Inalterabilidade ap\u00f3s a desinfec\u00e7\u00e3o.<br \/>\n* 72 horas de estabilidade dimensional.<br \/>\n* Sem gl\u00faten e sem lactose, garantindo a seguran\u00e7a e satisfa\u00e7\u00e3o dos pacientes intolerantes.<br \/>\n* Registro ANVISA: 10258190009.<\/p>\n<p>&nbsp;<\/p>\n<p><strong>Silicone de Condensa\u00e7\u00e3o com Catalisador Indurent Gel<\/strong><\/p>\n<p>* Gel de cor vermelha para visualizar a mistura homog\u00eanea.<br \/>\n* Absoluta versatilidade de utiliza\u00e7\u00e3o.<br \/>\n* Facilmente dos\u00e1vel.<\/p>\n<ul>\n<li><strong>APLICA\u00c7\u00c3O<\/strong><\/li>\n<\/ul>\n<p>O\u00a0<strong>Kit Silicone de Condensa\u00e7\u00e3o Intro\u00a0<\/strong>da\u00a0<strong>Zhermack\u00a0<\/strong>re\u00fane uma gama de silicones de condensa\u00e7\u00e3o, que respondem com versatilidade as diversas necessidades da pr\u00e1tica cl\u00ednica. Todas as etapas de fabrica\u00e7\u00e3o do kit contam com controles rigorosos na escolha dos materiais e processos de produ\u00e7\u00e3o, que permitem oferecer qualidade constante e alta atua\u00e7\u00e3o aos profissionais de Odontologia e Pr\u00f3tese Cl\u00ednica.<\/p>\n<p>O\u00a0<strong>Silicone de Condensa\u00e7\u00e3o Zetaplus\u00a0<\/strong>e o\u00a0<strong>Silicone de Condensa\u00e7\u00e3o Oranwash L Fluido\u00a0<\/strong>s\u00e3o indicados para a impress\u00e3o odontol\u00f3gica na fabrica\u00e7\u00e3o de moldes e pr\u00f3teses fixas, remov\u00edveis ou provis\u00f3rias.<\/p>\n<p>J\u00e1 o\u00a0<strong>Silicone de Condensa\u00e7\u00e3o com Catalisador Indurent Gel\u00a0<\/strong>foi desenvolvido para atender \u00e0s exig\u00eancias de praticidade, indicado para utiliza\u00e7\u00e3o em conjunto com todos os silicones de condensa\u00e7\u00e3o\u00a0<strong>Zhermack.<\/strong><\/p>\n<p>O contraste crom\u00e1tico entre os Silicones e o Catalisador auxilia na detec\u00e7\u00e3o da homogeneiza\u00e7\u00e3o. O risco ao erro se torna limitado, resultando em economia de tempo e material.<\/p>\n","protected":false},"excerpt":{"rendered":"<p>Kit com 1 Silicone de Condensa\u00e7\u00e3o Zetaplus de 900ml + 1 Silicone de Condensa\u00e7\u00e3o Oranwash L Fluido de 140ml + 1 Silicone de Condensa\u00e7\u00e3o com Catalisador Indurent Gel de 60 [&hellip;]<\/p>\n","protected":false},"featured_media":1209,"template":"","meta":[],"product_brand":[],"product_cat":[31,98],"product_tag":[],"class_list":{"0":"post-1059","1":"product","2":"type-product","3":"status-publish","4":"has-post-thumbnail","6":"product_cat-moldagem-e-modelo","7":"product_cat-silicone-de-condensacao","9":"first","10":"instock","11":"shipping-taxable","12":"product-type-simple"},"yoast_head":"<!-- This site is optimized with the Yoast SEO plugin v27.6 - https:\/\/yoast.com\/product\/yoast-seo-wordpress\/ -->\n<title>Silicone de Condensa\u00e7\u00e3o Zetaplus Intro Kit - Zhermack - Fator Dental<\/title>\n<meta name=\"robots\" content=\"index, follow, max-snippet:-1, max-image-preview:large, max-video-preview:-1\" \/>\n<link rel=\"canonical\" href=\"https:\/\/fatordental.com.br\/index.php\/produto\/silicone-de-condensacao-zetaplus-intro-kit-zhermack\/\" \/>\n<meta property=\"og:locale\" content=\"pt_BR\" \/>\n<meta property=\"og:type\" content=\"article\" \/>\n<meta property=\"og:title\" content=\"Silicone de Condensa\u00e7\u00e3o Zetaplus Intro Kit - Zhermack - Fator Dental\" \/>\n<meta property=\"og:description\" content=\"Kit com 1 Silicone de Condensa\u00e7\u00e3o Zetaplus de 900ml + 1 Silicone de Condensa\u00e7\u00e3o Oranwash L Fluido de 140ml + 1 Silicone de Condensa\u00e7\u00e3o com Catalisador Indurent Gel de 60 [&hellip;]\" \/>\n<meta property=\"og:url\" content=\"https:\/\/fatordental.com.br\/index.php\/produto\/silicone-de-condensacao-zetaplus-intro-kit-zhermack\/\" \/>\n<meta property=\"og:site_name\" content=\"Fator Dental\" \/>\n<meta property=\"article:modified_time\" content=\"2023-04-01T17:33:48+00:00\" \/>\n<meta property=\"og:image\" content=\"https:\/\/fatordental.com.br\/wp-content\/uploads\/2023\/02\/kit-silicone-de-condesacao-intro-zetaplus-oranwash-l-indurent-zhermack-dc.jpg\" \/>\n\t<meta property=\"og:image:width\" content=\"800\" \/>\n\t<meta property=\"og:image:height\" content=\"800\" \/>\n\t<meta property=\"og:image:type\" content=\"image\/jpeg\" \/>\n<meta name=\"twitter:card\" content=\"summary_large_image\" \/>\n<meta name=\"twitter:label1\" content=\"Est. tempo de leitura\" \/>\n\t<meta name=\"twitter:data1\" content=\"3 minutos\" \/>\n<script type=\"application\/ld+json\" class=\"yoast-schema-graph\">{\"@context\":\"https:\\\/\\\/schema.org\",\"@graph\":[{\"@type\":\"WebPage\",\"@id\":\"https:\\\/\\\/fatordental.com.br\\\/index.php\\\/produto\\\/silicone-de-condensacao-zetaplus-intro-kit-zhermack\\\/\",\"url\":\"https:\\\/\\\/fatordental.com.br\\\/index.php\\\/produto\\\/silicone-de-condensacao-zetaplus-intro-kit-zhermack\\\/\",\"name\":\"Silicone de Condensa\u00e7\u00e3o Zetaplus Intro Kit - Zhermack - Fator Dental\",\"isPartOf\":{\"@id\":\"https:\\\/\\\/fatordental.com.br\\\/#website\"},\"primaryImageOfPage\":{\"@id\":\"https:\\\/\\\/fatordental.com.br\\\/index.php\\\/produto\\\/silicone-de-condensacao-zetaplus-intro-kit-zhermack\\\/#primaryimage\"},\"image\":{\"@id\":\"https:\\\/\\\/fatordental.com.br\\\/index.php\\\/produto\\\/silicone-de-condensacao-zetaplus-intro-kit-zhermack\\\/#primaryimage\"},\"thumbnailUrl\":\"https:\\\/\\\/fatordental.com.br\\\/wp-content\\\/uploads\\\/2023\\\/02\\\/kit-silicone-de-condesacao-intro-zetaplus-oranwash-l-indurent-zhermack-dc.jpg\",\"datePublished\":\"2023-02-20T16:16:59+00:00\",\"dateModified\":\"2023-04-01T17:33:48+00:00\",\"breadcrumb\":{\"@id\":\"https:\\\/\\\/fatordental.com.br\\\/index.php\\\/produto\\\/silicone-de-condensacao-zetaplus-intro-kit-zhermack\\\/#breadcrumb\"},\"inLanguage\":\"pt-BR\",\"potentialAction\":[{\"@type\":\"ReadAction\",\"target\":[\"https:\\\/\\\/fatordental.com.br\\\/index.php\\\/produto\\\/silicone-de-condensacao-zetaplus-intro-kit-zhermack\\\/\"]}]},{\"@type\":\"ImageObject\",\"inLanguage\":\"pt-BR\",\"@id\":\"https:\\\/\\\/fatordental.com.br\\\/index.php\\\/produto\\\/silicone-de-condensacao-zetaplus-intro-kit-zhermack\\\/#primaryimage\",\"url\":\"https:\\\/\\\/fatordental.com.br\\\/wp-content\\\/uploads\\\/2023\\\/02\\\/kit-silicone-de-condesacao-intro-zetaplus-oranwash-l-indurent-zhermack-dc.jpg\",\"contentUrl\":\"https:\\\/\\\/fatordental.com.br\\\/wp-content\\\/uploads\\\/2023\\\/02\\\/kit-silicone-de-condesacao-intro-zetaplus-oranwash-l-indurent-zhermack-dc.jpg\",\"width\":800,\"height\":800},{\"@type\":\"BreadcrumbList\",\"@id\":\"https:\\\/\\\/fatordental.com.br\\\/index.php\\\/produto\\\/silicone-de-condensacao-zetaplus-intro-kit-zhermack\\\/#breadcrumb\",\"itemListElement\":[{\"@type\":\"ListItem\",\"position\":1,\"name\":\"In\u00edcio\",\"item\":\"https:\\\/\\\/fatordental.com.br\\\/\"},{\"@type\":\"ListItem\",\"position\":2,\"name\":\"Produtos\",\"item\":\"https:\\\/\\\/fatordental.com.br\\\/index.php\\\/produtos\\\/\"},{\"@type\":\"ListItem\",\"position\":3,\"name\":\"Silicone de Condensa\u00e7\u00e3o Zetaplus Intro Kit &#8211; Zhermack\"}]},{\"@type\":\"WebSite\",\"@id\":\"https:\\\/\\\/fatordental.com.br\\\/#website\",\"url\":\"https:\\\/\\\/fatordental.com.br\\\/\",\"name\":\"Fator Dental\",\"description\":\"Produtos Ondontol\u00f3gicos\",\"publisher\":{\"@id\":\"https:\\\/\\\/fatordental.com.br\\\/#organization\"},\"potentialAction\":[{\"@type\":\"SearchAction\",\"target\":{\"@type\":\"EntryPoint\",\"urlTemplate\":\"https:\\\/\\\/fatordental.com.br\\\/?s={search_term_string}\"},\"query-input\":{\"@type\":\"PropertyValueSpecification\",\"valueRequired\":true,\"valueName\":\"search_term_string\"}}],\"inLanguage\":\"pt-BR\"},{\"@type\":\"Organization\",\"@id\":\"https:\\\/\\\/fatordental.com.br\\\/#organization\",\"name\":\"Fator Dental\",\"url\":\"https:\\\/\\\/fatordental.com.br\\\/\",\"logo\":{\"@type\":\"ImageObject\",\"inLanguage\":\"pt-BR\",\"@id\":\"https:\\\/\\\/fatordental.com.br\\\/#\\\/schema\\\/logo\\\/image\\\/\",\"url\":\"https:\\\/\\\/fatordental.com.br\\\/wp-content\\\/uploads\\\/2023\\\/02\\\/logo_fator.png\",\"contentUrl\":\"https:\\\/\\\/fatordental.com.br\\\/wp-content\\\/uploads\\\/2023\\\/02\\\/logo_fator.png\",\"width\":400,\"height\":256,\"caption\":\"Fator Dental\"},\"image\":{\"@id\":\"https:\\\/\\\/fatordental.com.br\\\/#\\\/schema\\\/logo\\\/image\\\/\"},\"sameAs\":[\"https:\\\/\\\/www.instagram.com\\\/fatordental\\\/\"]}]}<\/script>\n<!-- \/ Yoast SEO plugin. -->","yoast_head_json":{"title":"Silicone de Condensa\u00e7\u00e3o Zetaplus Intro Kit - Zhermack - Fator Dental","robots":{"index":"index","follow":"follow","max-snippet":"max-snippet:-1","max-image-preview":"max-image-preview:large","max-video-preview":"max-video-preview:-1"},"canonical":"https:\/\/fatordental.com.br\/index.php\/produto\/silicone-de-condensacao-zetaplus-intro-kit-zhermack\/","og_locale":"pt_BR","og_type":"article","og_title":"Silicone de Condensa\u00e7\u00e3o Zetaplus Intro Kit - Zhermack - Fator Dental","og_description":"Kit com 1 Silicone de Condensa\u00e7\u00e3o Zetaplus de 900ml + 1 Silicone de Condensa\u00e7\u00e3o Oranwash L Fluido de 140ml + 1 Silicone de Condensa\u00e7\u00e3o com Catalisador Indurent Gel de 60 [&hellip;]","og_url":"https:\/\/fatordental.com.br\/index.php\/produto\/silicone-de-condensacao-zetaplus-intro-kit-zhermack\/","og_site_name":"Fator Dental","article_modified_time":"2023-04-01T17:33:48+00:00","og_image":[{"width":800,"height":800,"url":"https:\/\/fatordental.com.br\/wp-content\/uploads\/2023\/02\/kit-silicone-de-condesacao-intro-zetaplus-oranwash-l-indurent-zhermack-dc.jpg","type":"image\/jpeg"}],"twitter_card":"summary_large_image","twitter_misc":{"Est. tempo de leitura":"3 minutos"},"schema":{"@context":"https:\/\/schema.org","@graph":[{"@type":"WebPage","@id":"https:\/\/fatordental.com.br\/index.php\/produto\/silicone-de-condensacao-zetaplus-intro-kit-zhermack\/","url":"https:\/\/fatordental.com.br\/index.php\/produto\/silicone-de-condensacao-zetaplus-intro-kit-zhermack\/","name":"Silicone de Condensa\u00e7\u00e3o Zetaplus Intro Kit - Zhermack - Fator Dental","isPartOf":{"@id":"https:\/\/fatordental.com.br\/#website"},"primaryImageOfPage":{"@id":"https:\/\/fatordental.com.br\/index.php\/produto\/silicone-de-condensacao-zetaplus-intro-kit-zhermack\/#primaryimage"},"image":{"@id":"https:\/\/fatordental.com.br\/index.php\/produto\/silicone-de-condensacao-zetaplus-intro-kit-zhermack\/#primaryimage"},"thumbnailUrl":"https:\/\/fatordental.com.br\/wp-content\/uploads\/2023\/02\/kit-silicone-de-condesacao-intro-zetaplus-oranwash-l-indurent-zhermack-dc.jpg","datePublished":"2023-02-20T16:16:59+00:00","dateModified":"2023-04-01T17:33:48+00:00","breadcrumb":{"@id":"https:\/\/fatordental.com.br\/index.php\/produto\/silicone-de-condensacao-zetaplus-intro-kit-zhermack\/#breadcrumb"},"inLanguage":"pt-BR","potentialAction":[{"@type":"ReadAction","target":["https:\/\/fatordental.com.br\/index.php\/produto\/silicone-de-condensacao-zetaplus-intro-kit-zhermack\/"]}]},{"@type":"ImageObject","inLanguage":"pt-BR","@id":"https:\/\/fatordental.com.br\/index.php\/produto\/silicone-de-condensacao-zetaplus-intro-kit-zhermack\/#primaryimage","url":"https:\/\/fatordental.com.br\/wp-content\/uploads\/2023\/02\/kit-silicone-de-condesacao-intro-zetaplus-oranwash-l-indurent-zhermack-dc.jpg","contentUrl":"https:\/\/fatordental.com.br\/wp-content\/uploads\/2023\/02\/kit-silicone-de-condesacao-intro-zetaplus-oranwash-l-indurent-zhermack-dc.jpg","width":800,"height":800},{"@type":"BreadcrumbList","@id":"https:\/\/fatordental.com.br\/index.php\/produto\/silicone-de-condensacao-zetaplus-intro-kit-zhermack\/#breadcrumb","itemListElement":[{"@type":"ListItem","position":1,"name":"In\u00edcio","item":"https:\/\/fatordental.com.br\/"},{"@type":"ListItem","position":2,"name":"Produtos","item":"https:\/\/fatordental.com.br\/index.php\/produtos\/"},{"@type":"ListItem","position":3,"name":"Silicone de Condensa\u00e7\u00e3o Zetaplus Intro Kit &#8211; Zhermack"}]},{"@type":"WebSite","@id":"https:\/\/fatordental.com.br\/#website","url":"https:\/\/fatordental.com.br\/","name":"Fator Dental","description":"Produtos Ondontol\u00f3gicos","publisher":{"@id":"https:\/\/fatordental.com.br\/#organization"},"potentialAction":[{"@type":"SearchAction","target":{"@type":"EntryPoint","urlTemplate":"https:\/\/fatordental.com.br\/?s={search_term_string}"},"query-input":{"@type":"PropertyValueSpecification","valueRequired":true,"valueName":"search_term_string"}}],"inLanguage":"pt-BR"},{"@type":"Organization","@id":"https:\/\/fatordental.com.br\/#organization","name":"Fator Dental","url":"https:\/\/fatordental.com.br\/","logo":{"@type":"ImageObject","inLanguage":"pt-BR","@id":"https:\/\/fatordental.com.br\/#\/schema\/logo\/image\/","url":"https:\/\/fatordental.com.br\/wp-content\/uploads\/2023\/02\/logo_fator.png","contentUrl":"https:\/\/fatordental.com.br\/wp-content\/uploads\/2023\/02\/logo_fator.png","width":400,"height":256,"caption":"Fator Dental"},"image":{"@id":"https:\/\/fatordental.com.br\/#\/schema\/logo\/image\/"},"sameAs":["https:\/\/www.instagram.com\/fatordental\/"]}]}},"_links":{"self":[{"href":"https:\/\/fatordental.com.br\/index.php\/wp-json\/wp\/v2\/product\/1059","targetHints":{"allow":["GET"]}}],"collection":[{"href":"https:\/\/fatordental.com.br\/index.php\/wp-json\/wp\/v2\/product"}],"about":[{"href":"https:\/\/fatordental.com.br\/index.php\/wp-json\/wp\/v2\/types\/product"}],"wp:featuredmedia":[{"embeddable":true,"href":"https:\/\/fatordental.com.br\/index.php\/wp-json\/wp\/v2\/media\/1209"}],"wp:attachment":[{"href":"https:\/\/fatordental.com.br\/index.php\/wp-json\/wp\/v2\/media?parent=1059"}],"wp:term":[{"taxonomy":"product_brand","embeddable":true,"href":"https:\/\/fatordental.com.br\/index.php\/wp-json\/wp\/v2\/product_brand?post=1059"},{"taxonomy":"product_cat","embeddable":true,"href":"https:\/\/fatordental.com.br\/index.php\/wp-json\/wp\/v2\/product_cat?post=1059"},{"taxonomy":"product_tag","embeddable":true,"href":"https:\/\/fatordental.com.br\/index.php\/wp-json\/wp\/v2\/product_tag?post=1059"}],"curies":[{"name":"wp","href":"https:\/\/api.w.org\/{rel}","templated":true}]}}