{"id":1020,"date":"2023-02-20T09:56:27","date_gmt":"2023-02-20T12:56:27","guid":{"rendered":"https:\/\/fatordental.com.br\/?post_type=product&#038;p=1020"},"modified":"2023-02-20T09:56:27","modified_gmt":"2023-02-20T12:56:27","slug":"ionomero-de-vidro-restaurador-ionglass-r-a2-maquira","status":"publish","type":"product","link":"https:\/\/fatordental.com.br\/index.php\/produto\/ionomero-de-vidro-restaurador-ionglass-r-a2-maquira\/","title":{"rendered":"Ion\u00f4mero de Vidro Restaurador Ionglass R A2 &#8211; Maquira"},"content":{"rendered":"<p class=\"value\"><strong>Kit com 1 Frasco p\u00f3 A2 + 1 Frasco l\u00edquido A2 + 1 Dosador p\u00f3 + 1 Bloco de esp\u00e1tula\u00e7\u00e3o.<\/strong><\/p>\n<ul>\n<li><strong>DETALHES<\/strong><\/li>\n<\/ul>\n<p>&#8211; Autopolimeriz\u00e1vel.<br \/>\n&#8211; Indicado para todas as classes de restaura\u00e7\u00e3o (dentes dec\u00edduos);<br \/>\n&#8211; Cimenta\u00e7\u00e3o provis\u00f3ria de coroas;<br \/>\n&#8211; \u00c9 um cimento de presa r\u00e1pida;<br \/>\n&#8211; Possui grande ades\u00e3o ao esmalte e a dentina;<br \/>\n&#8211; \u00d3tima consist\u00eancia para manuseio;<\/p>\n<ul>\n<li><strong>APLICA\u00c7\u00c3O<\/strong><\/li>\n<\/ul>\n<p>Ionglass R \u00e9 um ion\u00f4mero de vidro autopolimeriz\u00e1vel altamente resistente, est\u00e9tico, com viscosidade adequada indicado para trabalhos restauradores. Apresenta excelente biocompatibilidade e baixo risco de sensibilidade p\u00f3s-operat\u00f3ria. Possui um \u00f3timo selamento marginal na cavidade e inibe a forma\u00e7\u00e3o de fendas. Pode ser usado na t\u00e9cnica de ATR (tratamento restaurador atraum\u00e1tico), em todas as classes de restaura\u00e7\u00f5es de dentes dec\u00edduos, restaura\u00e7\u00f5es provis\u00f3rias em dentes permanentes (classes I, II, III e IV), base de restaura\u00e7\u00e3o definitiva, les\u00f5es n\u00e3o cariosas e cimenta\u00e7\u00e3o provis\u00f3ria de pe\u00e7as prot\u00e9ticas. Ionglass R tem uma boa ades\u00e3o ao esmalte e \u00e0 dentina sendo desnecess\u00e1ria a cria\u00e7\u00e3o de reten\u00e7\u00f5es.<\/p>\n","protected":false},"excerpt":{"rendered":"<p>Kit com 1 Frasco p\u00f3 A2 + 1 Frasco l\u00edquido A2 + 1 Dosador p\u00f3 + 1 Bloco de esp\u00e1tula\u00e7\u00e3o. DETALHES &#8211; Autopolimeriz\u00e1vel. &#8211; Indicado para todas as classes de [&hellip;]<\/p>\n","protected":false},"featured_media":1022,"template":"","meta":[],"product_brand":[],"product_cat":[51,124],"product_tag":[],"class_list":{"0":"post-1020","1":"product","2":"type-product","3":"status-publish","4":"has-post-thumbnail","6":"product_cat-dentistica-e-estetica","7":"product_cat-ionomero-de-vidro","9":"first","10":"instock","11":"shipping-taxable","12":"product-type-simple"},"yoast_head":"<!-- This site is optimized with the Yoast SEO plugin v26.8 - https:\/\/yoast.com\/product\/yoast-seo-wordpress\/ -->\n<title>Ion\u00f4mero de Vidro Restaurador Ionglass R A2 - Maquira - Fator Dental<\/title>\n<meta name=\"robots\" content=\"index, follow, max-snippet:-1, max-image-preview:large, max-video-preview:-1\" \/>\n<link rel=\"canonical\" href=\"https:\/\/fatordental.com.br\/index.php\/produto\/ionomero-de-vidro-restaurador-ionglass-r-a2-maquira\/\" \/>\n<meta property=\"og:locale\" content=\"pt_BR\" \/>\n<meta property=\"og:type\" content=\"article\" \/>\n<meta property=\"og:title\" content=\"Ion\u00f4mero de Vidro Restaurador Ionglass R A2 - Maquira - Fator Dental\" \/>\n<meta property=\"og:description\" content=\"Kit com 1 Frasco p\u00f3 A2 + 1 Frasco l\u00edquido A2 + 1 Dosador p\u00f3 + 1 Bloco de esp\u00e1tula\u00e7\u00e3o. DETALHES &#8211; Autopolimeriz\u00e1vel. &#8211; Indicado para todas as classes de [&hellip;]\" \/>\n<meta property=\"og:url\" content=\"https:\/\/fatordental.com.br\/index.php\/produto\/ionomero-de-vidro-restaurador-ionglass-r-a2-maquira\/\" \/>\n<meta property=\"og:site_name\" content=\"Fator Dental\" \/>\n<meta property=\"og:image\" content=\"https:\/\/fatordental.com.br\/wp-content\/uploads\/2023\/02\/IONOMERO.jpeg\" \/>\n\t<meta property=\"og:image:width\" content=\"800\" \/>\n\t<meta property=\"og:image:height\" content=\"800\" \/>\n\t<meta property=\"og:image:type\" content=\"image\/jpeg\" \/>\n<meta name=\"twitter:card\" content=\"summary_large_image\" \/>\n<meta name=\"twitter:label1\" content=\"Est. tempo de leitura\" \/>\n\t<meta name=\"twitter:data1\" content=\"1 minuto\" \/>\n<script type=\"application\/ld+json\" class=\"yoast-schema-graph\">{\"@context\":\"https:\/\/schema.org\",\"@graph\":[{\"@type\":\"WebPage\",\"@id\":\"https:\/\/fatordental.com.br\/index.php\/produto\/ionomero-de-vidro-restaurador-ionglass-r-a2-maquira\/\",\"url\":\"https:\/\/fatordental.com.br\/index.php\/produto\/ionomero-de-vidro-restaurador-ionglass-r-a2-maquira\/\",\"name\":\"Ion\u00f4mero de Vidro Restaurador Ionglass R A2 - Maquira - Fator Dental\",\"isPartOf\":{\"@id\":\"https:\/\/fatordental.com.br\/#website\"},\"primaryImageOfPage\":{\"@id\":\"https:\/\/fatordental.com.br\/index.php\/produto\/ionomero-de-vidro-restaurador-ionglass-r-a2-maquira\/#primaryimage\"},\"image\":{\"@id\":\"https:\/\/fatordental.com.br\/index.php\/produto\/ionomero-de-vidro-restaurador-ionglass-r-a2-maquira\/#primaryimage\"},\"thumbnailUrl\":\"https:\/\/fatordental.com.br\/wp-content\/uploads\/2023\/02\/IONOMERO.jpeg\",\"datePublished\":\"2023-02-20T12:56:27+00:00\",\"breadcrumb\":{\"@id\":\"https:\/\/fatordental.com.br\/index.php\/produto\/ionomero-de-vidro-restaurador-ionglass-r-a2-maquira\/#breadcrumb\"},\"inLanguage\":\"pt-BR\",\"potentialAction\":[{\"@type\":\"ReadAction\",\"target\":[\"https:\/\/fatordental.com.br\/index.php\/produto\/ionomero-de-vidro-restaurador-ionglass-r-a2-maquira\/\"]}]},{\"@type\":\"ImageObject\",\"inLanguage\":\"pt-BR\",\"@id\":\"https:\/\/fatordental.com.br\/index.php\/produto\/ionomero-de-vidro-restaurador-ionglass-r-a2-maquira\/#primaryimage\",\"url\":\"https:\/\/fatordental.com.br\/wp-content\/uploads\/2023\/02\/IONOMERO.jpeg\",\"contentUrl\":\"https:\/\/fatordental.com.br\/wp-content\/uploads\/2023\/02\/IONOMERO.jpeg\",\"width\":800,\"height\":800},{\"@type\":\"BreadcrumbList\",\"@id\":\"https:\/\/fatordental.com.br\/index.php\/produto\/ionomero-de-vidro-restaurador-ionglass-r-a2-maquira\/#breadcrumb\",\"itemListElement\":[{\"@type\":\"ListItem\",\"position\":1,\"name\":\"In\u00edcio\",\"item\":\"https:\/\/fatordental.com.br\/\"},{\"@type\":\"ListItem\",\"position\":2,\"name\":\"Produtos\",\"item\":\"https:\/\/fatordental.com.br\/index.php\/produtos\/\"},{\"@type\":\"ListItem\",\"position\":3,\"name\":\"Ion\u00f4mero de Vidro Restaurador Ionglass R A2 &#8211; Maquira\"}]},{\"@type\":\"WebSite\",\"@id\":\"https:\/\/fatordental.com.br\/#website\",\"url\":\"https:\/\/fatordental.com.br\/\",\"name\":\"Fator Dental\",\"description\":\"Produtos Ondontol\u00f3gicos\",\"publisher\":{\"@id\":\"https:\/\/fatordental.com.br\/#organization\"},\"potentialAction\":[{\"@type\":\"SearchAction\",\"target\":{\"@type\":\"EntryPoint\",\"urlTemplate\":\"https:\/\/fatordental.com.br\/?s={search_term_string}\"},\"query-input\":{\"@type\":\"PropertyValueSpecification\",\"valueRequired\":true,\"valueName\":\"search_term_string\"}}],\"inLanguage\":\"pt-BR\"},{\"@type\":\"Organization\",\"@id\":\"https:\/\/fatordental.com.br\/#organization\",\"name\":\"Fator Dental\",\"url\":\"https:\/\/fatordental.com.br\/\",\"logo\":{\"@type\":\"ImageObject\",\"inLanguage\":\"pt-BR\",\"@id\":\"https:\/\/fatordental.com.br\/#\/schema\/logo\/image\/\",\"url\":\"https:\/\/fatordental.com.br\/wp-content\/uploads\/2023\/02\/logo_fator.png\",\"contentUrl\":\"https:\/\/fatordental.com.br\/wp-content\/uploads\/2023\/02\/logo_fator.png\",\"width\":400,\"height\":256,\"caption\":\"Fator Dental\"},\"image\":{\"@id\":\"https:\/\/fatordental.com.br\/#\/schema\/logo\/image\/\"},\"sameAs\":[\"https:\/\/www.instagram.com\/fatordental\/\"]}]}<\/script>\n<!-- \/ Yoast SEO plugin. -->","yoast_head_json":{"title":"Ion\u00f4mero de Vidro Restaurador Ionglass R A2 - Maquira - Fator Dental","robots":{"index":"index","follow":"follow","max-snippet":"max-snippet:-1","max-image-preview":"max-image-preview:large","max-video-preview":"max-video-preview:-1"},"canonical":"https:\/\/fatordental.com.br\/index.php\/produto\/ionomero-de-vidro-restaurador-ionglass-r-a2-maquira\/","og_locale":"pt_BR","og_type":"article","og_title":"Ion\u00f4mero de Vidro Restaurador Ionglass R A2 - Maquira - Fator Dental","og_description":"Kit com 1 Frasco p\u00f3 A2 + 1 Frasco l\u00edquido A2 + 1 Dosador p\u00f3 + 1 Bloco de esp\u00e1tula\u00e7\u00e3o. DETALHES &#8211; Autopolimeriz\u00e1vel. &#8211; Indicado para todas as classes de [&hellip;]","og_url":"https:\/\/fatordental.com.br\/index.php\/produto\/ionomero-de-vidro-restaurador-ionglass-r-a2-maquira\/","og_site_name":"Fator Dental","og_image":[{"width":800,"height":800,"url":"https:\/\/fatordental.com.br\/wp-content\/uploads\/2023\/02\/IONOMERO.jpeg","type":"image\/jpeg"}],"twitter_card":"summary_large_image","twitter_misc":{"Est. tempo de leitura":"1 minuto"},"schema":{"@context":"https:\/\/schema.org","@graph":[{"@type":"WebPage","@id":"https:\/\/fatordental.com.br\/index.php\/produto\/ionomero-de-vidro-restaurador-ionglass-r-a2-maquira\/","url":"https:\/\/fatordental.com.br\/index.php\/produto\/ionomero-de-vidro-restaurador-ionglass-r-a2-maquira\/","name":"Ion\u00f4mero de Vidro Restaurador Ionglass R A2 - Maquira - Fator Dental","isPartOf":{"@id":"https:\/\/fatordental.com.br\/#website"},"primaryImageOfPage":{"@id":"https:\/\/fatordental.com.br\/index.php\/produto\/ionomero-de-vidro-restaurador-ionglass-r-a2-maquira\/#primaryimage"},"image":{"@id":"https:\/\/fatordental.com.br\/index.php\/produto\/ionomero-de-vidro-restaurador-ionglass-r-a2-maquira\/#primaryimage"},"thumbnailUrl":"https:\/\/fatordental.com.br\/wp-content\/uploads\/2023\/02\/IONOMERO.jpeg","datePublished":"2023-02-20T12:56:27+00:00","breadcrumb":{"@id":"https:\/\/fatordental.com.br\/index.php\/produto\/ionomero-de-vidro-restaurador-ionglass-r-a2-maquira\/#breadcrumb"},"inLanguage":"pt-BR","potentialAction":[{"@type":"ReadAction","target":["https:\/\/fatordental.com.br\/index.php\/produto\/ionomero-de-vidro-restaurador-ionglass-r-a2-maquira\/"]}]},{"@type":"ImageObject","inLanguage":"pt-BR","@id":"https:\/\/fatordental.com.br\/index.php\/produto\/ionomero-de-vidro-restaurador-ionglass-r-a2-maquira\/#primaryimage","url":"https:\/\/fatordental.com.br\/wp-content\/uploads\/2023\/02\/IONOMERO.jpeg","contentUrl":"https:\/\/fatordental.com.br\/wp-content\/uploads\/2023\/02\/IONOMERO.jpeg","width":800,"height":800},{"@type":"BreadcrumbList","@id":"https:\/\/fatordental.com.br\/index.php\/produto\/ionomero-de-vidro-restaurador-ionglass-r-a2-maquira\/#breadcrumb","itemListElement":[{"@type":"ListItem","position":1,"name":"In\u00edcio","item":"https:\/\/fatordental.com.br\/"},{"@type":"ListItem","position":2,"name":"Produtos","item":"https:\/\/fatordental.com.br\/index.php\/produtos\/"},{"@type":"ListItem","position":3,"name":"Ion\u00f4mero de Vidro Restaurador Ionglass R A2 &#8211; Maquira"}]},{"@type":"WebSite","@id":"https:\/\/fatordental.com.br\/#website","url":"https:\/\/fatordental.com.br\/","name":"Fator Dental","description":"Produtos Ondontol\u00f3gicos","publisher":{"@id":"https:\/\/fatordental.com.br\/#organization"},"potentialAction":[{"@type":"SearchAction","target":{"@type":"EntryPoint","urlTemplate":"https:\/\/fatordental.com.br\/?s={search_term_string}"},"query-input":{"@type":"PropertyValueSpecification","valueRequired":true,"valueName":"search_term_string"}}],"inLanguage":"pt-BR"},{"@type":"Organization","@id":"https:\/\/fatordental.com.br\/#organization","name":"Fator Dental","url":"https:\/\/fatordental.com.br\/","logo":{"@type":"ImageObject","inLanguage":"pt-BR","@id":"https:\/\/fatordental.com.br\/#\/schema\/logo\/image\/","url":"https:\/\/fatordental.com.br\/wp-content\/uploads\/2023\/02\/logo_fator.png","contentUrl":"https:\/\/fatordental.com.br\/wp-content\/uploads\/2023\/02\/logo_fator.png","width":400,"height":256,"caption":"Fator Dental"},"image":{"@id":"https:\/\/fatordental.com.br\/#\/schema\/logo\/image\/"},"sameAs":["https:\/\/www.instagram.com\/fatordental\/"]}]}},"_links":{"self":[{"href":"https:\/\/fatordental.com.br\/index.php\/wp-json\/wp\/v2\/product\/1020","targetHints":{"allow":["GET"]}}],"collection":[{"href":"https:\/\/fatordental.com.br\/index.php\/wp-json\/wp\/v2\/product"}],"about":[{"href":"https:\/\/fatordental.com.br\/index.php\/wp-json\/wp\/v2\/types\/product"}],"wp:featuredmedia":[{"embeddable":true,"href":"https:\/\/fatordental.com.br\/index.php\/wp-json\/wp\/v2\/media\/1022"}],"wp:attachment":[{"href":"https:\/\/fatordental.com.br\/index.php\/wp-json\/wp\/v2\/media?parent=1020"}],"wp:term":[{"taxonomy":"product_brand","embeddable":true,"href":"https:\/\/fatordental.com.br\/index.php\/wp-json\/wp\/v2\/product_brand?post=1020"},{"taxonomy":"product_cat","embeddable":true,"href":"https:\/\/fatordental.com.br\/index.php\/wp-json\/wp\/v2\/product_cat?post=1020"},{"taxonomy":"product_tag","embeddable":true,"href":"https:\/\/fatordental.com.br\/index.php\/wp-json\/wp\/v2\/product_tag?post=1020"}],"curies":[{"name":"wp","href":"https:\/\/api.w.org\/{rel}","templated":true}]}}