{"id":1006,"date":"2023-02-11T19:09:54","date_gmt":"2023-02-11T22:09:54","guid":{"rendered":"https:\/\/fatordental.com.br\/?post_type=product&#038;p=1006"},"modified":"2023-02-11T19:09:55","modified_gmt":"2023-02-11T22:09:55","slug":"revelador-manual-selekt-kulzer","status":"publish","type":"product","link":"https:\/\/fatordental.com.br\/index.php\/produto\/revelador-manual-selekt-kulzer\/","title":{"rendered":"Revelador Manual Selekt+ &#8211; Kulzer"},"content":{"rendered":"<p class=\"value\"><strong>Embalagem com 500ml.<\/strong><\/p>\n<p>&nbsp;<\/p>\n<ul>\n<li><strong>DETALHES<\/strong><\/li>\n<\/ul>\n<p>&#8211; Revelador \u00e9 um agente qu\u00edmico \u00e0 base de hidroquinona.<br \/>\n&#8211; Pronto para utiliza\u00e7\u00e3o sem a necessidade de dilui\u00e7\u00e3o.<br \/>\n&#8211; O produto \u00e9 utilizado para a revela\u00e7\u00e3o da imagem na pel\u00edcula radiogr\u00e1fica.<br \/>\n&#8211; O SeleKt+\u00ae Revelador em combina\u00e7\u00e3o com o SeleKt+\u00ae Fixador possibilita a transfer\u00eancia da imagem para pel\u00edcula radiogr\u00e1fica.<br \/>\n&#8211; O tempo de Revela\u00e7\u00e3o e Fixa\u00e7\u00e3o pode variar de 1 a 5 minutos conforme temperatura ambiente.<br \/>\n&#8211; Quanto mais frio, maior o tempo em que a pel\u00edcula deve permanecer em contato com o Revelador para obten\u00e7\u00e3o da imagem.<\/p>\n<p>&nbsp;<\/p>\n<ul>\n<li><strong>APLICA\u00c7\u00c3O<\/strong><\/li>\n<\/ul>\n<p>O produto \u00e9 utilizado para a fixa\u00e7\u00e3o da imagem revelada na pel\u00edcula radiogr\u00e1fica.<\/p>\n","protected":false},"excerpt":{"rendered":"<p>Embalagem com 500ml. &nbsp; DETALHES &#8211; Revelador \u00e9 um agente qu\u00edmico \u00e0 base de hidroquinona. &#8211; Pronto para utiliza\u00e7\u00e3o sem a necessidade de dilui\u00e7\u00e3o. &#8211; O produto \u00e9 utilizado para [&hellip;]<\/p>\n","protected":false},"featured_media":1007,"template":"","meta":[],"product_brand":[],"product_cat":[123,121],"product_tag":[],"class_list":{"0":"post-1006","1":"product","2":"type-product","3":"status-publish","4":"has-post-thumbnail","6":"product_cat-acessorio-para-raio-x","7":"product_cat-radiologia","9":"first","10":"instock","11":"shipping-taxable","12":"product-type-simple"},"yoast_head":"<!-- This site is optimized with the Yoast SEO plugin v26.8 - https:\/\/yoast.com\/product\/yoast-seo-wordpress\/ -->\n<title>Revelador Manual Selekt+ - Kulzer - Fator Dental<\/title>\n<meta name=\"robots\" content=\"index, follow, max-snippet:-1, max-image-preview:large, max-video-preview:-1\" \/>\n<link rel=\"canonical\" href=\"https:\/\/fatordental.com.br\/index.php\/produto\/revelador-manual-selekt-kulzer\/\" \/>\n<meta property=\"og:locale\" content=\"pt_BR\" \/>\n<meta property=\"og:type\" content=\"article\" \/>\n<meta property=\"og:title\" content=\"Revelador Manual Selekt+ - Kulzer - Fator Dental\" \/>\n<meta property=\"og:description\" content=\"Embalagem com 500ml. &nbsp; DETALHES &#8211; Revelador \u00e9 um agente qu\u00edmico \u00e0 base de hidroquinona. &#8211; Pronto para utiliza\u00e7\u00e3o sem a necessidade de dilui\u00e7\u00e3o. &#8211; O produto \u00e9 utilizado para [&hellip;]\" \/>\n<meta property=\"og:url\" content=\"https:\/\/fatordental.com.br\/index.php\/produto\/revelador-manual-selekt-kulzer\/\" \/>\n<meta property=\"og:site_name\" content=\"Fator Dental\" \/>\n<meta property=\"article:modified_time\" content=\"2023-02-11T22:09:55+00:00\" \/>\n<meta property=\"og:image\" content=\"https:\/\/fatordental.com.br\/wp-content\/uploads\/2023\/02\/revelador-manual-selekt-500ml-kulzer-109796-dc.jpg\" \/>\n\t<meta property=\"og:image:width\" content=\"800\" \/>\n\t<meta property=\"og:image:height\" content=\"800\" \/>\n\t<meta property=\"og:image:type\" content=\"image\/jpeg\" \/>\n<meta name=\"twitter:card\" content=\"summary_large_image\" \/>\n<meta name=\"twitter:label1\" content=\"Est. tempo de leitura\" \/>\n\t<meta name=\"twitter:data1\" content=\"1 minuto\" \/>\n<script type=\"application\/ld+json\" class=\"yoast-schema-graph\">{\"@context\":\"https:\/\/schema.org\",\"@graph\":[{\"@type\":\"WebPage\",\"@id\":\"https:\/\/fatordental.com.br\/index.php\/produto\/revelador-manual-selekt-kulzer\/\",\"url\":\"https:\/\/fatordental.com.br\/index.php\/produto\/revelador-manual-selekt-kulzer\/\",\"name\":\"Revelador Manual Selekt+ - Kulzer - Fator Dental\",\"isPartOf\":{\"@id\":\"https:\/\/fatordental.com.br\/#website\"},\"primaryImageOfPage\":{\"@id\":\"https:\/\/fatordental.com.br\/index.php\/produto\/revelador-manual-selekt-kulzer\/#primaryimage\"},\"image\":{\"@id\":\"https:\/\/fatordental.com.br\/index.php\/produto\/revelador-manual-selekt-kulzer\/#primaryimage\"},\"thumbnailUrl\":\"https:\/\/fatordental.com.br\/wp-content\/uploads\/2023\/02\/revelador-manual-selekt-500ml-kulzer-109796-dc.jpg\",\"datePublished\":\"2023-02-11T22:09:54+00:00\",\"dateModified\":\"2023-02-11T22:09:55+00:00\",\"breadcrumb\":{\"@id\":\"https:\/\/fatordental.com.br\/index.php\/produto\/revelador-manual-selekt-kulzer\/#breadcrumb\"},\"inLanguage\":\"pt-BR\",\"potentialAction\":[{\"@type\":\"ReadAction\",\"target\":[\"https:\/\/fatordental.com.br\/index.php\/produto\/revelador-manual-selekt-kulzer\/\"]}]},{\"@type\":\"ImageObject\",\"inLanguage\":\"pt-BR\",\"@id\":\"https:\/\/fatordental.com.br\/index.php\/produto\/revelador-manual-selekt-kulzer\/#primaryimage\",\"url\":\"https:\/\/fatordental.com.br\/wp-content\/uploads\/2023\/02\/revelador-manual-selekt-500ml-kulzer-109796-dc.jpg\",\"contentUrl\":\"https:\/\/fatordental.com.br\/wp-content\/uploads\/2023\/02\/revelador-manual-selekt-500ml-kulzer-109796-dc.jpg\",\"width\":800,\"height\":800},{\"@type\":\"BreadcrumbList\",\"@id\":\"https:\/\/fatordental.com.br\/index.php\/produto\/revelador-manual-selekt-kulzer\/#breadcrumb\",\"itemListElement\":[{\"@type\":\"ListItem\",\"position\":1,\"name\":\"In\u00edcio\",\"item\":\"https:\/\/fatordental.com.br\/\"},{\"@type\":\"ListItem\",\"position\":2,\"name\":\"Produtos\",\"item\":\"https:\/\/fatordental.com.br\/index.php\/produtos\/\"},{\"@type\":\"ListItem\",\"position\":3,\"name\":\"Revelador Manual Selekt+ &#8211; Kulzer\"}]},{\"@type\":\"WebSite\",\"@id\":\"https:\/\/fatordental.com.br\/#website\",\"url\":\"https:\/\/fatordental.com.br\/\",\"name\":\"Fator Dental\",\"description\":\"Produtos Ondontol\u00f3gicos\",\"publisher\":{\"@id\":\"https:\/\/fatordental.com.br\/#organization\"},\"potentialAction\":[{\"@type\":\"SearchAction\",\"target\":{\"@type\":\"EntryPoint\",\"urlTemplate\":\"https:\/\/fatordental.com.br\/?s={search_term_string}\"},\"query-input\":{\"@type\":\"PropertyValueSpecification\",\"valueRequired\":true,\"valueName\":\"search_term_string\"}}],\"inLanguage\":\"pt-BR\"},{\"@type\":\"Organization\",\"@id\":\"https:\/\/fatordental.com.br\/#organization\",\"name\":\"Fator Dental\",\"url\":\"https:\/\/fatordental.com.br\/\",\"logo\":{\"@type\":\"ImageObject\",\"inLanguage\":\"pt-BR\",\"@id\":\"https:\/\/fatordental.com.br\/#\/schema\/logo\/image\/\",\"url\":\"https:\/\/fatordental.com.br\/wp-content\/uploads\/2023\/02\/logo_fator.png\",\"contentUrl\":\"https:\/\/fatordental.com.br\/wp-content\/uploads\/2023\/02\/logo_fator.png\",\"width\":400,\"height\":256,\"caption\":\"Fator Dental\"},\"image\":{\"@id\":\"https:\/\/fatordental.com.br\/#\/schema\/logo\/image\/\"},\"sameAs\":[\"https:\/\/www.instagram.com\/fatordental\/\"]}]}<\/script>\n<!-- \/ Yoast SEO plugin. -->","yoast_head_json":{"title":"Revelador Manual Selekt+ - Kulzer - Fator Dental","robots":{"index":"index","follow":"follow","max-snippet":"max-snippet:-1","max-image-preview":"max-image-preview:large","max-video-preview":"max-video-preview:-1"},"canonical":"https:\/\/fatordental.com.br\/index.php\/produto\/revelador-manual-selekt-kulzer\/","og_locale":"pt_BR","og_type":"article","og_title":"Revelador Manual Selekt+ - Kulzer - Fator Dental","og_description":"Embalagem com 500ml. &nbsp; DETALHES &#8211; Revelador \u00e9 um agente qu\u00edmico \u00e0 base de hidroquinona. &#8211; Pronto para utiliza\u00e7\u00e3o sem a necessidade de dilui\u00e7\u00e3o. &#8211; O produto \u00e9 utilizado para [&hellip;]","og_url":"https:\/\/fatordental.com.br\/index.php\/produto\/revelador-manual-selekt-kulzer\/","og_site_name":"Fator Dental","article_modified_time":"2023-02-11T22:09:55+00:00","og_image":[{"width":800,"height":800,"url":"https:\/\/fatordental.com.br\/wp-content\/uploads\/2023\/02\/revelador-manual-selekt-500ml-kulzer-109796-dc.jpg","type":"image\/jpeg"}],"twitter_card":"summary_large_image","twitter_misc":{"Est. tempo de leitura":"1 minuto"},"schema":{"@context":"https:\/\/schema.org","@graph":[{"@type":"WebPage","@id":"https:\/\/fatordental.com.br\/index.php\/produto\/revelador-manual-selekt-kulzer\/","url":"https:\/\/fatordental.com.br\/index.php\/produto\/revelador-manual-selekt-kulzer\/","name":"Revelador Manual Selekt+ - Kulzer - Fator Dental","isPartOf":{"@id":"https:\/\/fatordental.com.br\/#website"},"primaryImageOfPage":{"@id":"https:\/\/fatordental.com.br\/index.php\/produto\/revelador-manual-selekt-kulzer\/#primaryimage"},"image":{"@id":"https:\/\/fatordental.com.br\/index.php\/produto\/revelador-manual-selekt-kulzer\/#primaryimage"},"thumbnailUrl":"https:\/\/fatordental.com.br\/wp-content\/uploads\/2023\/02\/revelador-manual-selekt-500ml-kulzer-109796-dc.jpg","datePublished":"2023-02-11T22:09:54+00:00","dateModified":"2023-02-11T22:09:55+00:00","breadcrumb":{"@id":"https:\/\/fatordental.com.br\/index.php\/produto\/revelador-manual-selekt-kulzer\/#breadcrumb"},"inLanguage":"pt-BR","potentialAction":[{"@type":"ReadAction","target":["https:\/\/fatordental.com.br\/index.php\/produto\/revelador-manual-selekt-kulzer\/"]}]},{"@type":"ImageObject","inLanguage":"pt-BR","@id":"https:\/\/fatordental.com.br\/index.php\/produto\/revelador-manual-selekt-kulzer\/#primaryimage","url":"https:\/\/fatordental.com.br\/wp-content\/uploads\/2023\/02\/revelador-manual-selekt-500ml-kulzer-109796-dc.jpg","contentUrl":"https:\/\/fatordental.com.br\/wp-content\/uploads\/2023\/02\/revelador-manual-selekt-500ml-kulzer-109796-dc.jpg","width":800,"height":800},{"@type":"BreadcrumbList","@id":"https:\/\/fatordental.com.br\/index.php\/produto\/revelador-manual-selekt-kulzer\/#breadcrumb","itemListElement":[{"@type":"ListItem","position":1,"name":"In\u00edcio","item":"https:\/\/fatordental.com.br\/"},{"@type":"ListItem","position":2,"name":"Produtos","item":"https:\/\/fatordental.com.br\/index.php\/produtos\/"},{"@type":"ListItem","position":3,"name":"Revelador Manual Selekt+ &#8211; Kulzer"}]},{"@type":"WebSite","@id":"https:\/\/fatordental.com.br\/#website","url":"https:\/\/fatordental.com.br\/","name":"Fator Dental","description":"Produtos Ondontol\u00f3gicos","publisher":{"@id":"https:\/\/fatordental.com.br\/#organization"},"potentialAction":[{"@type":"SearchAction","target":{"@type":"EntryPoint","urlTemplate":"https:\/\/fatordental.com.br\/?s={search_term_string}"},"query-input":{"@type":"PropertyValueSpecification","valueRequired":true,"valueName":"search_term_string"}}],"inLanguage":"pt-BR"},{"@type":"Organization","@id":"https:\/\/fatordental.com.br\/#organization","name":"Fator Dental","url":"https:\/\/fatordental.com.br\/","logo":{"@type":"ImageObject","inLanguage":"pt-BR","@id":"https:\/\/fatordental.com.br\/#\/schema\/logo\/image\/","url":"https:\/\/fatordental.com.br\/wp-content\/uploads\/2023\/02\/logo_fator.png","contentUrl":"https:\/\/fatordental.com.br\/wp-content\/uploads\/2023\/02\/logo_fator.png","width":400,"height":256,"caption":"Fator Dental"},"image":{"@id":"https:\/\/fatordental.com.br\/#\/schema\/logo\/image\/"},"sameAs":["https:\/\/www.instagram.com\/fatordental\/"]}]}},"_links":{"self":[{"href":"https:\/\/fatordental.com.br\/index.php\/wp-json\/wp\/v2\/product\/1006","targetHints":{"allow":["GET"]}}],"collection":[{"href":"https:\/\/fatordental.com.br\/index.php\/wp-json\/wp\/v2\/product"}],"about":[{"href":"https:\/\/fatordental.com.br\/index.php\/wp-json\/wp\/v2\/types\/product"}],"wp:featuredmedia":[{"embeddable":true,"href":"https:\/\/fatordental.com.br\/index.php\/wp-json\/wp\/v2\/media\/1007"}],"wp:attachment":[{"href":"https:\/\/fatordental.com.br\/index.php\/wp-json\/wp\/v2\/media?parent=1006"}],"wp:term":[{"taxonomy":"product_brand","embeddable":true,"href":"https:\/\/fatordental.com.br\/index.php\/wp-json\/wp\/v2\/product_brand?post=1006"},{"taxonomy":"product_cat","embeddable":true,"href":"https:\/\/fatordental.com.br\/index.php\/wp-json\/wp\/v2\/product_cat?post=1006"},{"taxonomy":"product_tag","embeddable":true,"href":"https:\/\/fatordental.com.br\/index.php\/wp-json\/wp\/v2\/product_tag?post=1006"}],"curies":[{"name":"wp","href":"https:\/\/api.w.org\/{rel}","templated":true}]}}